{"id":752707,"date":"2025-08-28T05:23:00","date_gmt":"2025-08-28T02:23:00","guid":{"rendered":"https:\/\/roveyayinevi.com.tr\/index.php\/urun\/vampirin-kani\/"},"modified":"2026-04-16T03:06:01","modified_gmt":"2026-04-16T00:06:01","slug":"vampirin-kani","status":"publish","type":"product","link":"https:\/\/roveyayinevi.com.tr\/index.php\/urun\/vampirin-kani\/","title":{"rendered":"Vampirin Kan\u0131"},"content":{"rendered":"<p>\u0130nsan sand\u0131\u011f\u0131m\u0131z kan emiciler ve normal insanlar\u2026 \u0130nsanlar\u0131n fark\u0131nda olmadan kan emicilerle birlikte ya\u015fad\u0131klar\u0131n\u0131 fark etmesi \u00fczerine neler olur sizce? Kan emiciler i\u00e7in durum a\u00e7\u0131k; bunu bilen insan\u0131 \u00f6ld\u00fcrmek. Peki ya \u00f6ld\u00fcremezse? Kan emicilerin varl\u0131\u011f\u0131n\u0131 bilen insanlar ya\u015famaya devam ederse hayat nas\u0131l ilerler? Ka\u00e7\u0131r\u0131lmak, \u00f6ld\u00fcr\u00fclmeye \u00e7al\u0131\u015f\u0131lmak, \u00f6lmeyenlerle kar\u015f\u0131la\u015fmak, \u00f6lmeyen birisini arabayla ezmek\u2026 Hi\u00e7 kar\u015f\u0131la\u015fmad\u0131\u011f\u0131n\u0131z aksiyonlar\u0131 birden hayat\u0131n\u0131z\u0131n ortas\u0131nda bulursan\u0131z ne yapars\u0131n\u0131z?<\/p>\n","protected":false},"excerpt":{"rendered":"<p>\u0130nsan sand\u0131\u011f\u0131m\u0131z kan emiciler ve normal insanlar\u2026 \u0130nsanlar\u0131n fark\u0131nda olmadan kan emicilerle birlikte ya\u015fad\u0131klar\u0131n\u0131 fark etmesi \u00fczerine neler olur sizce? Kan emiciler i\u00e7in durum a\u00e7\u0131k; bunu<span class=\"excerpt-hellip\"> [\u2026]<\/span><\/p>\n","protected":false},"featured_media":0,"template":"","meta":{"_monsterinsights_skip_tracking":false,"_monsterinsights_sitenote_active":false,"_monsterinsights_sitenote_note":"","_monsterinsights_sitenote_category":0},"product_brand":[],"product_cat":[12291,14777],"product_tag":[],"class_list":{"0":"post-752707","1":"product","2":"type-product","3":"status-publish","5":"product_cat-edebiyat","6":"product_cat-fantastik","7":"pa_cilt-ciltsiz","8":"pa_tur-kitap","9":"pa_yayinevi-elpis-yayinlari","10":"pa_yazar-ulku-sahsenem-yildirim","12":"first","13":"instock","14":"sale","15":"shipping-taxable","16":"purchasable","17":"product-type-simple"},"_links":{"self":[{"href":"https:\/\/roveyayinevi.com.tr\/index.php\/wp-json\/wp\/v2\/product\/752707","targetHints":{"allow":["GET"]}}],"collection":[{"href":"https:\/\/roveyayinevi.com.tr\/index.php\/wp-json\/wp\/v2\/product"}],"about":[{"href":"https:\/\/roveyayinevi.com.tr\/index.php\/wp-json\/wp\/v2\/types\/product"}],"wp:attachment":[{"href":"https:\/\/roveyayinevi.com.tr\/index.php\/wp-json\/wp\/v2\/media?parent=752707"}],"wp:term":[{"taxonomy":"product_brand","embeddable":true,"href":"https:\/\/roveyayinevi.com.tr\/index.php\/wp-json\/wp\/v2\/product_brand?post=752707"},{"taxonomy":"product_cat","embeddable":true,"href":"https:\/\/roveyayinevi.com.tr\/index.php\/wp-json\/wp\/v2\/product_cat?post=752707"},{"taxonomy":"product_tag","embeddable":true,"href":"https:\/\/roveyayinevi.com.tr\/index.php\/wp-json\/wp\/v2\/product_tag?post=752707"}],"curies":[{"name":"wp","href":"https:\/\/api.w.org\/{rel}","templated":true}]}}