{"id":752694,"date":"2025-08-28T05:22:39","date_gmt":"2025-08-28T02:22:39","guid":{"rendered":"https:\/\/roveyayinevi.com.tr\/index.php\/urun\/imparatorun-kizi-3\/"},"modified":"2026-04-16T03:06:00","modified_gmt":"2026-04-16T00:06:00","slug":"imparatorun-kizi-3","status":"publish","type":"product","link":"https:\/\/roveyayinevi.com.tr\/index.php\/urun\/imparatorun-kizi-3\/","title":{"rendered":"\u0130mparatorun K\u0131z\u0131 3"},"content":{"rendered":"<p>\u201cPRENSES, BABANI \u00d6ZLEMED\u0130N M\u0130?\u201d \u201cBABAM MI?\u201d   CA\u0130TEL G\u0130DEL\u0130 \u0130K\u0130 AY OLDU. ZAMAN \u00c7OK HIZLI AKIYOR.   B\u0130R BAKMI\u015eSIN B\u00dcY\u00dcM\u00dc\u015e VE EVLENM\u0130\u015e\u0130M. HER ZAMAN \u00d6YLE OLMAZ MI? DERKEN B\u00dcY\u00dcKANNE OLMU\u015eUM&#8230; AH BU \u00c7OK KORKUN\u00c7!   B\u0130R G\u00dcN PERDEL VE S\u0130LV\u0130A \u0130LE TAKILIYOR, B\u0130R G\u00dcN GRAEC\u0130TO \u0130LE OYNUYORUM&#8230;   \u0130K\u0130 YA\u015eINDAK\u0130 B\u0130R PRENSES BA\u015eKA NE YAPAR K\u0130? G\u00dcNLER B\u00d6YLE GE\u00c7ERKEN B\u0130R BAKTIM K\u0130 BABAM GER\u0130 D\u00d6ND\u00dc.   BU \u015eEK\u0130LDE G\u00d6NL\u00dcM RAHAT YA\u015eIYORDUM AMA AN\u0130DEN ORTAYA \u00c7IKAN BU ADAM Y\u00dcZ\u00dcNDEN HAYATIM ALT\u00dcST OLDU.   ETRAFIMDA YAKI\u015eIKLI ADAM \u00c7OK OLMASINA RA\u011eMEN D\u00dcZG\u00dcN B\u0130R ADAMIN OLMAMASI HAYATIN BANA B\u0130R TUZA\u011eI! KES\u0130N BU SEFERK\u0130 HAYATIM DA MAHVOLDU. <\/p>\n","protected":false},"excerpt":{"rendered":"<p>\u201cPRENSES, BABANI \u00d6ZLEMED\u0130N M\u0130?\u201d \u201cBABAM MI?\u201d CA\u0130TEL G\u0130DEL\u0130 \u0130K\u0130 AY OLDU. ZAMAN \u00c7OK HIZLI AKIYOR. B\u0130R BAKMI\u015eSIN B\u00dcY\u00dcM\u00dc\u015e VE EVLENM\u0130\u015e\u0130M. HER ZAMAN \u00d6YLE OLMAZ MI? DERKEN<span class=\"excerpt-hellip\"> [\u2026]<\/span><\/p>\n","protected":false},"featured_media":0,"template":"","meta":{"_monsterinsights_skip_tracking":false,"_monsterinsights_sitenote_active":false,"_monsterinsights_sitenote_note":"","_monsterinsights_sitenote_category":0},"product_brand":[],"product_cat":[12416,12291],"product_tag":[],"class_list":{"0":"post-752694","1":"product","2":"type-product","3":"status-publish","5":"product_cat-cizgi-roman","6":"product_cat-edebiyat","7":"pa_cilt-ciltsiz","8":"pa_tur-kitap","9":"pa_yayinevi-athica-yayinlari","10":"pa_yazar-yunsul","12":"first","13":"instock","14":"sale","15":"shipping-taxable","16":"purchasable","17":"product-type-simple"},"_links":{"self":[{"href":"https:\/\/roveyayinevi.com.tr\/index.php\/wp-json\/wp\/v2\/product\/752694","targetHints":{"allow":["GET"]}}],"collection":[{"href":"https:\/\/roveyayinevi.com.tr\/index.php\/wp-json\/wp\/v2\/product"}],"about":[{"href":"https:\/\/roveyayinevi.com.tr\/index.php\/wp-json\/wp\/v2\/types\/product"}],"wp:attachment":[{"href":"https:\/\/roveyayinevi.com.tr\/index.php\/wp-json\/wp\/v2\/media?parent=752694"}],"wp:term":[{"taxonomy":"product_brand","embeddable":true,"href":"https:\/\/roveyayinevi.com.tr\/index.php\/wp-json\/wp\/v2\/product_brand?post=752694"},{"taxonomy":"product_cat","embeddable":true,"href":"https:\/\/roveyayinevi.com.tr\/index.php\/wp-json\/wp\/v2\/product_cat?post=752694"},{"taxonomy":"product_tag","embeddable":true,"href":"https:\/\/roveyayinevi.com.tr\/index.php\/wp-json\/wp\/v2\/product_tag?post=752694"}],"curies":[{"name":"wp","href":"https:\/\/api.w.org\/{rel}","templated":true}]}}