{"id":752686,"date":"2025-08-28T05:22:27","date_gmt":"2025-08-28T02:22:27","guid":{"rendered":"https:\/\/roveyayinevi.com.tr\/index.php\/urun\/keman-kumpasi\/"},"modified":"2026-04-16T03:06:00","modified_gmt":"2026-04-16T00:06:00","slug":"keman-kumpasi","status":"publish","type":"product","link":"https:\/\/roveyayinevi.com.tr\/index.php\/urun\/keman-kumpasi\/","title":{"rendered":"Keman Kumpas\u0131"},"content":{"rendered":"<p>Kuzey Carolina\u2019n\u0131n k\u0131rsal kesiminde b\u00fcy\u00fcyen Ray McMillian\u2019\u0131n ya\u015fam haritas\u0131 annesi taraf\u0131ndan \u00e7oktan \u00e7izilmi\u015ftir. Ancak Ray\u2019in bir hayali vard\u0131r: birinci s\u0131n\u0131f kemanc\u0131 olmak. Bu hayalin \u00f6n\u00fcnde hi\u00e7bir \u015fey duramaz: ne yapt\u0131\u011f\u0131 m\u00fczi\u011fe \u201cg\u00fcr\u00fclt\u00fc\u201d diyerek o\u011flunun \u201cger\u00e7ek\u201d bir i\u015f bulmas\u0131 gerekti\u011fini d\u00fc\u015f\u00fcnen annesi, ne iyi bir kemana paras\u0131 yetmemesi ne de klasik m\u00fczik d\u00fcnyas\u0131nda var olan \u0131rk\u00e7\u0131l\u0131k!   Aile yadig\u00e2r\u0131 olduk\u00e7a eski keman\u0131n\u0131n paha bi\u00e7ilemez bir Stradivarius oldu\u011funu \u00f6\u011frenen Ray, hayallerine daha bir sar\u0131larak \u00c7aykovski Yar\u0131\u015fmas\u0131\u2019na haz\u0131rlanmaktad\u0131r. Ancak bu s\u0131rada keman kutusuna be\u015f milyon dolarl\u0131k fidye notu b\u0131rak\u0131larak keman\u0131 \u00e7al\u0131nm\u0131\u015ft\u0131r.   Ray, ne olursa olsun keman\u0131n\u0131 bulmaya ve m\u00fczik d\u00fcnyas\u0131nda kendisini kan\u0131tlamaya kararl\u0131d\u0131r. <\/p>\n","protected":false},"excerpt":{"rendered":"<p>Kuzey Carolina\u2019n\u0131n k\u0131rsal kesiminde b\u00fcy\u00fcyen Ray McMillian\u2019\u0131n ya\u015fam haritas\u0131 annesi taraf\u0131ndan \u00e7oktan \u00e7izilmi\u015ftir. Ancak Ray\u2019in bir hayali vard\u0131r: birinci s\u0131n\u0131f kemanc\u0131 olmak. Bu hayalin \u00f6n\u00fcnde hi\u00e7bir<span class=\"excerpt-hellip\"> [\u2026]<\/span><\/p>\n","protected":false},"featured_media":0,"template":"","meta":{"_monsterinsights_skip_tracking":false,"_monsterinsights_sitenote_active":false,"_monsterinsights_sitenote_note":"","_monsterinsights_sitenote_category":0},"product_brand":[],"product_cat":[12291,12711],"product_tag":[],"class_list":{"0":"post-752686","1":"product","2":"type-product","3":"status-publish","5":"product_cat-edebiyat","6":"product_cat-roman-oyku","7":"pa_cilt-ciltsiz","8":"pa_tur-kitap","9":"pa_yayinevi-sms-yayinlari","10":"pa_yazar-brendan-nicholaus-slocumb","12":"first","13":"instock","14":"sale","15":"shipping-taxable","16":"purchasable","17":"product-type-simple"},"_links":{"self":[{"href":"https:\/\/roveyayinevi.com.tr\/index.php\/wp-json\/wp\/v2\/product\/752686","targetHints":{"allow":["GET"]}}],"collection":[{"href":"https:\/\/roveyayinevi.com.tr\/index.php\/wp-json\/wp\/v2\/product"}],"about":[{"href":"https:\/\/roveyayinevi.com.tr\/index.php\/wp-json\/wp\/v2\/types\/product"}],"wp:attachment":[{"href":"https:\/\/roveyayinevi.com.tr\/index.php\/wp-json\/wp\/v2\/media?parent=752686"}],"wp:term":[{"taxonomy":"product_brand","embeddable":true,"href":"https:\/\/roveyayinevi.com.tr\/index.php\/wp-json\/wp\/v2\/product_brand?post=752686"},{"taxonomy":"product_cat","embeddable":true,"href":"https:\/\/roveyayinevi.com.tr\/index.php\/wp-json\/wp\/v2\/product_cat?post=752686"},{"taxonomy":"product_tag","embeddable":true,"href":"https:\/\/roveyayinevi.com.tr\/index.php\/wp-json\/wp\/v2\/product_tag?post=752686"}],"curies":[{"name":"wp","href":"https:\/\/api.w.org\/{rel}","templated":true}]}}