{"id":752661,"date":"2025-08-28T05:21:50","date_gmt":"2025-08-28T02:21:50","guid":{"rendered":"https:\/\/roveyayinevi.com.tr\/index.php\/urun\/konya-karahoyuk-1953-1992-yili-kazilari-ciltli\/"},"modified":"2026-04-16T03:06:00","modified_gmt":"2026-04-16T00:06:00","slug":"konya-karahoyuk-1953-1992-yili-kazilari-ciltli","status":"publish","type":"product","link":"https:\/\/roveyayinevi.com.tr\/index.php\/urun\/konya-karahoyuk-1953-1992-yili-kazilari-ciltli\/","title":{"rendered":"Konya Karah\u00f6y\u00fck, 1953-1992 Y\u0131l\u0131 Kaz\u0131lar\u0131 (Ciltli)"},"content":{"rendered":"<p>Sevgi G\u00dcRDAL taraf\u0131ndan haz\u0131rlanan Konya Karah\u00f6y\u00fck, 1953-1992 Y\u0131l\u0131 Kaz\u0131lar\u0131 Ve Asur Ticaret Kolonileri \u00c7a\u011f\u0131 \u00c7anak \u00c7\u00f6mle\u011fi isimli kitap d\u00f6rt ana b\u00f6l\u00fcmden olu\u015fmaktad\u0131r. 1. Asur Ticaret Kolonileri \u00c7a\u011f\u0131 ve Konya Karah\u00f6y\u00fck, 2. Asur Ticaret Kolonileri \u00c7a\u011f\u0131\u2019nda Konya Karah\u00f6y\u00fck \u00c7anak \u00c7\u00f6mle\u011fi Teknik \u00d6zellikleri, 3. Asur Ticaret Kolonileri \u00c7a\u011f\u0131\u2019nda Konya Karah\u00f6y\u00fck \u00c7anak \u00c7\u00f6mle\u011fi Formlar\u0131, 4. Sonu\u00e7 b\u00f6l\u00fcm\u00fcd\u00fcr. Yazar\u0131n \u201cKonya Karah\u00f6y\u00fck Asur Ticaret Kolonileri \u00c7a\u011f\u0131 \u00c7anak \u00c7\u00f6mle\u011fi! isimli doktora tezinden olu\u015fturulmu\u015ftur. 1. b\u00f6l\u00fcmde Asur Ticaret Kolonileri \u00c7a\u011f\u0131 Kronolojisi, Anadolu\u2019da Tarihsel S\u00fcre\u00e7, Anadolu\u2019da bulunan bu d\u00f6nemi temsil eden merkezler; bu d\u00f6nemde Konya Ovas\u0131, Konya Karah\u00f6y\u00fck, Karah\u00f6y\u00fck\u2019te yap\u0131lan kaz\u0131lar, Karah\u00f6y\u00fck\u2019\u00fcn Mimarisi ve Karah\u00f6y\u00fck\u2019\u00fcn Asur Ticaret Kolonileri \u00c7a\u011f\u0131 Kronolojisi anlat\u0131lmaktad\u0131r. 2. b\u00f6l\u00fcmde Karah\u00f6y\u00fck \u00e7anak \u00e7\u00f6mleklerinin teknik \u00f6zellikleri; 3. b\u00f6l\u00fcmde ise \u00e7anak \u00e7\u00f6mleklerin bi\u00e7im \u00f6zellikleri incelenmi\u015ftir. \u00c7anak \u00e7\u00f6mle\u011fin teknik \u00f6zellikleri, bu d\u00f6nemi karakterize eden \u00e7anak \u00e7\u00f6mlek hamurunun haz\u0131rlan\u0131\u015f\u0131, katk\u0131lar\u0131, pi\u015firilmesi, y\u00fczey i\u015flemleri ve bezemeleri incelenerek alt ba\u015fl\u0131klar halinde tan\u0131mlanm\u0131\u015ft\u0131r. \u00c7anak \u00e7\u00f6mle\u011fin form \u00f6zelliklerinin ele al\u0131nd\u0131\u011f\u0131 ba\u015fl\u0131kta ise kaplar bi\u00e7imlerine g\u00f6re gruplanm\u0131\u015f, bu gruplama d\u00e2hilinde tan\u0131mlanm\u0131\u015ft\u0131r. Tan\u0131mlamalar\u0131 yap\u0131lan \u00e7anak \u00e7\u00f6mlek ayr\u0131ca bu b\u00f6l\u00fcmde \u00e7a\u011fda\u015f merkezlerle kar\u015f\u0131la\u015ft\u0131r\u0131lm\u0131\u015ft\u0131r. Ayr\u0131ca 3. b\u00f6l\u00fcmde \u00e7anak \u00e7\u00f6mlekler formlara ve tabakalara g\u00f6re genel olarak de\u011ferlendirilmi\u015ftir. 4. b\u00f6l\u00fcm ise Sonu\u00e7 b\u00f6l\u00fcm\u00fcn\u00fc olu\u015fturmaktad\u0131r ve yap\u0131lan \u00e7al\u0131\u015fmalar neticesinde ula\u015f\u0131lan sonu\u00e7lar ortaya konulmu\u015ftur.<\/p>\n","protected":false},"excerpt":{"rendered":"<p>Sevgi G\u00dcRDAL taraf\u0131ndan haz\u0131rlanan Konya Karah\u00f6y\u00fck, 1953-1992 Y\u0131l\u0131 Kaz\u0131lar\u0131 Ve Asur Ticaret Kolonileri \u00c7a\u011f\u0131 \u00c7anak \u00c7\u00f6mle\u011fi isimli kitap d\u00f6rt ana b\u00f6l\u00fcmden olu\u015fmaktad\u0131r. 1. Asur Ticaret Kolonileri<span class=\"excerpt-hellip\"> [\u2026]<\/span><\/p>\n","protected":false},"featured_media":0,"template":"","meta":{"_monsterinsights_skip_tracking":false,"_monsterinsights_sitenote_active":false,"_monsterinsights_sitenote_note":"","_monsterinsights_sitenote_category":0},"product_brand":[],"product_cat":[52477,52478],"product_tag":[],"class_list":{"0":"post-752661","1":"product","2":"type-product","3":"status-publish","5":"product_cat-arastirma","6":"product_cat-arkeoloji","7":"pa_cilt-ciltli","8":"pa_tur-kitap","9":"pa_yayinevi-bilgin-kultur-sanat","10":"pa_yazar-sevgi-gurdal","12":"first","13":"instock","14":"sale","15":"shipping-taxable","16":"purchasable","17":"product-type-simple"},"_links":{"self":[{"href":"https:\/\/roveyayinevi.com.tr\/index.php\/wp-json\/wp\/v2\/product\/752661","targetHints":{"allow":["GET"]}}],"collection":[{"href":"https:\/\/roveyayinevi.com.tr\/index.php\/wp-json\/wp\/v2\/product"}],"about":[{"href":"https:\/\/roveyayinevi.com.tr\/index.php\/wp-json\/wp\/v2\/types\/product"}],"wp:attachment":[{"href":"https:\/\/roveyayinevi.com.tr\/index.php\/wp-json\/wp\/v2\/media?parent=752661"}],"wp:term":[{"taxonomy":"product_brand","embeddable":true,"href":"https:\/\/roveyayinevi.com.tr\/index.php\/wp-json\/wp\/v2\/product_brand?post=752661"},{"taxonomy":"product_cat","embeddable":true,"href":"https:\/\/roveyayinevi.com.tr\/index.php\/wp-json\/wp\/v2\/product_cat?post=752661"},{"taxonomy":"product_tag","embeddable":true,"href":"https:\/\/roveyayinevi.com.tr\/index.php\/wp-json\/wp\/v2\/product_tag?post=752661"}],"curies":[{"name":"wp","href":"https:\/\/api.w.org\/{rel}","templated":true}]}}