{"id":752645,"date":"2025-08-28T05:21:28","date_gmt":"2025-08-28T02:21:28","guid":{"rendered":"https:\/\/roveyayinevi.com.tr\/index.php\/urun\/gorsel-metodoloji\/"},"modified":"2026-04-16T03:05:59","modified_gmt":"2026-04-16T00:05:59","slug":"gorsel-metodoloji","status":"publish","type":"product","link":"https:\/\/roveyayinevi.com.tr\/index.php\/urun\/gorsel-metodoloji\/","title":{"rendered":"G\u00f6rsel Metodoloji"},"content":{"rendered":"<p>Ke\u015ffetmek istedi\u011finiz, ancak ara\u015ft\u0131rman\u0131za nas\u0131l ba\u015flayaca\u011f\u0131n\u0131z\u0131 veya hangi y\u00f6ntemleri se\u00e7ece\u011finizi bilmedi\u011finiz baz\u0131 heyecan verici resimler mi buldunuz? G\u00f6rsel k\u00fclt\u00fcr\u00fcn bir y\u00f6n\u00fc hakk\u0131nda cevaplamak istedi\u011finiz bir sorunuz mu var?  Hangi d\u00fczeyde deneyime sahip olursan\u0131z olun, bu klasik metin size bir g\u00f6rsel y\u00f6ntemler ara\u015ft\u0131rma projesini tamamlamak, her ad\u0131m\u0131n arkas\u0131ndaki mant\u0131\u011f\u0131 anlamak ve g\u00f6rsel g\u00f6r\u00fcnt\u00fcleri yorumlamam\u0131z\u0131 \u015fekillendiren ba\u011flamlar ve g\u00fc\u00e7 ili\u015fkileriyle me\u015fgul olmak i\u00e7in ihtiya\u00e7 duydu\u011funuz temel becerileri sa\u011flayacakt\u0131r. Kitap ad\u0131m ad\u0131m net bir yakla\u015f\u0131mla \u015funlar\u0131 i\u00e7erir:  \u00b7         Y\u00f6ntemlerin pratikte ve farkl\u0131 g\u00f6rsel materyallerle nas\u0131l \u00e7al\u0131\u015ft\u0131\u011f\u0131n\u0131 g\u00f6stermek i\u00e7in her y\u00f6ntem b\u00f6l\u00fcm\u00fcndeki anahtar \u00f6rnekler \u00b7         Y\u00f6ntemlerin belirli b\u00f6l\u00fcmlerinde becerilerinizi uygulaman\u0131za ve y\u00f6ntemin baz\u0131 karma\u015f\u0131kl\u0131klar\u0131n\u0131 anlaman\u0131za yard\u0131mc\u0131 olan \u2018Odaklanma\u2019 ve \u2018Tart\u0131\u015fma\u2019 \u00f6zellikleri \u00b7         Kitap boyunca entegre edilmi\u015f, Instagram ve TikTok gibi dijital g\u00f6rsel medyay\u0131 kullanarak ara\u015ft\u0131rma yapma konusunda rehberlik Bu \u00e7ok satan kritik k\u0131lavuz, sosyal bilimler ve be\u015feri bilimler genelinde lisans \u00f6\u011frencileri, mezunlar, ara\u015ft\u0131rmac\u0131lar ve akademisyenler i\u00e7in g\u00f6rsel y\u00f6ntem projeleri i\u00e7in m\u00fckemmel bir arkada\u015ft\u0131r. <\/p>\n","protected":false},"excerpt":{"rendered":"<p>Ke\u015ffetmek istedi\u011finiz, ancak ara\u015ft\u0131rman\u0131za nas\u0131l ba\u015flayaca\u011f\u0131n\u0131z\u0131 veya hangi y\u00f6ntemleri se\u00e7ece\u011finizi bilmedi\u011finiz baz\u0131 heyecan verici resimler mi buldunuz? G\u00f6rsel k\u00fclt\u00fcr\u00fcn bir y\u00f6n\u00fc hakk\u0131nda cevaplamak istedi\u011finiz bir sorunuz<span class=\"excerpt-hellip\"> [\u2026]<\/span><\/p>\n","protected":false},"featured_media":0,"template":"","meta":{"_monsterinsights_skip_tracking":false,"_monsterinsights_sitenote_active":false,"_monsterinsights_sitenote_note":"","_monsterinsights_sitenote_category":0},"product_brand":[],"product_cat":[13005,40995],"product_tag":[],"class_list":{"0":"post-752645","1":"product","2":"type-product","3":"status-publish","5":"product_cat-bilim-muhendislik","6":"product_cat-sosyal-bilimler","7":"pa_cilt-ciltsiz","8":"pa_tur-kitap","9":"pa_yayinevi-inkilap-kitabevi","10":"pa_yazar-gillian-rose","12":"first","13":"instock","14":"sale","15":"shipping-taxable","16":"purchasable","17":"product-type-simple"},"_links":{"self":[{"href":"https:\/\/roveyayinevi.com.tr\/index.php\/wp-json\/wp\/v2\/product\/752645","targetHints":{"allow":["GET"]}}],"collection":[{"href":"https:\/\/roveyayinevi.com.tr\/index.php\/wp-json\/wp\/v2\/product"}],"about":[{"href":"https:\/\/roveyayinevi.com.tr\/index.php\/wp-json\/wp\/v2\/types\/product"}],"wp:attachment":[{"href":"https:\/\/roveyayinevi.com.tr\/index.php\/wp-json\/wp\/v2\/media?parent=752645"}],"wp:term":[{"taxonomy":"product_brand","embeddable":true,"href":"https:\/\/roveyayinevi.com.tr\/index.php\/wp-json\/wp\/v2\/product_brand?post=752645"},{"taxonomy":"product_cat","embeddable":true,"href":"https:\/\/roveyayinevi.com.tr\/index.php\/wp-json\/wp\/v2\/product_cat?post=752645"},{"taxonomy":"product_tag","embeddable":true,"href":"https:\/\/roveyayinevi.com.tr\/index.php\/wp-json\/wp\/v2\/product_tag?post=752645"}],"curies":[{"name":"wp","href":"https:\/\/api.w.org\/{rel}","templated":true}]}}