{"id":752626,"date":"2025-08-28T05:20:52","date_gmt":"2025-08-28T02:20:52","guid":{"rendered":"https:\/\/roveyayinevi.com.tr\/index.php\/urun\/bir-basin-mensubunun-hatiralarindan\/"},"modified":"2026-04-16T03:05:59","modified_gmt":"2026-04-16T00:05:59","slug":"bir-basin-mensubunun-hatiralarindan","status":"publish","type":"product","link":"https:\/\/roveyayinevi.com.tr\/index.php\/urun\/bir-basin-mensubunun-hatiralarindan\/","title":{"rendered":"Bir Bas\u0131n Mensubunun Hat\u0131ralar\u0131ndan"},"content":{"rendered":"<p>Antalya 1960 do\u011fumlu olan Ayfer \u015eim\u015fek, Gazetecilik mesle\u011fine 1980 y\u0131l\u0131nda \u201cH\u00fcrriyet Haber Ajans\u0131 Antalya B\u00fcrosunda\u201d ba\u015flad\u0131. S\u0131ras\u0131yla \u201cH\u00fcrriyet\u201d, \u201cH\u00fcrriyet Akdeniz\u201d, \u201cG\u00fcne\u015f\u201d, \u201cG\u00fcnayd\u0131n\u201d, Ekonomi Gazetelerinde ve \u201cKanal 07\u201d ile \u201cGazete 07\u201dde Muhabirlik, \u0130stihbarat \u015eefi, K\u00f6\u015fe Yazarl\u0131\u011f\u0131, Haber M\u00fcd\u00fcr\u00fc, Yaz\u0131 \u0130\u015fleri M\u00fcd\u00fcrl\u00fc\u011f\u00fc g\u00f6revinde bulundu. Merkezi \u0130zmir\u2019de olan \u201cG\u00f6zlem Gazetesinin\u201d Antalya temsilcili\u011fini, \u201cAntalya\u2019da Tar\u0131m\u201d adl\u0131 derginin Haber Koordinat\u00f6rl\u00fc\u011f\u00fcn\u00fc yapt\u0131. Antalya ve Ankara Gazeteciler Cemiyeti \u00fcyesi olup, ba\u015fta Antalya Gazeteciler Cemiyeti olmak \u00fczere bir\u00e7ok kurum ve kurulu\u015f ile derneklerden \u00e7e\u015fitli \u00f6d\u00fclleri bulunan Ayfer \u015eim\u015fek Bas\u0131n Kart\u0131 ve S\u00fcrekli Bas\u0131n Kart\u0131 sahibidir. Evli ve iki \u00e7ocuk annesi olan Ayfer \u015eim\u015fek Anadolu \u00dcniversitesi mezunu olup orta derecede \u0130ngilizce bilmektedir. Ayr\u0131ca \u201c\u0130\u00c7\u0130MDEN GELD\u0130\u011e\u0130 G\u0130B\u0130\u201d adl\u0131 \u015fiir kitab\u0131 bulunmaktad\u0131r. Gazetecilik mesle\u011fine halen \u201cAntalya G\u00fcndem Gazetesinde\u201d devam etmektedir..<\/p>\n","protected":false},"excerpt":{"rendered":"<p>Antalya 1960 do\u011fumlu olan Ayfer \u015eim\u015fek, Gazetecilik mesle\u011fine 1980 y\u0131l\u0131nda \u201cH\u00fcrriyet Haber Ajans\u0131 Antalya B\u00fcrosunda\u201d ba\u015flad\u0131. S\u0131ras\u0131yla \u201cH\u00fcrriyet\u201d, \u201cH\u00fcrriyet Akdeniz\u201d, \u201cG\u00fcne\u015f\u201d, \u201cG\u00fcnayd\u0131n\u201d, Ekonomi Gazetelerinde ve \u201cKanal<span class=\"excerpt-hellip\"> [\u2026]<\/span><\/p>\n","protected":false},"featured_media":0,"template":"","meta":{"_monsterinsights_skip_tracking":false,"_monsterinsights_sitenote_active":false,"_monsterinsights_sitenote_note":"","_monsterinsights_sitenote_category":0},"product_brand":[],"product_cat":[13701,12291],"product_tag":[],"class_list":{"0":"post-752626","1":"product","2":"type-product","3":"status-publish","5":"product_cat-ani-mektup-gunluk","6":"product_cat-edebiyat","7":"pa_cilt-ciltsiz","8":"pa_tur-kitap","9":"pa_yayinevi-platanus-publishing","10":"pa_yazar-ayfer-uncu-simsek","12":"first","13":"instock","14":"sale","15":"shipping-taxable","16":"purchasable","17":"product-type-simple"},"_links":{"self":[{"href":"https:\/\/roveyayinevi.com.tr\/index.php\/wp-json\/wp\/v2\/product\/752626","targetHints":{"allow":["GET"]}}],"collection":[{"href":"https:\/\/roveyayinevi.com.tr\/index.php\/wp-json\/wp\/v2\/product"}],"about":[{"href":"https:\/\/roveyayinevi.com.tr\/index.php\/wp-json\/wp\/v2\/types\/product"}],"wp:attachment":[{"href":"https:\/\/roveyayinevi.com.tr\/index.php\/wp-json\/wp\/v2\/media?parent=752626"}],"wp:term":[{"taxonomy":"product_brand","embeddable":true,"href":"https:\/\/roveyayinevi.com.tr\/index.php\/wp-json\/wp\/v2\/product_brand?post=752626"},{"taxonomy":"product_cat","embeddable":true,"href":"https:\/\/roveyayinevi.com.tr\/index.php\/wp-json\/wp\/v2\/product_cat?post=752626"},{"taxonomy":"product_tag","embeddable":true,"href":"https:\/\/roveyayinevi.com.tr\/index.php\/wp-json\/wp\/v2\/product_tag?post=752626"}],"curies":[{"name":"wp","href":"https:\/\/api.w.org\/{rel}","templated":true}]}}