{"id":752601,"date":"2025-08-28T05:20:11","date_gmt":"2025-08-28T02:20:11","guid":{"rendered":"https:\/\/roveyayinevi.com.tr\/index.php\/urun\/iceride-kalanlar-2\/"},"modified":"2026-04-16T03:05:58","modified_gmt":"2026-04-16T00:05:58","slug":"iceride-kalanlar-2","status":"publish","type":"product","link":"https:\/\/roveyayinevi.com.tr\/index.php\/urun\/iceride-kalanlar-2\/","title":{"rendered":"\u0130\u00e7eride Kalanlar"},"content":{"rendered":"<p>Asl\u0131 Akarsakarya \u2018\u0130\u00e7eride Kalanlar\u2019da bir gece metrelerce ya\u011fan kar\u0131n, d\u0131\u015far\u0131yla ba\u011flant\u0131y\u0131 kesti\u011fi bir apartmanda mahsur kalan insanlar\u0131n hayatlar\u0131na odaklan\u0131yor. Ya\u015fam ve \u00f6l\u00fcm kar\u015f\u0131s\u0131nda her biri farkl\u0131 \u015fekillerde s\u0131nanan karakterlerin d\u0131\u015far\u0131yla temaslar\u0131 koptu\u011funda i\u00e7eriyle temaslar\u0131 ba\u015fl\u0131yor. Evler hem s\u0131\u011f\u0131nak olup hem birer hapishaneye d\u00f6n\u00fc\u015f\u00fcrken apartman sakinleri birbirlerine yakla\u015f\u0131yor; maskeler d\u00fc\u015f\u00fcyor, zaaflar g\u00f6r\u00fcn\u00fcyor, s\u0131rlar ortaya d\u00f6k\u00fcl\u00fcyor.   \u201cHer \u015fey tersiyle kol kola girmi\u015f ve ben olan bitenin hi\u00e7bir par\u00e7as\u0131n\u0131 anlam\u0131yorum. Nereye uzansam elimde kal\u0131yor. Kendi i\u00e7imdeki kuyuya yuvarlan\u0131yorum, k\u00e2h ba\u015f a\u015fa\u011f\u0131 k\u00e2h s\u0131rt\u00fcst\u00fc. \u00c7ocuk da benim anne de. \u00d6len de \u00f6ld\u00fcren de. G\u00f6\u011fs\u00fcm\u00fc ezerek ge\u00e7en k\u00fc\u00e7\u00fck ayaklar, hayat\u0131m\u0131 ikiye yaran&#8230; Ya\u015fasayd\u0131 ismi ne olurdu diye d\u00fc\u015f\u00fcnd\u00fc\u011f\u00fcm anda art\u0131k biliyorum, bu geceden sonra hi\u00e7bir \u015fey ayn\u0131 kalmayacak. Peki ya ben ya\u015farsam, ismim ne olacak?\u201d   \u201c\u0130nsan, ceketinin astar\u0131na girmi\u015f bir yavru sincab\u0131 fark etmeden ya\u015fayabilir mi?\u201d   <\/p>\n","protected":false},"excerpt":{"rendered":"<p>Asl\u0131 Akarsakarya \u2018\u0130\u00e7eride Kalanlar\u2019da bir gece metrelerce ya\u011fan kar\u0131n, d\u0131\u015far\u0131yla ba\u011flant\u0131y\u0131 kesti\u011fi bir apartmanda mahsur kalan insanlar\u0131n hayatlar\u0131na odaklan\u0131yor. Ya\u015fam ve \u00f6l\u00fcm kar\u015f\u0131s\u0131nda her biri farkl\u0131<span class=\"excerpt-hellip\"> [\u2026]<\/span><\/p>\n","protected":false},"featured_media":0,"template":"","meta":{"_monsterinsights_skip_tracking":false,"_monsterinsights_sitenote_active":false,"_monsterinsights_sitenote_note":"","_monsterinsights_sitenote_category":0},"product_brand":[],"product_cat":[12291,12711],"product_tag":[],"class_list":{"0":"post-752601","1":"product","2":"type-product","3":"status-publish","5":"product_cat-edebiyat","6":"product_cat-roman-oyku","7":"pa_cilt-ciltsiz","8":"pa_tur-kitap","9":"pa_yayinevi-yapi-kredi-yayinlari","10":"pa_yazar-asli-akarsakarya","12":"first","13":"instock","14":"sale","15":"shipping-taxable","16":"purchasable","17":"product-type-simple"},"_links":{"self":[{"href":"https:\/\/roveyayinevi.com.tr\/index.php\/wp-json\/wp\/v2\/product\/752601","targetHints":{"allow":["GET"]}}],"collection":[{"href":"https:\/\/roveyayinevi.com.tr\/index.php\/wp-json\/wp\/v2\/product"}],"about":[{"href":"https:\/\/roveyayinevi.com.tr\/index.php\/wp-json\/wp\/v2\/types\/product"}],"wp:attachment":[{"href":"https:\/\/roveyayinevi.com.tr\/index.php\/wp-json\/wp\/v2\/media?parent=752601"}],"wp:term":[{"taxonomy":"product_brand","embeddable":true,"href":"https:\/\/roveyayinevi.com.tr\/index.php\/wp-json\/wp\/v2\/product_brand?post=752601"},{"taxonomy":"product_cat","embeddable":true,"href":"https:\/\/roveyayinevi.com.tr\/index.php\/wp-json\/wp\/v2\/product_cat?post=752601"},{"taxonomy":"product_tag","embeddable":true,"href":"https:\/\/roveyayinevi.com.tr\/index.php\/wp-json\/wp\/v2\/product_tag?post=752601"}],"curies":[{"name":"wp","href":"https:\/\/api.w.org\/{rel}","templated":true}]}}