{"id":752591,"date":"2025-08-28T05:19:56","date_gmt":"2025-08-28T02:19:56","guid":{"rendered":"https:\/\/roveyayinevi.com.tr\/index.php\/urun\/vatansiz-paranin-cocuklari\/"},"modified":"2026-04-16T03:05:58","modified_gmt":"2026-04-16T00:05:58","slug":"vatansiz-paranin-cocuklari","status":"publish","type":"product","link":"https:\/\/roveyayinevi.com.tr\/index.php\/urun\/vatansiz-paranin-cocuklari\/","title":{"rendered":"Vatans\u0131z Paran\u0131n \u00c7ocuklar\u0131"},"content":{"rendered":"<p>Hazar devletini yeniden kurma h\u00fclyas\u0131\u2026 marx engels lenin vatans\u0131z para\u2019n\u0131n bir ajan\u0131 m\u0131yd\u0131 ? Ayd\u0131nl\u0131k hareketinin siyon protokolleriyle ili\u015fkisi\u2026 do\u011fu perin\u00e7ek\u2019in k\u0131br\u0131s meselesi kitab\u0131ndaki ak\u0131l almaz c\u00fcmleler\u2026 kom\u00fcnizm ve hiperenflasyon m\u00fclks\u00fczle\u015ftirme hizmet ediyor\u2026\u0131rak\u2019ta k\u00fcrt g\u00f6r\u00fcn\u00fcml\u00fc yahudiler\u20261. Ve 2. D\u00fcnya sava\u015f\u0131 \u2018b\u00fcy\u00fck s\u0131f\u0131rlama i\u00e7in mi \u00e7\u0131kar\u0131ld\u0131 ?.. yeni bir \u2018s\u0131f\u0131rlama\u2019m\u0131 geliyor ?..   Osman ba\u015f\u0131b\u00fcy\u00fck, klasik emperyalizm teorisine,d\u00fcnya ve \u00fclke i\u00e7inden ki\u015fi,hareket ve olgulardan yola \u00e7\u0131karak yeni bir bak\u0131\u015f a\u00e7\u0131s\u0131 getiriyor.b\u00fct\u00fcn bildiklerinizi unutun dedirtecek d\u00fc\u015f\u00fcnceler,bilimsel bir h\u00fcviyetle d\u00fcnyaya bak\u0131\u015f\u0131m\u0131zda \u00e7\u0131\u011f\u0131r a\u00e7\u0131yor. Vatans\u0131z paran\u0131n \u00e7ocuklar\u0131,d\u00fcnyay\u0131 y\u00f6neten bir avu\u00e7 ahlaks\u0131z \u00e7etenin oyunlar\u0131na kar\u015f\u0131 yap\u0131labilecek en iyi \u015feyi,insanlar\u0131 ayd\u0131nlatma g\u00f6revini yerine getiriyor. Kald\u0131lan \u00f6rt\u00fcn\u00fcn alt\u0131nda g\u00f6rd\u00fckleri,belki bir\u00e7ocuklar\u0131n\u0131 hem \u00fczecek hem \u015fa\u015fartacakt\u0131r.ancak osman ba\u015f\u0131b\u00fcy\u00fck,ger\u00e7ekleri s\u00f6ylemenin bir ayd\u0131n\u0131n insanl\u0131k g\u00f6revi olmas\u0131n\u0131n yan\u0131nda vatan borcu oldu\u011funun bilinci ve cesaretiyle yaz\u0131yor. <\/p>\n","protected":false},"excerpt":{"rendered":"<p>Hazar devletini yeniden kurma h\u00fclyas\u0131\u2026 marx engels lenin vatans\u0131z para\u2019n\u0131n bir ajan\u0131 m\u0131yd\u0131 ? Ayd\u0131nl\u0131k hareketinin siyon protokolleriyle ili\u015fkisi\u2026 do\u011fu perin\u00e7ek\u2019in k\u0131br\u0131s meselesi kitab\u0131ndaki ak\u0131l almaz<span class=\"excerpt-hellip\"> [\u2026]<\/span><\/p>\n","protected":false},"featured_media":0,"template":"","meta":{"_monsterinsights_skip_tracking":false,"_monsterinsights_sitenote_active":false,"_monsterinsights_sitenote_note":"","_monsterinsights_sitenote_category":0},"product_brand":[],"product_cat":[13590,12337],"product_tag":[],"class_list":{"0":"post-752591","1":"product","2":"type-product","3":"status-publish","5":"product_cat-arastirma-inceleme-politika-siyaset","6":"product_cat-politika-siyaset","7":"pa_cilt-ciltsiz","8":"pa_tur-kitap","9":"pa_yayinevi-baris-kitap","10":"pa_yazar-osman-basibuyuk","12":"first","13":"instock","14":"sale","15":"shipping-taxable","16":"purchasable","17":"product-type-simple"},"_links":{"self":[{"href":"https:\/\/roveyayinevi.com.tr\/index.php\/wp-json\/wp\/v2\/product\/752591","targetHints":{"allow":["GET"]}}],"collection":[{"href":"https:\/\/roveyayinevi.com.tr\/index.php\/wp-json\/wp\/v2\/product"}],"about":[{"href":"https:\/\/roveyayinevi.com.tr\/index.php\/wp-json\/wp\/v2\/types\/product"}],"wp:attachment":[{"href":"https:\/\/roveyayinevi.com.tr\/index.php\/wp-json\/wp\/v2\/media?parent=752591"}],"wp:term":[{"taxonomy":"product_brand","embeddable":true,"href":"https:\/\/roveyayinevi.com.tr\/index.php\/wp-json\/wp\/v2\/product_brand?post=752591"},{"taxonomy":"product_cat","embeddable":true,"href":"https:\/\/roveyayinevi.com.tr\/index.php\/wp-json\/wp\/v2\/product_cat?post=752591"},{"taxonomy":"product_tag","embeddable":true,"href":"https:\/\/roveyayinevi.com.tr\/index.php\/wp-json\/wp\/v2\/product_tag?post=752591"}],"curies":[{"name":"wp","href":"https:\/\/api.w.org\/{rel}","templated":true}]}}