{"id":752583,"date":"2025-08-28T05:19:44","date_gmt":"2025-08-28T02:19:44","guid":{"rendered":"https:\/\/roveyayinevi.com.tr\/index.php\/urun\/maturidi-tarih-insasi\/"},"modified":"2026-04-16T03:05:58","modified_gmt":"2026-04-16T00:05:58","slug":"maturidi-tarih-insasi","status":"publish","type":"product","link":"https:\/\/roveyayinevi.com.tr\/index.php\/urun\/maturidi-tarih-insasi\/","title":{"rendered":"Maturidi Tarih \u0130n\u015fas\u0131"},"content":{"rendered":"<p>Maturidi Tarih \u0130n\u015fas\u0131 adl\u0131 bu \u00e7al\u0131\u015fma, Maturidi kelam\u0131n\u0131n hayata yans\u0131mas\u0131n\u0131 anlama \u00e7abas\u0131d\u0131r.   Hanefi-Maturidi-Yesevi Gelenek\u2019le \u015fekillenen Maturidi Tarih \u0130n\u015fas\u0131; \u2018\u00e7okluk i\u00e7inde birlik\u2019 \u015fiar\u0131yla, farkl\u0131l\u0131klar \u00fczerinde tevhit arayan bir d\u00fcnya g\u00f6r\u00fc\u015f\u00fcn\u00fcn izlerini ta\u015f\u0131maktad\u0131r.   Bu d\u00fcnya g\u00f6r\u00fc\u015f\u00fc kaos\u2019tan dirlik ve d\u00fczene y\u00f6neli\u015fi sa\u011flam\u0131\u015f, devleti merkeze alan bir toplum in\u015fas\u0131n\u0131 ba\u015farm\u0131\u015ft\u0131r.   Maturidi Tarih \u0130n\u015fas\u0131\u2019yla \u0130slam D\u00fcnyas\u0131\u2019nda yery\u00fcz\u00fcn\u00fc do\u011fru alg\u0131layan bir birikim olu\u015fmu\u015ftur. Birlikte ya\u015famac\u0131 d\u00fc\u015f\u00fcnce adamlar\u0131, sanat\u00e7\u0131 ve bilim adamlar\u0131 de\u011fi\u015fimi yeniden yorumlayarak insanl\u0131\u011fa m\u00fcjdeler sunabilmi\u015ftir. <\/p>\n","protected":false},"excerpt":{"rendered":"<p>Maturidi Tarih \u0130n\u015fas\u0131 adl\u0131 bu \u00e7al\u0131\u015fma, Maturidi kelam\u0131n\u0131n hayata yans\u0131mas\u0131n\u0131 anlama \u00e7abas\u0131d\u0131r. Hanefi-Maturidi-Yesevi Gelenek\u2019le \u015fekillenen Maturidi Tarih \u0130n\u015fas\u0131; \u2018\u00e7okluk i\u00e7inde birlik\u2019 \u015fiar\u0131yla, farkl\u0131l\u0131klar \u00fczerinde tevhit arayan<span class=\"excerpt-hellip\"> [\u2026]<\/span><\/p>\n","protected":false},"featured_media":0,"template":"","meta":{"_monsterinsights_skip_tracking":false,"_monsterinsights_sitenote_active":false,"_monsterinsights_sitenote_note":"","_monsterinsights_sitenote_category":0},"product_brand":[],"product_cat":[12370,12304],"product_tag":[],"class_list":{"0":"post-752583","1":"product","2":"type-product","3":"status-publish","5":"product_cat-arastirma-inceleme","6":"product_cat-tarih","7":"pa_cilt-ciltsiz","8":"pa_tur-kitap","9":"pa_yayinevi-biyografi-net-yayincilik","10":"pa_yazar-mahmut-cetin","12":"first","13":"instock","14":"sale","15":"shipping-taxable","16":"purchasable","17":"product-type-simple"},"_links":{"self":[{"href":"https:\/\/roveyayinevi.com.tr\/index.php\/wp-json\/wp\/v2\/product\/752583","targetHints":{"allow":["GET"]}}],"collection":[{"href":"https:\/\/roveyayinevi.com.tr\/index.php\/wp-json\/wp\/v2\/product"}],"about":[{"href":"https:\/\/roveyayinevi.com.tr\/index.php\/wp-json\/wp\/v2\/types\/product"}],"wp:attachment":[{"href":"https:\/\/roveyayinevi.com.tr\/index.php\/wp-json\/wp\/v2\/media?parent=752583"}],"wp:term":[{"taxonomy":"product_brand","embeddable":true,"href":"https:\/\/roveyayinevi.com.tr\/index.php\/wp-json\/wp\/v2\/product_brand?post=752583"},{"taxonomy":"product_cat","embeddable":true,"href":"https:\/\/roveyayinevi.com.tr\/index.php\/wp-json\/wp\/v2\/product_cat?post=752583"},{"taxonomy":"product_tag","embeddable":true,"href":"https:\/\/roveyayinevi.com.tr\/index.php\/wp-json\/wp\/v2\/product_tag?post=752583"}],"curies":[{"name":"wp","href":"https:\/\/api.w.org\/{rel}","templated":true}]}}