{"id":752578,"date":"2025-08-28T05:19:38","date_gmt":"2025-08-28T02:19:38","guid":{"rendered":"https:\/\/roveyayinevi.com.tr\/index.php\/urun\/nasil-insan-olduk\/"},"modified":"2026-04-16T03:05:58","modified_gmt":"2026-04-16T00:05:58","slug":"nasil-insan-olduk","status":"publish","type":"product","link":"https:\/\/roveyayinevi.com.tr\/index.php\/urun\/nasil-insan-olduk\/","title":{"rendered":"Nas\u0131l \u0130nsan Olduk"},"content":{"rendered":"<p>M\u00fcnih\u2019in bat\u0131s\u0131nda bir yerde, paleontolog Madelaine B\u00f6hme ve meslekta\u015flar\u0131 insan\u0131n k\u00f6kenine dair ipu\u00e7lar\u0131 ar\u0131yordu. Ke\u015ffettikleri \u015fey hayal ettiklerinin de \u00f6tesindeydi: Danuvius guggenmosi\u2019nin 12 milyon y\u0131ll\u0131k kemikleri d\u00fcnya \u00e7ap\u0131nda b\u00fcy\u00fck ilgi uyand\u0131rd\u0131. Bu en eski insans\u0131 maymun, insanl\u0131k tarihiyle ilgili h\u00e2kim teorilere meydan okuyor; iskelet adaptasyonlar\u0131, maymunlar ve insanlar aras\u0131nda Afrika\u2019da de\u011fil Avrupa\u2019da ya\u015fam\u0131\u015f yeni bir ortak ataya i\u015faret ediyordu. Danuvius\u2019un zaman\u0131ndan \u00f6nce Afrika\u2019dan Avrupa\u2019ya seyahat eden b\u00fcy\u00fck maymunlar kendi k\u00f6kenlerimizi anlaman\u0131n anahtar\u0131 olabilir mi?    B\u00f6hme, uzmanl\u0131\u011f\u0131n\u0131 kullanarak milyonlarca y\u0131l \u00f6nce Afrika\u2019dan Avrupa\u2019ya kara k\u00f6pr\u00fcleriyle ge\u00e7en ve kar\u015f\u0131la\u015ft\u0131klar\u0131 zorlu ko\u015fullara yan\u0131t olarak evrimle\u015fen b\u00fcy\u00fck maymunlar\u0131n hayranl\u0131k uyand\u0131ran hik\u00e2yesinin par\u00e7alar\u0131n\u0131 bir araya getiriyor. Bu esnada da bizi ara\u015ft\u0131rmas\u0131n\u0131n perde arkas\u0131na g\u00f6t\u00fcrerek eski evrim teorileriyle tan\u0131\u015ft\u0131r\u0131yor, sararm\u0131\u015f etiketlerle unutulmu\u015f fosilleri buldu\u011fu k\u00fcfl\u00fc m\u00fcze deposunun derinlerinde gezdiriyor. Elbette ekibiyle birlikte Danuvius guggenmosi\u2019yi ortaya \u00e7\u0131kard\u0131\u011f\u0131 \u00f6nemli kaz\u0131y\u0131 ve ke\u015ffinin d\u00fcnya \u00e7ap\u0131nda yaratt\u0131\u011f\u0131 inan\u0131lmaz yank\u0131lar\u0131 da payla\u015f\u0131yor.    \u201c\u0130nsan\u0131n evrim hik\u00e2yesinin co\u015fkulu ve k\u0131\u015fk\u0131rt\u0131c\u0131 bir yeniden anlat\u0131m\u0131.\u201d \u2014Jeremy DeSilva, \u0130lk Ad\u0131mlar kitab\u0131n\u0131n yazar\u0131   \u201cKeyifli okunuyor ve olduk\u00e7a d\u00fc\u015f\u00fcnd\u00fcr\u00fcc\u00fc. Madelaine B\u00f6hme, fosil ke\u015fifleriyle maymunlar\u0131n ve insanlar\u0131n atalar\u0131n\u0131n k\u00f6kenlerine dair uzun s\u00fcredir var olan fikirlere meydan okuyan bir ikonoklast.\u201d \u2014Steve Brusatte, Dinozorlar\u0131n Y\u00fckseli\u015fi ve \u00c7\u00f6k\u00fc\u015f\u00fc kitab\u0131n\u0131n yazar\u0131   \u201cMuhte\u015fem ve son derece \u00f6nemli&#8230; Bilimsel a\u00e7\u0131dan titiz bir \u00e7al\u0131\u015fma ve a\u00e7\u0131kl\u0131k ve samimiyetle yaz\u0131lm\u0131\u015f s\u00fcr\u00fckleyici bir hik\u00e2ye&#8230; B\u00f6hme\u2019nin Avrupa\u2019n\u0131n kay\u0131p maymunlar\u0131n\u0131n tarihine dair anlat\u0131s\u0131, saha \u00e7al\u0131\u015fmas\u0131n\u0131n kaderi olan ter, kir ve zaferle dolu.\u201d \u2014Tim Flannery, New York Review of Books <\/p>\n","protected":false},"excerpt":{"rendered":"<p>M\u00fcnih\u2019in bat\u0131s\u0131nda bir yerde, paleontolog Madelaine B\u00f6hme ve meslekta\u015flar\u0131 insan\u0131n k\u00f6kenine dair ipu\u00e7lar\u0131 ar\u0131yordu. Ke\u015ffettikleri \u015fey hayal ettiklerinin de \u00f6tesindeydi: Danuvius guggenmosi\u2019nin 12 milyon y\u0131ll\u0131k kemikleri<span class=\"excerpt-hellip\"> [\u2026]<\/span><\/p>\n","protected":false},"featured_media":0,"template":"","meta":{"_monsterinsights_skip_tracking":false,"_monsterinsights_sitenote_active":false,"_monsterinsights_sitenote_note":"","_monsterinsights_sitenote_category":0},"product_brand":[],"product_cat":[13005],"product_tag":[],"class_list":{"0":"post-752578","1":"product","2":"type-product","3":"status-publish","5":"product_cat-bilim-muhendislik","6":"pa_cilt-ciltsiz","7":"pa_tur-kitap","8":"pa_yayinevi-nova-kitap","9":"pa_yazar-madelaine-bohme","11":"first","12":"instock","13":"sale","14":"shipping-taxable","15":"purchasable","16":"product-type-simple"},"_links":{"self":[{"href":"https:\/\/roveyayinevi.com.tr\/index.php\/wp-json\/wp\/v2\/product\/752578","targetHints":{"allow":["GET"]}}],"collection":[{"href":"https:\/\/roveyayinevi.com.tr\/index.php\/wp-json\/wp\/v2\/product"}],"about":[{"href":"https:\/\/roveyayinevi.com.tr\/index.php\/wp-json\/wp\/v2\/types\/product"}],"wp:attachment":[{"href":"https:\/\/roveyayinevi.com.tr\/index.php\/wp-json\/wp\/v2\/media?parent=752578"}],"wp:term":[{"taxonomy":"product_brand","embeddable":true,"href":"https:\/\/roveyayinevi.com.tr\/index.php\/wp-json\/wp\/v2\/product_brand?post=752578"},{"taxonomy":"product_cat","embeddable":true,"href":"https:\/\/roveyayinevi.com.tr\/index.php\/wp-json\/wp\/v2\/product_cat?post=752578"},{"taxonomy":"product_tag","embeddable":true,"href":"https:\/\/roveyayinevi.com.tr\/index.php\/wp-json\/wp\/v2\/product_tag?post=752578"}],"curies":[{"name":"wp","href":"https:\/\/api.w.org\/{rel}","templated":true}]}}