{"id":752572,"date":"2025-08-28T05:19:31","date_gmt":"2025-08-28T02:19:31","guid":{"rendered":"https:\/\/roveyayinevi.com.tr\/index.php\/urun\/bes-milyon-yil\/"},"modified":"2026-04-16T03:05:57","modified_gmt":"2026-04-16T00:05:57","slug":"bes-milyon-yil","status":"publish","type":"product","link":"https:\/\/roveyayinevi.com.tr\/index.php\/urun\/bes-milyon-yil\/","title":{"rendered":"Be\u015f Milyon Y\u0131l"},"content":{"rendered":"<p>5 milyon y\u0131l \u00f6nce primatlar aras\u0131nda insans\u0131 soylar\u0131 ortaya \u00e7\u0131kt\u0131. Bu soylar 2,5 milyon y\u0131l \u00f6nce Homo soyuna, sonra Homo sapiens adl\u0131 t\u00fcre evrildi. Sapiens t\u00fcm d\u00fcnyaya yay\u0131ld\u0131. \u00d6l\u00fc g\u00f6mme, s\u00fcs e\u015fyalar\u0131 imal etme, resim ve heykel yapma gibi sapiens k\u00fclt\u00fcr\u00fcn\u00fcn ilk i\u015faretleri belirdi; bunlar\u0131 tar\u0131m ve hayvanc\u0131l\u0131k sayesinde uygarl\u0131k kurma a\u015famas\u0131 izledi.  Peter Bellwood insan\u0131n evrim yolculu\u011funu bize en son bulgular, en yeni bilgiler \u0131\u015f\u0131\u011f\u0131nda anlat\u0131yor. Be\u015f Milyon Y\u0131l, insan\u0131n evrim ger\u00e7e\u011fi hakk\u0131nda \u00f6zellikle arkeolojik, biyolojik, antropolojik ve linguistik kan\u0131tlara dayal\u0131 bilgi sahibi olmak isteyenler i\u00e7in birebir. *** \u201cBellwood\u2019un kapsaml\u0131, dengeli ve etkileyici anlat\u0131m\u0131 karma\u015f\u0131k olaylar\u0131 anla\u015f\u0131l\u0131r k\u0131lma konusunda bir ba\u015fyap\u0131t niteli\u011fi ta\u015f\u0131yor.\u201d \u2014 Jared Diamond, T\u00fcfek, Mikrop ve \u00c7elik adl\u0131 kitab\u0131n yazar\u0131 <\/p>\n","protected":false},"excerpt":{"rendered":"<p>5 milyon y\u0131l \u00f6nce primatlar aras\u0131nda insans\u0131 soylar\u0131 ortaya \u00e7\u0131kt\u0131. Bu soylar 2,5 milyon y\u0131l \u00f6nce Homo soyuna, sonra Homo sapiens adl\u0131 t\u00fcre evrildi. Sapiens t\u00fcm<span class=\"excerpt-hellip\"> [\u2026]<\/span><\/p>\n","protected":false},"featured_media":0,"template":"","meta":{"_monsterinsights_skip_tracking":false,"_monsterinsights_sitenote_active":false,"_monsterinsights_sitenote_note":"","_monsterinsights_sitenote_category":0},"product_brand":[],"product_cat":[13005,13006],"product_tag":[],"class_list":{"0":"post-752572","1":"product","2":"type-product","3":"status-publish","5":"product_cat-bilim-muhendislik","6":"product_cat-populer-bilim","7":"pa_cilt-ciltsiz","8":"pa_tur-kitap","9":"pa_yayinevi-say-yayinlari","10":"pa_yazar-peter-bellwood","12":"first","13":"instock","14":"sale","15":"shipping-taxable","16":"purchasable","17":"product-type-simple"},"_links":{"self":[{"href":"https:\/\/roveyayinevi.com.tr\/index.php\/wp-json\/wp\/v2\/product\/752572","targetHints":{"allow":["GET"]}}],"collection":[{"href":"https:\/\/roveyayinevi.com.tr\/index.php\/wp-json\/wp\/v2\/product"}],"about":[{"href":"https:\/\/roveyayinevi.com.tr\/index.php\/wp-json\/wp\/v2\/types\/product"}],"wp:attachment":[{"href":"https:\/\/roveyayinevi.com.tr\/index.php\/wp-json\/wp\/v2\/media?parent=752572"}],"wp:term":[{"taxonomy":"product_brand","embeddable":true,"href":"https:\/\/roveyayinevi.com.tr\/index.php\/wp-json\/wp\/v2\/product_brand?post=752572"},{"taxonomy":"product_cat","embeddable":true,"href":"https:\/\/roveyayinevi.com.tr\/index.php\/wp-json\/wp\/v2\/product_cat?post=752572"},{"taxonomy":"product_tag","embeddable":true,"href":"https:\/\/roveyayinevi.com.tr\/index.php\/wp-json\/wp\/v2\/product_tag?post=752572"}],"curies":[{"name":"wp","href":"https:\/\/api.w.org\/{rel}","templated":true}]}}