{"id":752563,"date":"2025-08-28T05:19:16","date_gmt":"2025-08-28T02:19:16","guid":{"rendered":"https:\/\/roveyayinevi.com.tr\/index.php\/urun\/mukaddime-1-2-ciltli-kutulu\/"},"modified":"2025-10-29T09:15:12","modified_gmt":"2025-10-29T06:15:12","slug":"mukaddime-1-2-ciltli-kutulu","status":"publish","type":"product","link":"https:\/\/roveyayinevi.com.tr\/index.php\/urun\/mukaddime-1-2-ciltli-kutulu\/","title":{"rendered":"Mukaddime 1-2 (Ciltli-Kutulu)"},"content":{"rendered":"<p>Neredeyse b\u00fct\u00fcn zamanlar\u0131n \u0130slam klasiklerinden biri&#8230;   Sosyal bilimler ve tarih sahas\u0131nda getirdi\u011fi yeniliklerle \u00f6nc\u00fc\u2026 Sadece kendi devrinin tarihi, co\u011frafi, ekonomik, sosyal ve k\u00fclt\u00fcrel panoramas\u0131n\u0131 vermekle kalmaz ayn\u0131 zamanda i\u00e7erdi\u011fi gelecek vizyonlar\u0131yla hep kaynak eser konumuna y\u00fckselir. Tarih felsefesi yan\u0131nda sosyoloji ilminin temelleri at\u0131l\u0131r bu kitapla. Bir ansiklopedi oldu\u011fu kadar bir haller kitab\u0131 da say\u0131l\u0131r.   \u0130nsan\u0131n yery\u00fcz\u00fcndeki maceras\u0131n\u0131 bir insanl\u0131k tarihi perspektifiyle ele almas\u0131yla da evrensel bir eserdir. <\/p>\n","protected":false},"excerpt":{"rendered":"<p>Neredeyse b\u00fct\u00fcn zamanlar\u0131n \u0130slam klasiklerinden biri&#8230; Sosyal bilimler ve tarih sahas\u0131nda getirdi\u011fi yeniliklerle \u00f6nc\u00fc\u2026 Sadece kendi devrinin tarihi, co\u011frafi, ekonomik, sosyal ve k\u00fclt\u00fcrel panoramas\u0131n\u0131 vermekle kalmaz<span class=\"excerpt-hellip\"> [\u2026]<\/span><\/p>\n","protected":false},"featured_media":0,"template":"","meta":{"_monsterinsights_skip_tracking":false,"_monsterinsights_sitenote_active":false,"_monsterinsights_sitenote_note":"","_monsterinsights_sitenote_category":0},"product_brand":[],"product_cat":[12304],"product_tag":[],"class_list":{"0":"post-752563","1":"product","2":"type-product","3":"status-publish","5":"product_cat-tarih","6":"pa_cilt-ciltli","7":"pa_tur-kitap","8":"pa_yayinevi-kapi-yayinlari","9":"pa_yazar-ibn-haldun","11":"first","12":"instock","13":"sale","14":"shipping-taxable","15":"purchasable","16":"product-type-simple"},"_links":{"self":[{"href":"https:\/\/roveyayinevi.com.tr\/index.php\/wp-json\/wp\/v2\/product\/752563","targetHints":{"allow":["GET"]}}],"collection":[{"href":"https:\/\/roveyayinevi.com.tr\/index.php\/wp-json\/wp\/v2\/product"}],"about":[{"href":"https:\/\/roveyayinevi.com.tr\/index.php\/wp-json\/wp\/v2\/types\/product"}],"wp:attachment":[{"href":"https:\/\/roveyayinevi.com.tr\/index.php\/wp-json\/wp\/v2\/media?parent=752563"}],"wp:term":[{"taxonomy":"product_brand","embeddable":true,"href":"https:\/\/roveyayinevi.com.tr\/index.php\/wp-json\/wp\/v2\/product_brand?post=752563"},{"taxonomy":"product_cat","embeddable":true,"href":"https:\/\/roveyayinevi.com.tr\/index.php\/wp-json\/wp\/v2\/product_cat?post=752563"},{"taxonomy":"product_tag","embeddable":true,"href":"https:\/\/roveyayinevi.com.tr\/index.php\/wp-json\/wp\/v2\/product_tag?post=752563"}],"curies":[{"name":"wp","href":"https:\/\/api.w.org\/{rel}","templated":true}]}}