{"id":752543,"date":"2025-08-28T05:18:47","date_gmt":"2025-08-28T02:18:47","guid":{"rendered":"https:\/\/roveyayinevi.com.tr\/index.php\/urun\/dusunme-seklinizi-degistirecek-101-deneme\/"},"modified":"2026-04-03T03:08:03","modified_gmt":"2026-04-03T00:08:03","slug":"dusunme-seklinizi-degistirecek-101-deneme","status":"publish","type":"product","link":"https:\/\/roveyayinevi.com.tr\/index.php\/urun\/dusunme-seklinizi-degistirecek-101-deneme\/","title":{"rendered":"D\u00fc\u015f\u00fcnme \u015eeklinizi De\u011fi\u015ftirecek 101 Deneme"},"content":{"rendered":"<p>Farkl\u0131 d\u00fc\u015f\u00fcnmeyi \u00f6\u011frenerek hayat\u0131n\u0131z\u0131 yeniden in\u015fa edebilirsiniz.   Hayat\u0131n\u0131zla ilgili ne yapaca\u011f\u0131n\u0131z\u0131 bilmiyor musunuz? Korku ve \u015f\u00fcphe pe\u015finizi b\u0131rakm\u0131yor mu? Karar vermekte zorlan\u0131yor musunuz? Hayalleriniz ger\u00e7ekle\u015fmemi\u015f olarak \u00f6ylece bekliyor mu?   Mutlu bir ya\u015fama varan yol nadiren p\u00fcr\u00fczs\u00fczd\u00fcr. Fakat kar\u015f\u0131la\u015ft\u0131\u011f\u0131n\u0131z zorluklar, d\u00fc\u015f\u00fcnme \u015feklinizi de\u011fi\u015ftirmek ve kendinizi geli\u015ftirmek i\u00e7in birer f\u0131rsatt\u0131r.    Brianna Wiest\u2019in D\u00fc\u015f\u00fcnme \u015eeklinizi De\u011fi\u015ftirecek 101 Deneme kitab\u0131yla zararl\u0131 d\u00fc\u015f\u00fcnce kal\u0131plar\u0131n\u0131 y\u0131kabilir, fark\u0131ndal\u0131\u011f\u0131n\u0131z\u0131 art\u0131rabilirsiniz. Yazar, insan do\u011fas\u0131na dair \u00fcst\u00fcn bilgisi ve psikolojik duyarl\u0131l\u0131\u011f\u0131yla size duymak istemedi\u011finiz fakat duymaya ihtiya\u00e7 duydu\u011funuz, asl\u0131nda zaten bildi\u011finiz ama bast\u0131rd\u0131\u011f\u0131n\u0131z \u015feyleri tek tek a\u00e7\u0131kl\u0131yor. \u0130li\u015fkilerle m\u00fccadele, hayata bak\u0131\u015f a\u00e7\u0131s\u0131 ya da sevdiklerinizle ileti\u015fim kurma hakk\u0131nda arad\u0131\u011f\u0131n\u0131z cevaplar bu kitapta. Kendinizi bulma, yeni ba\u015flang\u0131\u00e7lara ve mutlulu\u011fa ula\u015fma yolunda bu kitap sizin i\u00e7in \u00e7ok de\u011ferli bir yol arkada\u015f\u0131 olacak.     \u201cWiest metinlerinde mutluluk ara\u015ft\u0131rmalar\u0131ndan elde edilen bulgular\u0131, g\u00fcnl\u00fck hayatta uygulanabilir \u2013ger\u00e7ekten!\u2013 basit ipu\u00e7lar\u0131yla bir araya getirmi\u015f ve bunu b\u00fcy\u00fck bir incelikle yapm\u0131\u015f.\u201d Zeit Wissen   \u201cPsikoloji ile felsefe alanlar\u0131ndaki yeni ve eski g\u00f6r\u00fc\u015fleri hevesle, ak\u0131c\u0131 bir \u015fekilde \u00f6zetleyen ve her \u015feyden \u00f6nemlisi, gelece\u011fi \u015fekillendirmenize yard\u0131mc\u0131 olacak d\u00e2hiyane bir kitap.\u201d Sein   \u201cYenilik\u00e7i ve zekice yaz\u0131lm\u0131\u015f bir kitap.\u201d Wlodarek   \u201cBu kitab\u0131 kar\u015f\u0131la\u015ft\u0131\u011f\u0131m herkese \u00f6nerebilirim.\u201d Niederbayern TV <\/p>\n","protected":false},"excerpt":{"rendered":"<p>Farkl\u0131 d\u00fc\u015f\u00fcnmeyi \u00f6\u011frenerek hayat\u0131n\u0131z\u0131 yeniden in\u015fa edebilirsiniz. Hayat\u0131n\u0131zla ilgili ne yapaca\u011f\u0131n\u0131z\u0131 bilmiyor musunuz? Korku ve \u015f\u00fcphe pe\u015finizi b\u0131rakm\u0131yor mu? Karar vermekte zorlan\u0131yor musunuz? Hayalleriniz ger\u00e7ekle\u015fmemi\u015f olarak<span class=\"excerpt-hellip\"> [\u2026]<\/span><\/p>\n","protected":false},"featured_media":0,"template":"","meta":{"_monsterinsights_skip_tracking":false,"_monsterinsights_sitenote_active":false,"_monsterinsights_sitenote_note":"","_monsterinsights_sitenote_category":0},"product_brand":[],"product_cat":[12364,12376],"product_tag":[],"class_list":{"0":"post-752543","1":"product","2":"type-product","3":"status-publish","5":"product_cat-genel-konular","6":"product_cat-kisisel-gelisim","7":"pa_cilt-ciltsiz","8":"pa_tur-kitap","9":"pa_yayinevi-pegasus-yayinlari","10":"pa_yazar-brianna-wiest","12":"first","13":"instock","14":"sale","15":"shipping-taxable","16":"purchasable","17":"product-type-simple"},"_links":{"self":[{"href":"https:\/\/roveyayinevi.com.tr\/index.php\/wp-json\/wp\/v2\/product\/752543","targetHints":{"allow":["GET"]}}],"collection":[{"href":"https:\/\/roveyayinevi.com.tr\/index.php\/wp-json\/wp\/v2\/product"}],"about":[{"href":"https:\/\/roveyayinevi.com.tr\/index.php\/wp-json\/wp\/v2\/types\/product"}],"wp:attachment":[{"href":"https:\/\/roveyayinevi.com.tr\/index.php\/wp-json\/wp\/v2\/media?parent=752543"}],"wp:term":[{"taxonomy":"product_brand","embeddable":true,"href":"https:\/\/roveyayinevi.com.tr\/index.php\/wp-json\/wp\/v2\/product_brand?post=752543"},{"taxonomy":"product_cat","embeddable":true,"href":"https:\/\/roveyayinevi.com.tr\/index.php\/wp-json\/wp\/v2\/product_cat?post=752543"},{"taxonomy":"product_tag","embeddable":true,"href":"https:\/\/roveyayinevi.com.tr\/index.php\/wp-json\/wp\/v2\/product_tag?post=752543"}],"curies":[{"name":"wp","href":"https:\/\/api.w.org\/{rel}","templated":true}]}}