{"id":752526,"date":"2025-08-28T05:18:22","date_gmt":"2025-08-28T02:18:22","guid":{"rendered":"https:\/\/roveyayinevi.com.tr\/index.php\/urun\/siirin-beylerbeyi-necati-bey\/"},"modified":"2026-04-16T03:05:57","modified_gmt":"2026-04-16T00:05:57","slug":"siirin-beylerbeyi-necati-bey","status":"publish","type":"product","link":"https:\/\/roveyayinevi.com.tr\/index.php\/urun\/siirin-beylerbeyi-necati-bey\/","title":{"rendered":"\u015eiirin Beylerbeyi Necati Bey"},"content":{"rendered":"<p>\u015eiirin beylerbeyi, T\u00fcrk\u00e7enin ses bayra\u011f\u0131, s\u00f6z b\u00fcy\u00fcc\u00fcs\u00fc\u2026 Necati Bey isminin ba\u015f\u0131na getirilecek hi\u00e7bir s\u0131fat onun edeb\u00ee ki\u015fili\u011fini lay\u0131k\u0131yla kar\u015f\u0131lamaz. \u015eiire raksettiren \u015fair, Ahmed\u00ee ve \u015eeyh\u00ee gibi \u015fairlerden ald\u0131\u011f\u0131 ilham\u0131 T\u00fcrk\u00e7eye can veren yetene\u011fiyle besleyip divan \u015fiirini \u00e7ok farkl\u0131 bir boyuta ta\u015f\u0131r. T\u00fcrk\u00e7e saf, kusursuz ve samimi s\u00f6yleyi\u015fi Anadolu\u2019ya getiren Necati Bey, divan \u015fiirini Acem taklidi olma tehlikesinden kurtar\u0131p \u00f6zg\u00fcn s\u00f6yleyi\u015f kap\u0131lar\u0131n\u0131 sonuna kadar a\u00e7ar. Alt\u0131 as\u0131rl\u0131k divan \u015fiiri, uzun soluklu olu\u015funu biraz da Necati Bey\u2019in b\u00fcy\u00fcleyici h\u00fcnerler g\u00f6steren keskin zek\u00e2s\u0131na bor\u00e7ludur.Ni\u015fanc\u0131l\u0131k yapt\u0131\u011f\u0131 i\u00e7in \u201cbey\u201d unvan\u0131 alan Necati\u2019ye, \u015fiirdeki h\u00fcnerleri sayesinde \u015fiirin beylerbeyi dense yeridir. \u00c7\u00fcnk\u00fc Osmanl\u0131\u2019n\u0131n ilk d\u00f6nemlerinde mutlak bir yetkiyi temsil eden \u201cbeylerbeyi\u201d unvan\u0131, divan \u015fiirinin erken klasik devresinde sahneye \u00e7\u0131k\u0131p s\u00f6z ordusunun ba\u015fbu\u011fu olan Necati Bey\u2019e pek yak\u0131\u015f\u0131r. Kelimeleri sevk ve idarede e\u015fi benzeri olmayan Necati Bey, \u00e7a\u011flar \u00f6tesine g\u00f6nderdi\u011fi bu orduyla bir\u00e7ok \u015fairin g\u00f6nl\u00fcn\u00fc fethedip bereketli T\u00fcrk topraklar\u0131nda yeni \u015fiir bur\u00e7lar\u0131n\u0131n kurulmas\u0131na \u00f6nc\u00fcl\u00fck eder. \u0130\u015fte elinizdeki kitap, \u201c\u015eiirin Beylerbeyi Necati Bey\u201din divan\u0131ndan se\u00e7ilip g\u00fcn\u00fcm\u00fcz okuyucusuna sunulan bir g\u00fcldestedir.<\/p>\n","protected":false},"excerpt":{"rendered":"<p>\u015eiirin beylerbeyi, T\u00fcrk\u00e7enin ses bayra\u011f\u0131, s\u00f6z b\u00fcy\u00fcc\u00fcs\u00fc\u2026 Necati Bey isminin ba\u015f\u0131na getirilecek hi\u00e7bir s\u0131fat onun edeb\u00ee ki\u015fili\u011fini lay\u0131k\u0131yla kar\u015f\u0131lamaz. \u015eiire raksettiren \u015fair, Ahmed\u00ee ve \u015eeyh\u00ee gibi<span class=\"excerpt-hellip\"> [\u2026]<\/span><\/p>\n","protected":false},"featured_media":0,"template":"","meta":{"_monsterinsights_skip_tracking":false,"_monsterinsights_sitenote_active":false,"_monsterinsights_sitenote_note":"","_monsterinsights_sitenote_category":0},"product_brand":[],"product_cat":[13072,12291],"product_tag":[],"class_list":{"0":"post-752526","1":"product","2":"type-product","3":"status-publish","5":"product_cat-arastirma-inceleme-referans","6":"product_cat-edebiyat","7":"pa_cilt-ciltsiz","8":"pa_tur-kitap","9":"pa_yayinevi-muhit-kitap","10":"pa_yazar-ozan-yilmaz","12":"first","13":"instock","14":"sale","15":"shipping-taxable","16":"purchasable","17":"product-type-simple"},"_links":{"self":[{"href":"https:\/\/roveyayinevi.com.tr\/index.php\/wp-json\/wp\/v2\/product\/752526","targetHints":{"allow":["GET"]}}],"collection":[{"href":"https:\/\/roveyayinevi.com.tr\/index.php\/wp-json\/wp\/v2\/product"}],"about":[{"href":"https:\/\/roveyayinevi.com.tr\/index.php\/wp-json\/wp\/v2\/types\/product"}],"wp:attachment":[{"href":"https:\/\/roveyayinevi.com.tr\/index.php\/wp-json\/wp\/v2\/media?parent=752526"}],"wp:term":[{"taxonomy":"product_brand","embeddable":true,"href":"https:\/\/roveyayinevi.com.tr\/index.php\/wp-json\/wp\/v2\/product_brand?post=752526"},{"taxonomy":"product_cat","embeddable":true,"href":"https:\/\/roveyayinevi.com.tr\/index.php\/wp-json\/wp\/v2\/product_cat?post=752526"},{"taxonomy":"product_tag","embeddable":true,"href":"https:\/\/roveyayinevi.com.tr\/index.php\/wp-json\/wp\/v2\/product_tag?post=752526"}],"curies":[{"name":"wp","href":"https:\/\/api.w.org\/{rel}","templated":true}]}}