{"id":752512,"date":"2025-08-28T05:18:01","date_gmt":"2025-08-28T02:18:01","guid":{"rendered":"https:\/\/roveyayinevi.com.tr\/index.php\/urun\/golge-bekcisi\/"},"modified":"2026-04-16T03:05:56","modified_gmt":"2026-04-16T00:05:56","slug":"golge-bekcisi","status":"publish","type":"product","link":"https:\/\/roveyayinevi.com.tr\/index.php\/urun\/golge-bekcisi\/","title":{"rendered":"G\u00f6lge Bek\u00e7isi"},"content":{"rendered":"<p>\u201cPe\u015fimde dola\u015fan her avc\u0131, kurban olmaya haz\u0131r \u015feytand\u0131r.\u201d   Hayat denilen gizemli ser\u00fcvende siyahla beyaz, g\u00fcnd\u00fczle gece, sevin\u00e7le h\u00fcz\u00fcn, ayd\u0131nl\u0131kla karanl\u0131k gibi say\u0131s\u0131z z\u0131tl\u0131klar kol kola girerek bize e\u015flik eder. Bu durumu zamanla \u00f6ylesine kabulleniriz ki etraf\u0131m\u0131zda olup biten her \u015feyi bu \u201cdualite\u201d penceresinden bakarak de\u011ferlendirmeye; iyi ve k\u00f6t\u00fc hakk\u0131nda keskin yarg\u0131lara varmaya ba\u015flar\u0131z.   Peki masum olanla \u015feytan\u0131n, avla avc\u0131n\u0131n, kurbanla katilin kim oldu\u011fu acaba her zaman bu kadar net olarak belli midir?   \u201cG\u00f6lge Bek\u00e7isi\u201dnde kurban olmaya haz\u0131r \u015feytanla, pe\u015finde ko\u015fmakta oldu\u011fu av\u0131n\u0131n aras\u0131ndaki sava\u015f\u0131n kazanan\u0131 veya kaybedeni olmayacak; \u00e7\u00fcnk\u00fc g\u00f6lgeler, karanl\u0131k ve ayd\u0131nl\u0131\u011f\u0131n m\u00fccadelesine \u015fahitlik etmek yerine bu defa kaderi belirleyecek\u2026   \u201cG\u00f6lge Bek\u00e7isi\u201d s\u0131ra d\u0131\u015f\u0131 karakterleri, ger\u00e7eklik alg\u0131n\u0131z\u0131 de\u011fi\u015ftirecek olay \u00f6rg\u00fcs\u00fc, bir an bile d\u00fc\u015fmeyen temposuyla soluk solu\u011fa okuyaca\u011f\u0131n\u0131z bir eser. Y\u00fcre\u011finizin tenha k\u00f6\u015felerinde gizlenmi\u015f duygularla y\u00fczle\u015fmeye; beyninizin en \u00fccra k\u0131vr\u0131mlar\u0131nda yolculu\u011fa \u00e7\u0131kmaya haz\u0131rsan\u0131z, elinizde do\u011fru kitab\u0131 tutuyorsunuz demektir.   -Fatma Kayhan<\/p>\n","protected":false},"excerpt":{"rendered":"<p>\u201cPe\u015fimde dola\u015fan her avc\u0131, kurban olmaya haz\u0131r \u015feytand\u0131r.\u201d Hayat denilen gizemli ser\u00fcvende siyahla beyaz, g\u00fcnd\u00fczle gece, sevin\u00e7le h\u00fcz\u00fcn, ayd\u0131nl\u0131kla karanl\u0131k gibi say\u0131s\u0131z z\u0131tl\u0131klar kol kola girerek<span class=\"excerpt-hellip\"> [\u2026]<\/span><\/p>\n","protected":false},"featured_media":0,"template":"","meta":{"_monsterinsights_skip_tracking":false,"_monsterinsights_sitenote_active":false,"_monsterinsights_sitenote_note":"","_monsterinsights_sitenote_category":0},"product_brand":[],"product_cat":[12291,12711],"product_tag":[],"class_list":{"0":"post-752512","1":"product","2":"type-product","3":"status-publish","5":"product_cat-edebiyat","6":"product_cat-roman-oyku","7":"pa_cilt-ciltsiz","8":"pa_tur-kitap","9":"pa_yayinevi-luna-yayinlari","10":"pa_yazar-vedat-akyol","12":"first","13":"instock","14":"sale","15":"shipping-taxable","16":"purchasable","17":"product-type-simple"},"_links":{"self":[{"href":"https:\/\/roveyayinevi.com.tr\/index.php\/wp-json\/wp\/v2\/product\/752512","targetHints":{"allow":["GET"]}}],"collection":[{"href":"https:\/\/roveyayinevi.com.tr\/index.php\/wp-json\/wp\/v2\/product"}],"about":[{"href":"https:\/\/roveyayinevi.com.tr\/index.php\/wp-json\/wp\/v2\/types\/product"}],"wp:attachment":[{"href":"https:\/\/roveyayinevi.com.tr\/index.php\/wp-json\/wp\/v2\/media?parent=752512"}],"wp:term":[{"taxonomy":"product_brand","embeddable":true,"href":"https:\/\/roveyayinevi.com.tr\/index.php\/wp-json\/wp\/v2\/product_brand?post=752512"},{"taxonomy":"product_cat","embeddable":true,"href":"https:\/\/roveyayinevi.com.tr\/index.php\/wp-json\/wp\/v2\/product_cat?post=752512"},{"taxonomy":"product_tag","embeddable":true,"href":"https:\/\/roveyayinevi.com.tr\/index.php\/wp-json\/wp\/v2\/product_tag?post=752512"}],"curies":[{"name":"wp","href":"https:\/\/api.w.org\/{rel}","templated":true}]}}