{"id":752496,"date":"2025-08-28T05:17:40","date_gmt":"2025-08-28T02:17:40","guid":{"rendered":"https:\/\/roveyayinevi.com.tr\/index.php\/urun\/potansiyelinizin-sinirlarini-zorlayin\/"},"modified":"2026-04-16T03:05:56","modified_gmt":"2026-04-16T00:05:56","slug":"potansiyelinizin-sinirlarini-zorlayin","status":"publish","type":"product","link":"https:\/\/roveyayinevi.com.tr\/index.php\/urun\/potansiyelinizin-sinirlarini-zorlayin\/","title":{"rendered":"Potansiyelinizin S\u0131n\u0131rlar\u0131n\u0131 Zorlay\u0131n"},"content":{"rendered":"<p>\u0130nsan ya\u015fam\u0131 engellerle doludur; engellerden ka\u00e7mak yerine engelleri a\u015fman\u0131n yollar\u0131n\u0131 aray\u0131p bulmak mutlak ba\u015far\u0131ya g\u00f6t\u00fcr\u00fcr insan\u0131 ve mutlu eder.   \u201cHedeflerimize odaklanarak engelleri a\u015fman\u0131n de\u011ferini fark etmek \u00f6nemlidir. Engellerle kar\u015f\u0131la\u015fmak, hedeflerimize ula\u015fmaktaki yolculu\u011fun bir par\u00e7as\u0131d\u0131r. Engellerin \u00fcstesinden geldik\u00e7e, g\u00fc\u00e7l\u00fc ve diren\u00e7li oldu\u011fumuzu ke\u015ffederiz. Engelleri a\u015fmak, ki\u015fisel geli\u015fimimizi destekler ve bizi daha da g\u00fc\u00e7lendirir. Ayn\u0131 zamanda, engelleri a\u015fman\u0131n getirdi\u011fi ba\u015far\u0131 hissi ve hedeflerimize ula\u015fma duygusu bizi motive eder ve ilerlememizi sa\u011flar. Engeller, bizi hedeflerimize daha da yakla\u015ft\u0131ran birer \u00f6\u011frenme ve b\u00fcy\u00fcme f\u0131rsat\u0131d\u0131r.\u201d   \u201cPotansiyelinizin S\u0131n\u0131rlar\u0131n\u0131 Zorlay\u0131n \/ Ke\u015fif\u201d kitab\u0131, engelleri a\u015fman\u0131n ve ba\u015far\u0131n\u0131n anahtar\u0131n\u0131 sunuyor okuruna. Okumak ayr\u0131cal\u0131k, ba\u015farmak mutluluktur.<\/p>\n","protected":false},"excerpt":{"rendered":"<p>\u0130nsan ya\u015fam\u0131 engellerle doludur; engellerden ka\u00e7mak yerine engelleri a\u015fman\u0131n yollar\u0131n\u0131 aray\u0131p bulmak mutlak ba\u015far\u0131ya g\u00f6t\u00fcr\u00fcr insan\u0131 ve mutlu eder. \u201cHedeflerimize odaklanarak engelleri a\u015fman\u0131n de\u011ferini fark etmek<span class=\"excerpt-hellip\"> [\u2026]<\/span><\/p>\n","protected":false},"featured_media":0,"template":"","meta":{"_monsterinsights_skip_tracking":false,"_monsterinsights_sitenote_active":false,"_monsterinsights_sitenote_note":"","_monsterinsights_sitenote_category":0},"product_brand":[],"product_cat":[12364,12376],"product_tag":[],"class_list":{"0":"post-752496","1":"product","2":"type-product","3":"status-publish","5":"product_cat-genel-konular","6":"product_cat-kisisel-gelisim","7":"pa_cilt-ciltsiz","8":"pa_tur-kitap","9":"pa_yayinevi-la-kitap-yayinlari","10":"pa_yazar-yusuf-turunc","12":"first","13":"instock","14":"sale","15":"shipping-taxable","16":"purchasable","17":"product-type-simple"},"_links":{"self":[{"href":"https:\/\/roveyayinevi.com.tr\/index.php\/wp-json\/wp\/v2\/product\/752496","targetHints":{"allow":["GET"]}}],"collection":[{"href":"https:\/\/roveyayinevi.com.tr\/index.php\/wp-json\/wp\/v2\/product"}],"about":[{"href":"https:\/\/roveyayinevi.com.tr\/index.php\/wp-json\/wp\/v2\/types\/product"}],"wp:attachment":[{"href":"https:\/\/roveyayinevi.com.tr\/index.php\/wp-json\/wp\/v2\/media?parent=752496"}],"wp:term":[{"taxonomy":"product_brand","embeddable":true,"href":"https:\/\/roveyayinevi.com.tr\/index.php\/wp-json\/wp\/v2\/product_brand?post=752496"},{"taxonomy":"product_cat","embeddable":true,"href":"https:\/\/roveyayinevi.com.tr\/index.php\/wp-json\/wp\/v2\/product_cat?post=752496"},{"taxonomy":"product_tag","embeddable":true,"href":"https:\/\/roveyayinevi.com.tr\/index.php\/wp-json\/wp\/v2\/product_tag?post=752496"}],"curies":[{"name":"wp","href":"https:\/\/api.w.org\/{rel}","templated":true}]}}