{"id":752483,"date":"2025-08-28T05:17:20","date_gmt":"2025-08-28T02:17:20","guid":{"rendered":"https:\/\/roveyayinevi.com.tr\/index.php\/urun\/insanligimi-yitirirken-cilt-3\/"},"modified":"2026-04-16T03:05:56","modified_gmt":"2026-04-16T00:05:56","slug":"insanligimi-yitirirken-cilt-3","status":"publish","type":"product","link":"https:\/\/roveyayinevi.com.tr\/index.php\/urun\/insanligimi-yitirirken-cilt-3\/","title":{"rendered":"\u0130nsanl\u0131\u011f\u0131m\u0131 Yitirirken Cilt 3"},"content":{"rendered":"<p>Alternatif mangan\u0131n \u00e7\u0131\u011f\u0131r a\u00e7an isimlerinden Usamaru Furuya\u2019n\u0131n uyarlad\u0131\u011f\u0131 \u0130nsanl\u0131\u011f\u0131m\u0131 Yitirirken, Dazai\u2019nin \u00f6zg\u00fcn eserinin yakla\u015f\u0131k yetmi\u015f sene sonras\u0131nda ge\u00e7iyor. G\u00fcn\u00fcm\u00fcz Tokyo\u2019sunda hayat bulan Dazai\u2019nin \u00f6yk\u00fcs\u00fc, Japonya\u2019n\u0131n kuzeyindeki varl\u0131kl\u0131 bir aileden gelen gen\u00e7 bir adam\u0131n hayat\u0131n\u0131 anlat\u0131yor.   Neden bu kadar uza\u011fa gittim?   Sevdi\u011fi kad\u0131nla evlenen Yozo, mutlu bir hayat s\u00fcrmeye ba\u015flar. Ancak k\u0131sa s\u00fcre sonra ba\u015f\u0131na b\u00fcy\u00fck bir talihsizlik gelecektir. Sa\u00e7lar\u0131 bembeyaz olan Yozo\u2019nun g\u00fcndelik hayat\u0131 tam tersi bir karanl\u0131\u011fa boyanm\u0131\u015ft\u0131r. Bir yaprak gibi d\u00fc\u015fen Yozo\u2019ya elini uzatan \u015fey ise \u201cUyu\u015fturucu\u201d denilen o yasak meyvedir&#8230;   Yeti\u015fkin okurlara tavsiye olunur.   <\/p>\n","protected":false},"excerpt":{"rendered":"<p>Alternatif mangan\u0131n \u00e7\u0131\u011f\u0131r a\u00e7an isimlerinden Usamaru Furuya\u2019n\u0131n uyarlad\u0131\u011f\u0131 \u0130nsanl\u0131\u011f\u0131m\u0131 Yitirirken, Dazai\u2019nin \u00f6zg\u00fcn eserinin yakla\u015f\u0131k yetmi\u015f sene sonras\u0131nda ge\u00e7iyor. G\u00fcn\u00fcm\u00fcz Tokyo\u2019sunda hayat bulan Dazai\u2019nin \u00f6yk\u00fcs\u00fc, Japonya\u2019n\u0131n kuzeyindeki<span class=\"excerpt-hellip\"> [\u2026]<\/span><\/p>\n","protected":false},"featured_media":0,"template":"","meta":{"_monsterinsights_skip_tracking":false,"_monsterinsights_sitenote_active":false,"_monsterinsights_sitenote_note":"","_monsterinsights_sitenote_category":0},"product_brand":[],"product_cat":[12416,12291],"product_tag":[],"class_list":{"0":"post-752483","1":"product","2":"type-product","3":"status-publish","5":"product_cat-cizgi-roman","6":"product_cat-edebiyat","7":"pa_cilt-ciltsiz","8":"pa_tur-kitap","9":"pa_yayinevi-ithaki-yayinlari","10":"pa_yazar-osamu-dazai-usamaru-furuya","12":"first","13":"instock","14":"sale","15":"shipping-taxable","16":"purchasable","17":"product-type-simple"},"_links":{"self":[{"href":"https:\/\/roveyayinevi.com.tr\/index.php\/wp-json\/wp\/v2\/product\/752483","targetHints":{"allow":["GET"]}}],"collection":[{"href":"https:\/\/roveyayinevi.com.tr\/index.php\/wp-json\/wp\/v2\/product"}],"about":[{"href":"https:\/\/roveyayinevi.com.tr\/index.php\/wp-json\/wp\/v2\/types\/product"}],"wp:attachment":[{"href":"https:\/\/roveyayinevi.com.tr\/index.php\/wp-json\/wp\/v2\/media?parent=752483"}],"wp:term":[{"taxonomy":"product_brand","embeddable":true,"href":"https:\/\/roveyayinevi.com.tr\/index.php\/wp-json\/wp\/v2\/product_brand?post=752483"},{"taxonomy":"product_cat","embeddable":true,"href":"https:\/\/roveyayinevi.com.tr\/index.php\/wp-json\/wp\/v2\/product_cat?post=752483"},{"taxonomy":"product_tag","embeddable":true,"href":"https:\/\/roveyayinevi.com.tr\/index.php\/wp-json\/wp\/v2\/product_tag?post=752483"}],"curies":[{"name":"wp","href":"https:\/\/api.w.org\/{rel}","templated":true}]}}