{"id":752478,"date":"2025-08-28T05:17:10","date_gmt":"2025-08-28T02:17:10","guid":{"rendered":"https:\/\/roveyayinevi.com.tr\/index.php\/urun\/bizi-saran-deniz\/"},"modified":"2026-04-16T03:05:55","modified_gmt":"2026-04-16T00:05:55","slug":"bizi-saran-deniz","status":"publish","type":"product","link":"https:\/\/roveyayinevi.com.tr\/index.php\/urun\/bizi-saran-deniz\/","title":{"rendered":"Bizi Saran Deniz"},"content":{"rendered":"<p>Bizi Saran Deniz\u2019de Rachel Carson denizlerle kurdu\u011fumuz \u00f6zel ili\u015fkiye de\u011finmeyi ihmal etmeden yerk\u00fcrenin ve denizlerin olu\u015fumundan ba\u015flayarak ya\u015fad\u0131\u011f\u0131m\u0131z d\u00fcnyayla ve en \u00e7ok da denizlerle ilgili temel meselelere odaklan\u0131yor. Bilimsel a\u00e7\u0131klamalardan \u015fa\u015fmadan ilerleyen Carson ayn\u0131 zamanda usta edebiyat\u00e7\u0131lar\u0131 aratmayan \u00fcslubuyla kitap boyunca okurlar\u0131n merak\u0131n\u0131 her daim diri tutmay\u0131 ba\u015far\u0131yor. 1951 y\u0131l\u0131nda yay\u0131mlanmas\u0131na ra\u011fmen g\u00fcncelli\u011fini h\u00e2l\u00e2 koruyan Bizi Saran Deniz 1952 y\u0131l\u0131nda Ulusal Kitap \u00d6d\u00fcl\u00fc ve John Burroughs \u00d6d\u00fcl\u00fc kazanmas\u0131n\u0131n yan\u0131 s\u0131ra haftalarca New York Times \u00e7oksatar listesinde kalm\u0131\u015f ve Oscar \u00f6d\u00fcll\u00fc bir belgesele de ilham vererek klasikle\u015fmi\u015f bir metin.   D\u00fcnyan\u0131n nas\u0131l olu\u015ftu\u011fuyla, yerk\u00fcrenin, denizlerin ve ay\u0131n nas\u0131l \u015fekillendi\u011fiyle a\u00e7\u0131l\u0131yor kitab\u0131n sayfalar\u0131. Jeolojik zaman \u00e7izelgesinde birka\u00e7 sat\u0131ra denk gelen ancak insan \u00f6mr\u00fcyle k\u0131yasland\u0131\u011f\u0131nda sonsuzlu\u011fun dahi yetersiz kald\u0131\u011f\u0131 bir zaman dilimi i\u00e7inde \u015fa\u015f\u0131rt\u0131c\u0131 bir yolculu\u011fa \u00e7\u0131kar\u0131yor bizi Carson. Bu yolculukta, genel hatlar\u0131yla bildi\u011fimizi zannetti\u011fimiz konular\u0131n \u2013 \u00f6rne\u011fin r\u00fczg\u00e2rlar\u0131n, gelgitlerin, s\u0131cak ve so\u011fuk su ak\u0131nt\u0131lar\u0131n\u0131n, denizde evrimle\u015fen ya\u015fam\u0131n karaya \u00e7\u0131k\u0131\u015f\u0131n\u0131n ve milyonlarca y\u0131l sonra k\u0131smen geri d\u00f6nmesinin \u2013 ne kadar ayr\u0131nt\u0131l\u0131 ele al\u0131nd\u0131\u011f\u0131n\u0131 ve ne kadar hassas bir dengeyle birbirlerine ba\u011fland\u0131\u011f\u0131n\u0131 g\u00f6r\u00fcyoruz.   T\u00fcm bu co\u011frafi, jeolojik, hidrolojik \u00f6zelliklerin \u00f6tesinde, Carson\u2019\u0131n kitap boyunca son derece yetkin bi\u00e7imde ele ald\u0131\u011f\u0131 bir ba\u015fka konu da denizle insan aras\u0131ndaki ili\u015fkinin temel dinamikleri. Seyr\u00fcsefer rotalar\u0131, kar\u015f\u0131la\u015f\u0131lan co\u011frafyalar, ya\u015fanan iklimler, denize dair fiziksel zorluklar ve bu zorluklar kar\u015f\u0131s\u0131nda insan\u0131n uyum sa\u011flamak i\u00e7in yapt\u0131klar\u0131 b\u00f6l\u00fcmlerde anlat\u0131lan meselelere e\u015flik ediyor. Bizi Saran Deniz bir yan\u0131yla insan\u0131n deniz ve do\u011fayla kurdu\u011fu \u00e7arp\u0131k ili\u015fkiyi de ortaya koyan bir metin. Metin boyunca insanl\u0131\u011f\u0131n denize yaln\u0131zca hayranl\u0131k duymakla kalmay\u0131p yeri geldi\u011finde \u2013 daha do\u011frusu f\u0131rsat bulduk\u00e7a \u2013 ona h\u00fckmedip de\u011fi\u015ftirmeye \u00e7abalamas\u0131yla da y\u00fczle\u015fiyoruz.   Yay\u0131mlanmas\u0131n\u0131n \u00fczerinden bunca zaman ge\u00e7mi\u015f olmas\u0131na ra\u011fmen bug\u00fcn bile d\u00fcnyan\u0131n d\u00f6rt bir yan\u0131nda insanlara ilham vermeye devam edebilmesinin alt\u0131nda, Carson\u2019\u0131n okurlar\u0131n\u0131 da sar\u0131p sarmalayan tutkusunun yan\u0131 s\u0131ra d\u00fcnyam\u0131za ve denizlere bamba\u015fka bir g\u00f6zle bakabilmemizi sa\u011flama becerisi yat\u0131yor. \u0130nsanl\u0131\u011f\u0131n gelece\u011fini tehdit eden iklim krizi etkisini her ge\u00e7en g\u00fcn daha g\u00fc\u00e7l\u00fc bir \u015fekilde hissettirmeye devam ederken Bizi Saran Deniz okyanuslardaki ya\u015fam\u0131n k\u0131r\u0131lganl\u0131\u011f\u0131na ve \u00f6nemine dikkat \u00e7eken g\u00fcncel bir metin olarak \u00f6ne \u00e7\u0131k\u0131yor. <\/p>\n","protected":false},"excerpt":{"rendered":"<p>Bizi Saran Deniz\u2019de Rachel Carson denizlerle kurdu\u011fumuz \u00f6zel ili\u015fkiye de\u011finmeyi ihmal etmeden yerk\u00fcrenin ve denizlerin olu\u015fumundan ba\u015flayarak ya\u015fad\u0131\u011f\u0131m\u0131z d\u00fcnyayla ve en \u00e7ok da denizlerle ilgili temel<span class=\"excerpt-hellip\"> [\u2026]<\/span><\/p>\n","protected":false},"featured_media":0,"template":"","meta":{"_monsterinsights_skip_tracking":false,"_monsterinsights_sitenote_active":false,"_monsterinsights_sitenote_note":"","_monsterinsights_sitenote_category":0},"product_brand":[],"product_cat":[12291],"product_tag":[],"class_list":{"0":"post-752478","1":"product","2":"type-product","3":"status-publish","5":"product_cat-edebiyat","6":"pa_cilt-ciltsiz","7":"pa_tur-kitap","8":"pa_yayinevi-livera-yayinevi","9":"pa_yazar-rachel-carson","11":"first","12":"instock","13":"sale","14":"shipping-taxable","15":"purchasable","16":"product-type-simple"},"_links":{"self":[{"href":"https:\/\/roveyayinevi.com.tr\/index.php\/wp-json\/wp\/v2\/product\/752478","targetHints":{"allow":["GET"]}}],"collection":[{"href":"https:\/\/roveyayinevi.com.tr\/index.php\/wp-json\/wp\/v2\/product"}],"about":[{"href":"https:\/\/roveyayinevi.com.tr\/index.php\/wp-json\/wp\/v2\/types\/product"}],"wp:attachment":[{"href":"https:\/\/roveyayinevi.com.tr\/index.php\/wp-json\/wp\/v2\/media?parent=752478"}],"wp:term":[{"taxonomy":"product_brand","embeddable":true,"href":"https:\/\/roveyayinevi.com.tr\/index.php\/wp-json\/wp\/v2\/product_brand?post=752478"},{"taxonomy":"product_cat","embeddable":true,"href":"https:\/\/roveyayinevi.com.tr\/index.php\/wp-json\/wp\/v2\/product_cat?post=752478"},{"taxonomy":"product_tag","embeddable":true,"href":"https:\/\/roveyayinevi.com.tr\/index.php\/wp-json\/wp\/v2\/product_tag?post=752478"}],"curies":[{"name":"wp","href":"https:\/\/api.w.org\/{rel}","templated":true}]}}