{"id":752475,"date":"2025-08-28T05:17:07","date_gmt":"2025-08-28T02:17:07","guid":{"rendered":"https:\/\/roveyayinevi.com.tr\/index.php\/urun\/kadina-karsi-ayrimcilik\/"},"modified":"2026-01-22T03:28:48","modified_gmt":"2026-01-22T00:28:48","slug":"kadina-karsi-ayrimcilik","status":"publish","type":"product","link":"https:\/\/roveyayinevi.com.tr\/index.php\/urun\/kadina-karsi-ayrimcilik\/","title":{"rendered":"Kad\u0131na Kar\u015f\u0131 Ayr\u0131mc\u0131l\u0131k"},"content":{"rendered":"<p>\u201cKad\u0131nlara kar\u015f\u0131 ayr\u0131mc\u0131l\u0131k\u201d \u00e7ok geni\u015f kapsaml\u0131 ve disiplinleraras\u0131 bir kavram. Bu kitapta yer alan katk\u0131lar bu ger\u00e7e\u011fin \u0131\u015f\u0131\u011f\u0131nda, kad\u0131na kar\u015f\u0131 ayr\u0131mc\u0131l\u0131k sorununa odaklanan incelemelerden olu\u015fuyor. Ve bu yakla\u015f\u0131m, kad\u0131n\u0131n insan haklar\u0131na ili\u015fkin uluslararas\u0131 temel normatif bir d\u00fczenleme olan Birle\u015fmi\u015f Milletler Kad\u0131nlara Kar\u015f\u0131 Her T\u00fcrl\u00fc Ayr\u0131mc\u0131l\u0131\u011f\u0131n \u00d6nlenmesi S\u00f6zle\u015fmesi (k\u0131sa ad\u0131yla CEDAW) ba\u011flam\u0131nda derinlemesine inceleniyor. Kad\u0131nlara kar\u015f\u0131 ayr\u0131mc\u0131l\u0131\u011f\u0131n \u00f6nlenmesine y\u00f6nelik S\u00f6zle\u015fme ile kurulan bu koruma rejiminin geli\u015ftirilerek in\u015fa edilmesi, birka\u00e7 y\u0131l sonra yar\u0131m y\u00fczy\u0131la varacak, i\u00e7 devinimi \u00e7ok y\u00fcksek olan bir s\u00fcreci kaps\u0131yor. Bu devinimin ba\u015fl\u0131ca akt\u00f6rleri elbette kad\u0131nlar, yerel ve uluslararas\u0131 kad\u0131n haklar\u0131 hareketi ve uluslararas\u0131 \u00f6rg\u00fctler b\u00fcnyesinde ger\u00e7ekle\u015ftirilen m\u00fccadele. Bu haklar\u0131n korunmas\u0131 rejiminin \u00fcretti\u011fi ve di\u011fer disiplinler alan\u0131ndaki geli\u015fmeleri dikkate alarak geli\u015ftirdi\u011fi, kavramsal ve uygulamaya dair \u00f6nemli bir hak standartlar\u0131 birikimi olu\u015ftu. Bu \u00f6nemli geli\u015fim, bu kitaba katk\u0131da bulunan, uluslararas\u0131 ve yerel kad\u0131n haklar\u0131 \u00e7al\u0131\u015fmalar\u0131 ve hareketi alan\u0131nda yetkin ara\u015ft\u0131rmac\u0131lar\u0131n farkl\u0131 ba\u015fl\u0131klar alt\u0131nda, geni\u015f bir \u00e7er\u00e7eveye yay\u0131lan \u00e7al\u0131\u015fmalar\u0131yla irdeleniyor. CEDAW hak koruma rejimi, CEDAW Komitesi\u2019nin Genel Tavsiyeleri, Nihai G\u00f6zlem Raporlar\u0131, Komite nezdinde bireysel \u015fik\u00e2yet ba\u015fvurusu ve soru\u015fturma usulleri, bireysel ba\u015fvurulara ili\u015fkin Komite kararlar\u0131; \u00f6zen y\u00fck\u00fcml\u00fcl\u00fc\u011f\u00fc kavram\u0131; ge\u00e7ici \u00f6zel \u00f6nlemler ve \u00f6zel \u00f6nlemler; toplumsal cinsiyet e\u015fitli\u011fi; toplumsal cinsiyete dayal\u0131 \u015fiddet; kesi\u015fimsellik; T\u00fcrkiye ve CEDAW ba\u011flar\u0131n\u0131n kurulmas\u0131 ve geli\u015fimi, T\u00fcrkiye hukukunda CEDAW\u2019a uyma y\u00fck\u00fcml\u00fcl\u00fc\u011f\u00fcn\u00fcn yap\u0131ta\u015flar\u0131n\u0131n ele\u015ftirel olarak de\u011ferlendirilmesi kitab\u0131n omurgas\u0131n\u0131 olu\u015fturan konular. Kitap, cinsiyete dayal\u0131 ayr\u0131mc\u0131l\u0131k konusunda, CEDAW deneyimini de\u011ferlendirme ba\u011flam\u0131nda, T\u00fcrk\u00e7e literat\u00fcre \u00f6nemli bir katk\u0131 sa\u011flayacakt\u0131r. Bu kitap, \u0130stanbul Bilgi \u00dcniversitesi, \u0130nsan Haklar\u0131 Hukuku Uygulama ve Ara\u015ft\u0131rma Merkezi b\u00fcnyesinde, uzman ara\u015ft\u0131rmac\u0131lar G\u00f6k\u00e7e\u00e7i\u00e7ek Ayata ve Sevin\u00e7 Ery\u0131lmaz taraf\u0131ndan y\u00fcr\u00fct\u00fclen, Federal Almanya Cumhuriyeti \u0130stanbul Ba\u015fkonsoloslu\u011fu taraf\u0131ndan desteklenen \u201cHukuk\u00e7ular i\u00e7in CEDAW Okuryazarl\u0131\u011f\u0131\u201d ba\u015fl\u0131kl\u0131 proje kapsam\u0131nda haz\u0131rland\u0131. <\/p>\n","protected":false},"excerpt":{"rendered":"<p>\u201cKad\u0131nlara kar\u015f\u0131 ayr\u0131mc\u0131l\u0131k\u201d \u00e7ok geni\u015f kapsaml\u0131 ve disiplinleraras\u0131 bir kavram. Bu kitapta yer alan katk\u0131lar bu ger\u00e7e\u011fin \u0131\u015f\u0131\u011f\u0131nda, kad\u0131na kar\u015f\u0131 ayr\u0131mc\u0131l\u0131k sorununa odaklanan incelemelerden olu\u015fuyor. Ve<span class=\"excerpt-hellip\"> [\u2026]<\/span><\/p>\n","protected":false},"featured_media":0,"template":"","meta":{"_monsterinsights_skip_tracking":false,"_monsterinsights_sitenote_active":false,"_monsterinsights_sitenote_note":"","_monsterinsights_sitenote_category":0},"product_brand":[],"product_cat":[15350],"product_tag":[],"class_list":{"0":"post-752475","1":"product","2":"type-product","3":"status-publish","5":"product_cat-hukuk","6":"pa_cilt-ciltsiz","7":"pa_tur-kitap","8":"pa_yayinevi-zoe-kitap","9":"pa_yazar-kolektif","11":"first","12":"instock","13":"sale","14":"shipping-taxable","15":"purchasable","16":"product-type-simple"},"_links":{"self":[{"href":"https:\/\/roveyayinevi.com.tr\/index.php\/wp-json\/wp\/v2\/product\/752475","targetHints":{"allow":["GET"]}}],"collection":[{"href":"https:\/\/roveyayinevi.com.tr\/index.php\/wp-json\/wp\/v2\/product"}],"about":[{"href":"https:\/\/roveyayinevi.com.tr\/index.php\/wp-json\/wp\/v2\/types\/product"}],"wp:attachment":[{"href":"https:\/\/roveyayinevi.com.tr\/index.php\/wp-json\/wp\/v2\/media?parent=752475"}],"wp:term":[{"taxonomy":"product_brand","embeddable":true,"href":"https:\/\/roveyayinevi.com.tr\/index.php\/wp-json\/wp\/v2\/product_brand?post=752475"},{"taxonomy":"product_cat","embeddable":true,"href":"https:\/\/roveyayinevi.com.tr\/index.php\/wp-json\/wp\/v2\/product_cat?post=752475"},{"taxonomy":"product_tag","embeddable":true,"href":"https:\/\/roveyayinevi.com.tr\/index.php\/wp-json\/wp\/v2\/product_tag?post=752475"}],"curies":[{"name":"wp","href":"https:\/\/api.w.org\/{rel}","templated":true}]}}