{"id":752463,"date":"2025-08-28T05:16:50","date_gmt":"2025-08-28T02:16:50","guid":{"rendered":"https:\/\/roveyayinevi.com.tr\/index.php\/urun\/double-me-4\/"},"modified":"2026-04-16T03:05:55","modified_gmt":"2026-04-16T00:05:55","slug":"double-me-4","status":"publish","type":"product","link":"https:\/\/roveyayinevi.com.tr\/index.php\/urun\/double-me-4\/","title":{"rendered":"Double Me 4"},"content":{"rendered":"<p>TEK TIKLA \u00d6L\u00dcMS\u00dcZL\u00dcK Aiko, babas\u0131 ve yeni m\u00fcttefikleri sayesinde polisten ka\u00e7may\u0131 ba\u015farm\u0131\u015ft\u0131r ama bu \u00f6zg\u00fcrl\u00fck fazla s\u00fcrmeyecektir. Yapay zek\u00e2 Sarah&#8217;n\u0131n yaratt\u0131\u011f\u0131 tehlikenin fark\u0131nda olan Yakuza, Cho&#8217;nun babas\u0131n\u0131n Aiko&#8217;yu ka\u00e7\u0131rmas\u0131na m\u00fcsaade eder ve insanl\u0131\u011f\u0131 felakete s\u00fcr\u00fckleyebilecek olan kad\u0131n\u0131n pe\u015fine d\u00fc\u015fer.\u0130nsan av\u0131 ba\u015flad\u0131; peki ama av sence kim? <\/p>\n","protected":false},"excerpt":{"rendered":"<p>TEK TIKLA \u00d6L\u00dcMS\u00dcZL\u00dcK Aiko, babas\u0131 ve yeni m\u00fcttefikleri sayesinde polisten ka\u00e7may\u0131 ba\u015farm\u0131\u015ft\u0131r ama bu \u00f6zg\u00fcrl\u00fck fazla s\u00fcrmeyecektir. Yapay zek\u00e2 Sarah&#8217;n\u0131n yaratt\u0131\u011f\u0131 tehlikenin fark\u0131nda olan Yakuza, Cho&#8217;nun<span class=\"excerpt-hellip\"> [\u2026]<\/span><\/p>\n","protected":false},"featured_media":0,"template":"","meta":{"_monsterinsights_skip_tracking":false,"_monsterinsights_sitenote_active":false,"_monsterinsights_sitenote_note":"","_monsterinsights_sitenote_category":0},"product_brand":[],"product_cat":[12416,12291],"product_tag":[],"class_list":{"0":"post-752463","1":"product","2":"type-product","3":"status-publish","5":"product_cat-cizgi-roman","6":"product_cat-edebiyat","7":"pa_cilt-ciltsiz","8":"pa_tur-kitap","9":"pa_yayinevi-dex-yayinevi","10":"pa_yazar-miki-makasu-oto-san","12":"first","13":"instock","14":"sale","15":"shipping-taxable","16":"purchasable","17":"product-type-simple"},"_links":{"self":[{"href":"https:\/\/roveyayinevi.com.tr\/index.php\/wp-json\/wp\/v2\/product\/752463","targetHints":{"allow":["GET"]}}],"collection":[{"href":"https:\/\/roveyayinevi.com.tr\/index.php\/wp-json\/wp\/v2\/product"}],"about":[{"href":"https:\/\/roveyayinevi.com.tr\/index.php\/wp-json\/wp\/v2\/types\/product"}],"wp:attachment":[{"href":"https:\/\/roveyayinevi.com.tr\/index.php\/wp-json\/wp\/v2\/media?parent=752463"}],"wp:term":[{"taxonomy":"product_brand","embeddable":true,"href":"https:\/\/roveyayinevi.com.tr\/index.php\/wp-json\/wp\/v2\/product_brand?post=752463"},{"taxonomy":"product_cat","embeddable":true,"href":"https:\/\/roveyayinevi.com.tr\/index.php\/wp-json\/wp\/v2\/product_cat?post=752463"},{"taxonomy":"product_tag","embeddable":true,"href":"https:\/\/roveyayinevi.com.tr\/index.php\/wp-json\/wp\/v2\/product_tag?post=752463"}],"curies":[{"name":"wp","href":"https:\/\/api.w.org\/{rel}","templated":true}]}}