{"id":752452,"date":"2025-08-28T05:16:35","date_gmt":"2025-08-28T02:16:35","guid":{"rendered":"https:\/\/roveyayinevi.com.tr\/index.php\/urun\/buyuk-turkce-sozluk-biala-kapak\/"},"modified":"2026-01-29T03:40:03","modified_gmt":"2026-01-29T00:40:03","slug":"buyuk-turkce-sozluk-biala-kapak","status":"publish","type":"product","link":"https:\/\/roveyayinevi.com.tr\/index.php\/urun\/buyuk-turkce-sozluk-biala-kapak\/","title":{"rendered":"B\u00fcy\u00fck T\u00fcrk\u00e7e S\u00f6zl\u00fck (Biala Kapak)"},"content":{"rendered":"<p>Bir ulusun varl\u0131k ara\u00e7lar\u0131ndan biri de ku\u015fkusuz dilidir. Ulusun dili ne kadar   zengin, dilindeki s\u00f6zc\u00fck say\u0131s\u0131 ve s\u00f6z da\u011farc\u0131\u011f\u0131 ne kadar geni\u015fse o ulusun b\u00fcy\u00fckl\u00fc\u011f\u00fc de o kadar tart\u0131\u015f\u0131lmaz olur. D\u00fcnyan\u0131n en eski dillerinden biri olan T\u00fcrk\u00e7e de T\u00fcrk ulusunun g\u00fcc\u00fcn\u00fcn ve g\u00f6rkeminin simgesidir. Gerek ge\u00e7mi\u015ften bug\u00fcne gelen, gerekse sonradan s\u00f6zc\u00fckler eklenip zenginle\u015ftirilen dil hazinemizi bir kez de biz g\u00f6zden ge\u00e7irdik. Bu de\u011ferli hazinemizi yeniden toparlayarak yakla\u015f\u0131k 25.000 s\u00f6zc\u00fckle siz sevgili \u00f6\u011frencilerin yarar\u0131na sunuyoruz. Yararlanman\u0131z, dilinizi do\u011fru ve gururla kullanman\u0131z dile\u011fiyle&#8230;<\/p>\n","protected":false},"excerpt":{"rendered":"<p>Bir ulusun varl\u0131k ara\u00e7lar\u0131ndan biri de ku\u015fkusuz dilidir. Ulusun dili ne kadar zengin, dilindeki s\u00f6zc\u00fck say\u0131s\u0131 ve s\u00f6z da\u011farc\u0131\u011f\u0131 ne kadar geni\u015fse o ulusun b\u00fcy\u00fckl\u00fc\u011f\u00fc de<span class=\"excerpt-hellip\"> [\u2026]<\/span><\/p>\n","protected":false},"featured_media":0,"template":"","meta":{"_monsterinsights_skip_tracking":false,"_monsterinsights_sitenote_active":false,"_monsterinsights_sitenote_note":"","_monsterinsights_sitenote_category":0},"product_brand":[],"product_cat":[12566,13611],"product_tag":[],"class_list":{"0":"post-752452","1":"product","2":"type-product","3":"status-publish","5":"product_cat-egitim","6":"product_cat-sozlukler-ve-konusma-kilavuzlari","7":"pa_cilt-ciltsiz","8":"pa_tur-kitap","9":"pa_yayinevi-ema-kitap","10":"pa_yazar-kolektif","12":"first","13":"instock","14":"sale","15":"shipping-taxable","16":"purchasable","17":"product-type-simple"},"_links":{"self":[{"href":"https:\/\/roveyayinevi.com.tr\/index.php\/wp-json\/wp\/v2\/product\/752452","targetHints":{"allow":["GET"]}}],"collection":[{"href":"https:\/\/roveyayinevi.com.tr\/index.php\/wp-json\/wp\/v2\/product"}],"about":[{"href":"https:\/\/roveyayinevi.com.tr\/index.php\/wp-json\/wp\/v2\/types\/product"}],"wp:attachment":[{"href":"https:\/\/roveyayinevi.com.tr\/index.php\/wp-json\/wp\/v2\/media?parent=752452"}],"wp:term":[{"taxonomy":"product_brand","embeddable":true,"href":"https:\/\/roveyayinevi.com.tr\/index.php\/wp-json\/wp\/v2\/product_brand?post=752452"},{"taxonomy":"product_cat","embeddable":true,"href":"https:\/\/roveyayinevi.com.tr\/index.php\/wp-json\/wp\/v2\/product_cat?post=752452"},{"taxonomy":"product_tag","embeddable":true,"href":"https:\/\/roveyayinevi.com.tr\/index.php\/wp-json\/wp\/v2\/product_tag?post=752452"}],"curies":[{"name":"wp","href":"https:\/\/api.w.org\/{rel}","templated":true}]}}