{"id":752448,"date":"2025-08-28T05:16:28","date_gmt":"2025-08-28T02:16:28","guid":{"rendered":"https:\/\/roveyayinevi.com.tr\/index.php\/urun\/peri-masali\/"},"modified":"2026-04-16T03:05:55","modified_gmt":"2026-04-16T00:05:55","slug":"peri-masali","status":"publish","type":"product","link":"https:\/\/roveyayinevi.com.tr\/index.php\/urun\/peri-masali\/","title":{"rendered":"Peri Masal\u0131"},"content":{"rendered":"<p>D\u00fcnya tehlikede\u2026 Hem bizimki hem de di\u011feri\u2026Charlie Reade on yedi ya\u015f\u0131nda, beyzbol ve Amerikan futbolunda ba\u015far\u0131l\u0131, s\u0131radan bir lise \u00f6\u011frencisidir. Bir g\u00fcn Radar ad\u0131nda bir k\u00f6pek ve onun sahibi Bay Bowditch\u2019le tan\u0131\u015f\u0131r. Bay Bowditch bir tepede, tekinsiz g\u00f6r\u00fcnen b\u00fcy\u00fck bir evde tek ba\u015f\u0131na ya\u015famaktad\u0131r. Evinin arkas\u0131nda zaman zaman tuhaf seslerin duyuldu\u011fu bir kul\u00fcbe, kul\u00fcbenin i\u00e7indeyse bir kuyu vard\u0131r.Ve masal bu ya, bu kuyu bamba\u015fka bir d\u00fcnyaya a\u00e7\u0131l\u0131r.G\u00f6ky\u00fcz\u00fcnde iki ay\u0131n ve bizim d\u00fcnyam\u0131zdaki g\u00f6kbilimcilerin hi\u00e7 g\u00f6rmedi\u011fi y\u0131ld\u0131zlar\u0131n parlad\u0131\u011f\u0131, korkun\u00e7 cezalara maruz kalm\u0131\u015f prens ve prenseslerin s\u00fcrg\u00fcn edildi\u011fi, sakinlerinin hastal\u0131kla lanetlendi\u011fi bir d\u00fcnyaya&#8230;D\u00e2hi yazar Stephen King, iyi ile k\u00f6t\u00fcn\u00fcn sava\u015ft\u0131\u011f\u0131 paralel bir d\u00fcnyan\u0131n kap\u0131lar\u0131n\u0131 aral\u0131yor ve hayal g\u00fcc\u00fcn\u00fcn en derin kuyusuna iniyor. Peri Masal\u0131, King\u2019in di\u011fer eserleri kadar \u015fa\u015f\u0131rt\u0131c\u0131 ve ikonik. Kahraman rol\u00fcne soyunan s\u0131radan bir gen\u00e7 adam\u0131n ola\u011fan\u00fcst\u00fc maceras\u0131n\u0131 konu alan gerilimli ve tatmin edici bir roman.<\/p>\n","protected":false},"excerpt":{"rendered":"<p>D\u00fcnya tehlikede\u2026 Hem bizimki hem de di\u011feri\u2026Charlie Reade on yedi ya\u015f\u0131nda, beyzbol ve Amerikan futbolunda ba\u015far\u0131l\u0131, s\u0131radan bir lise \u00f6\u011frencisidir. Bir g\u00fcn Radar ad\u0131nda bir k\u00f6pek<span class=\"excerpt-hellip\"> [\u2026]<\/span><\/p>\n","protected":false},"featured_media":0,"template":"","meta":{"_monsterinsights_skip_tracking":false,"_monsterinsights_sitenote_active":false,"_monsterinsights_sitenote_note":"","_monsterinsights_sitenote_category":0},"product_brand":[],"product_cat":[12291,17033],"product_tag":[],"class_list":{"0":"post-752448","1":"product","2":"type-product","3":"status-publish","5":"product_cat-edebiyat","6":"product_cat-korku-gerilim","7":"pa_cilt-ciltsiz","8":"pa_tur-kitap","9":"pa_yayinevi-altin-kitaplar","10":"pa_yazar-stephen-king","12":"first","13":"instock","14":"sale","15":"shipping-taxable","16":"purchasable","17":"product-type-simple"},"_links":{"self":[{"href":"https:\/\/roveyayinevi.com.tr\/index.php\/wp-json\/wp\/v2\/product\/752448","targetHints":{"allow":["GET"]}}],"collection":[{"href":"https:\/\/roveyayinevi.com.tr\/index.php\/wp-json\/wp\/v2\/product"}],"about":[{"href":"https:\/\/roveyayinevi.com.tr\/index.php\/wp-json\/wp\/v2\/types\/product"}],"wp:attachment":[{"href":"https:\/\/roveyayinevi.com.tr\/index.php\/wp-json\/wp\/v2\/media?parent=752448"}],"wp:term":[{"taxonomy":"product_brand","embeddable":true,"href":"https:\/\/roveyayinevi.com.tr\/index.php\/wp-json\/wp\/v2\/product_brand?post=752448"},{"taxonomy":"product_cat","embeddable":true,"href":"https:\/\/roveyayinevi.com.tr\/index.php\/wp-json\/wp\/v2\/product_cat?post=752448"},{"taxonomy":"product_tag","embeddable":true,"href":"https:\/\/roveyayinevi.com.tr\/index.php\/wp-json\/wp\/v2\/product_tag?post=752448"}],"curies":[{"name":"wp","href":"https:\/\/api.w.org\/{rel}","templated":true}]}}