{"id":752433,"date":"2025-08-28T05:16:07","date_gmt":"2025-08-28T02:16:07","guid":{"rendered":"https:\/\/roveyayinevi.com.tr\/index.php\/urun\/bizim-kitabimiz-4-yelhuderin-icatlari\/"},"modified":"2026-04-16T03:05:55","modified_gmt":"2026-04-16T00:05:55","slug":"bizim-kitabimiz-4-yelhuderin-icatlari","status":"publish","type":"product","link":"https:\/\/roveyayinevi.com.tr\/index.php\/urun\/bizim-kitabimiz-4-yelhuderin-icatlari\/","title":{"rendered":"Bizim Kitab\u0131m\u0131z-4 Yelhuder\u2019in \u0130catlar\u0131"},"content":{"rendered":"<p>\u201cBizim Kitab\u0131m\u0131z\u201d serisinin d\u00f6rd\u00fcnc\u00fcs\u00fc olan bu kitapta israf konusu, 7-12 ya\u015f \u00e7ocuklar i\u00e7in bir\u00e7ok e\u011fitici ve e\u011flenceli hikayelerle anlat\u0131lm\u0131\u015f ve \u015fark\u0131larla peki\u015ftirilmi\u015ftir. Bu hikayeler ayn\u0131 zamanda yeti\u015fkinlerin de ilgisini \u00e7ekmi\u015f ve zevkle okunup istifade ilmi\u015ftir. Bu kitapta; Ekmek \u0130sraf\u0131, Yiyecek \u0130sraf\u0131, Su \u0130sraf\u0131, Elbise \u0130sraf\u0131, E\u015fya \u0130sraf\u0131, Enerji ve G\u00fc\u00e7 \u0130sraf\u0131, Zaman \u0130sraf\u0131, Sa\u011fl\u0131k \u0130sraf\u0131, Para \u0130sraf\u0131, \u0130nsan \u0130sraf\u0131, Sevgi ve G\u00f6n\u00fcl \u0130sraf\u0131 i\u015flenmi\u015ftir. G\u00fcnl\u00fck hayatta fark\u0131nda olmadan neleri israf etti\u011fimiz, \u00e7\u00f6p diyerek art\u0131k i\u015fe yaramaz zannedip \u00e7\u00f6pe att\u0131\u011f\u0131m\u0131z malzemelerin nas\u0131l geri d\u00f6n\u00fc\u015ft\u00fcr\u00fcld\u00fc\u011f\u00fc tek tek anlat\u0131larak fark\u0131ndal\u0131k olu\u015fturulmu\u015ftur. Bunlar\u0131 yaparak hem \u00e7evremizi nas\u0131l temiz tutabilece\u011fimiz hem de do\u011faya nas\u0131l sahip \u00e7\u0131kabilece\u011fimiz ilmek ilmek i\u015flenmi\u015ftir. <\/p>\n","protected":false},"excerpt":{"rendered":"<p>\u201cBizim Kitab\u0131m\u0131z\u201d serisinin d\u00f6rd\u00fcnc\u00fcs\u00fc olan bu kitapta israf konusu, 7-12 ya\u015f \u00e7ocuklar i\u00e7in bir\u00e7ok e\u011fitici ve e\u011flenceli hikayelerle anlat\u0131lm\u0131\u015f ve \u015fark\u0131larla peki\u015ftirilmi\u015ftir. Bu hikayeler ayn\u0131 zamanda<span class=\"excerpt-hellip\"> [\u2026]<\/span><\/p>\n","protected":false},"featured_media":0,"template":"","meta":{"_monsterinsights_skip_tracking":false,"_monsterinsights_sitenote_active":false,"_monsterinsights_sitenote_note":"","_monsterinsights_sitenote_category":0},"product_brand":[],"product_cat":[12566],"product_tag":[],"class_list":{"0":"post-752433","1":"product","2":"type-product","3":"status-publish","5":"product_cat-egitim","6":"pa_cilt-ciltsiz","7":"pa_tur-kitap","8":"pa_yayinevi-zet-yayinlari","9":"pa_yazar-muberra-nurten-yildiz","11":"first","12":"instock","13":"sale","14":"shipping-taxable","15":"purchasable","16":"product-type-simple"},"_links":{"self":[{"href":"https:\/\/roveyayinevi.com.tr\/index.php\/wp-json\/wp\/v2\/product\/752433","targetHints":{"allow":["GET"]}}],"collection":[{"href":"https:\/\/roveyayinevi.com.tr\/index.php\/wp-json\/wp\/v2\/product"}],"about":[{"href":"https:\/\/roveyayinevi.com.tr\/index.php\/wp-json\/wp\/v2\/types\/product"}],"wp:attachment":[{"href":"https:\/\/roveyayinevi.com.tr\/index.php\/wp-json\/wp\/v2\/media?parent=752433"}],"wp:term":[{"taxonomy":"product_brand","embeddable":true,"href":"https:\/\/roveyayinevi.com.tr\/index.php\/wp-json\/wp\/v2\/product_brand?post=752433"},{"taxonomy":"product_cat","embeddable":true,"href":"https:\/\/roveyayinevi.com.tr\/index.php\/wp-json\/wp\/v2\/product_cat?post=752433"},{"taxonomy":"product_tag","embeddable":true,"href":"https:\/\/roveyayinevi.com.tr\/index.php\/wp-json\/wp\/v2\/product_tag?post=752433"}],"curies":[{"name":"wp","href":"https:\/\/api.w.org\/{rel}","templated":true}]}}