{"id":752431,"date":"2025-08-28T05:16:02","date_gmt":"2025-08-28T02:16:02","guid":{"rendered":"https:\/\/roveyayinevi.com.tr\/index.php\/urun\/bir-uzun-yolda\/"},"modified":"2026-04-16T03:05:55","modified_gmt":"2026-04-16T00:05:55","slug":"bir-uzun-yolda","status":"publish","type":"product","link":"https:\/\/roveyayinevi.com.tr\/index.php\/urun\/bir-uzun-yolda\/","title":{"rendered":"Bir Uzun Yolda"},"content":{"rendered":"<p>Sarsabilir a\u015fk dingin ruhumuzu derin Belki de bu umulur kanayan ate\u015fe d\u00fc\u015ferek beklerken Belki de budur herkesin duydu\u011fu g\u00f6rd\u00fc\u011f\u00fc Bir ser\u00fcvencinin \u00f6yk\u00fcs\u00fcnde \u00e7\u00fcnk\u00fc Ku\u015flar hep u\u00e7arken vurulur <\/p>\n","protected":false},"excerpt":{"rendered":"<p>Sarsabilir a\u015fk dingin ruhumuzu derin Belki de bu umulur kanayan ate\u015fe d\u00fc\u015ferek beklerken Belki de budur herkesin duydu\u011fu g\u00f6rd\u00fc\u011f\u00fc Bir ser\u00fcvencinin \u00f6yk\u00fcs\u00fcnde \u00e7\u00fcnk\u00fc Ku\u015flar hep u\u00e7arken<span class=\"excerpt-hellip\"> [\u2026]<\/span><\/p>\n","protected":false},"featured_media":0,"template":"","meta":{"_monsterinsights_skip_tracking":false,"_monsterinsights_sitenote_active":false,"_monsterinsights_sitenote_note":"","_monsterinsights_sitenote_category":0},"product_brand":[],"product_cat":[12291,12509],"product_tag":[],"class_list":{"0":"post-752431","1":"product","2":"type-product","3":"status-publish","5":"product_cat-edebiyat","6":"product_cat-siir","7":"pa_cilt-ciltsiz","8":"pa_tur-kitap","9":"pa_yayinevi-nitelik-kitap","10":"pa_yazar-babur-pinar","12":"first","13":"instock","14":"sale","15":"shipping-taxable","16":"purchasable","17":"product-type-simple"},"_links":{"self":[{"href":"https:\/\/roveyayinevi.com.tr\/index.php\/wp-json\/wp\/v2\/product\/752431","targetHints":{"allow":["GET"]}}],"collection":[{"href":"https:\/\/roveyayinevi.com.tr\/index.php\/wp-json\/wp\/v2\/product"}],"about":[{"href":"https:\/\/roveyayinevi.com.tr\/index.php\/wp-json\/wp\/v2\/types\/product"}],"wp:attachment":[{"href":"https:\/\/roveyayinevi.com.tr\/index.php\/wp-json\/wp\/v2\/media?parent=752431"}],"wp:term":[{"taxonomy":"product_brand","embeddable":true,"href":"https:\/\/roveyayinevi.com.tr\/index.php\/wp-json\/wp\/v2\/product_brand?post=752431"},{"taxonomy":"product_cat","embeddable":true,"href":"https:\/\/roveyayinevi.com.tr\/index.php\/wp-json\/wp\/v2\/product_cat?post=752431"},{"taxonomy":"product_tag","embeddable":true,"href":"https:\/\/roveyayinevi.com.tr\/index.php\/wp-json\/wp\/v2\/product_tag?post=752431"}],"curies":[{"name":"wp","href":"https:\/\/api.w.org\/{rel}","templated":true}]}}