{"id":752430,"date":"2025-08-28T05:16:01","date_gmt":"2025-08-28T02:16:01","guid":{"rendered":"https:\/\/roveyayinevi.com.tr\/index.php\/urun\/ataturkun-hatira-defterleri\/"},"modified":"2026-04-16T03:05:54","modified_gmt":"2026-04-16T00:05:54","slug":"ataturkun-hatira-defterleri","status":"publish","type":"product","link":"https:\/\/roveyayinevi.com.tr\/index.php\/urun\/ataturkun-hatira-defterleri\/","title":{"rendered":"Atat\u00fcrk&#8217;\u00fcn Hat\u0131ra Defterleri"},"content":{"rendered":"<p>\u201cHi\u00e7bir \u015fey tesad\u00fcf de\u011fildir!\u201d, hele ki \u201ckaderin adam\u0131\u201d olmak, asla! \u0130ngiliz politikac\u0131 Churchill, \u00c7anakkale Sava\u015flar\u0131\u2019ndaki \u00f6ng\u00f6r\u00fcleri ve ba\u015far\u0131l\u0131 hamleleri nedeniyle Atat\u00fcrk\u2019\u00fc &#8220;kaderin adam\u0131&#8221; olarak nitelendirmi\u015ftir.  \u00c7anakkale Sava\u015flar\u0131\u2019ndan yaln\u0131zca 8 y\u0131l gibi k\u0131sa bir s\u00fcre sonra, adeta bir mucize olarak tarihte yerini alan T\u00fcrkiye Cumhuriyeti, Atat\u00fcrk\u2019\u00fcn, daha 1916\u2019l\u0131, 1918\u2019li y\u0131llarda, belki fikir baz\u0131nda daha da \u00f6nce, zihninde beliren planlar\u0131n bir sonucudur, demek, yanl\u0131\u015f olmaz. Elinizdeki bu kitap, bu fikrin en temel desteklerini, hem de yaz\u0131l\u0131 belgeleriyle, bizzat Atat\u00fcrk\u2019\u00fcn kaleminden ortaya koyuyor. Bu kitapla, ayn\u0131 zamanda yeni bir serinin yay\u0131n\u0131na ba\u015fl\u0131yoruz; \u201cMatru\u015fka Kitaplar:Bir Kitap,\u0130ki Eser\u201d Evet, bu yeni serimizle, bir kitapta iki esere yer vermek suretiyle okuyucunun eserlere eri\u015fimini kolayla\u015ft\u0131rmay\u0131 ama\u00e7l\u0131yoruz. Edit\u00f6rl\u00fc\u011f\u00fcn\u00fc, K\u00fclt\u00fcr Bakanl\u0131\u011f\u0131 Halk \u015eairi ve yay\u0131nevimiz yazar\u0131 Hakan Karc\u0131\u2019n\u0131n yapt\u0131\u011f\u0131 bu serinin ilk kitab\u0131 olarak da, Cumhuriyetimizin kurucusu B\u00fcy\u00fck \u00d6nder Atat\u00fcrk\u2019\u00fcn g\u00fcncelerini yay\u0131nlamay\u0131 tercih ettik: Atat\u00fcrk\u2019\u00fcn Hat\u0131ra Defterleri. Kitab\u0131m\u0131z\u0131n Birinci K\u0131s\u0131m\u2019\u0131, Atat\u00fcrk\u2019\u00fcn, Do\u011fu Cephesi\u2019nde g\u00f6rev yaparken, 1916 Y\u0131l\u0131 Kas\u0131m ve Aral\u0131k aylar\u0131nda tuttu\u011fu g\u00fcncesi olan, \u201cBirinci D\u00fcnya Sava\u015f\u0131\u2019ndaki Hat\u0131ra Defteri\u201dnden olu\u015fuyor. Kitab\u0131n \u0130kinci K\u0131s\u0131m\u2019\u0131 ise, Atat\u00fcrk\u2019\u00fcn tedavi i\u00e7in gitti\u011fi Karlsbad\u2019da, 30 Haziran-28 Temmuz 1918 tarihleri aras\u0131nda tuttu\u011fu g\u00fcnceleri olan, \u201cKarlsbad Hat\u0131ralar\u0131\u201dn\u0131 i\u00e7eriyor.  Atat\u00fcrk\u2019\u00fcn bizzat kendi kaleminden d\u00f6k\u00fclen bu eserler, ilk defa bu kitapta, yay\u0131nevimizce bir araya getirilerek okuyucunun istifadesine sunuluyor. Zira 1916 ve 1918 y\u0131llar\u0131nda Atat\u00fcrk\u2019\u00fcn kaleme ald\u0131\u011f\u0131 bu defterleri bir arada okuyup, \u00fczerinde d\u00fc\u015f\u00fcnmek, okuyucu i\u00e7in de ayr\u0131 bir fayda ve kolayl\u0131k sa\u011flayacak, kan\u0131m\u0131zca. Atat\u00fcrk\u2019\u00fcn kurdu\u011fu ve gen\u00e7lere emanet etti\u011fi T\u00fcrkiye Cumhuriyeti\u2019nin, Cumhuriyetimiz\u2019in, 100. Y\u0131l\u0131\u2019n\u0131 kutlad\u0131\u011f\u0131m\u0131z bu g\u00fcnlerde, g\u00f6r\u00fc\u015f ve d\u00fc\u015f\u00fcncelerini, hedeflerini, nas\u0131l bir \u00fclke d\u00fc\u015fledi\u011fini, kendisine ideal olarak neleri benimsedi\u011fini, bu ideallere ula\u015fabilmek amac\u0131yla nas\u0131l bir haletiruhiye ile \u00e7al\u0131\u015ft\u0131\u011f\u0131n\u0131 anlamak i\u00e7in bu kitab\u0131n iyi bir ba\u015flang\u0131\u00e7 olaca\u011f\u0131n\u0131 d\u00fc\u015f\u00fcn\u00fcyoruz. <\/p>\n","protected":false},"excerpt":{"rendered":"<p>\u201cHi\u00e7bir \u015fey tesad\u00fcf de\u011fildir!\u201d, hele ki \u201ckaderin adam\u0131\u201d olmak, asla! \u0130ngiliz politikac\u0131 Churchill, \u00c7anakkale Sava\u015flar\u0131\u2019ndaki \u00f6ng\u00f6r\u00fcleri ve ba\u015far\u0131l\u0131 hamleleri nedeniyle Atat\u00fcrk\u2019\u00fc &#8220;kaderin adam\u0131&#8221; olarak nitelendirmi\u015ftir. \u00c7anakkale<span class=\"excerpt-hellip\"> [\u2026]<\/span><\/p>\n","protected":false},"featured_media":0,"template":"","meta":{"_monsterinsights_skip_tracking":false,"_monsterinsights_sitenote_active":false,"_monsterinsights_sitenote_note":"","_monsterinsights_sitenote_category":0},"product_brand":[],"product_cat":[12530,12304],"product_tag":[],"class_list":{"0":"post-752430","1":"product","2":"type-product","3":"status-publish","5":"product_cat-mustafa-kemal-ataturk","6":"product_cat-tarih","7":"pa_cilt-ciltsiz","8":"pa_tur-kitap","9":"pa_yayinevi-kaptan-kitap","10":"pa_yazar-mustafa-kemal-ataturk","12":"first","13":"instock","14":"sale","15":"shipping-taxable","16":"purchasable","17":"product-type-simple"},"_links":{"self":[{"href":"https:\/\/roveyayinevi.com.tr\/index.php\/wp-json\/wp\/v2\/product\/752430","targetHints":{"allow":["GET"]}}],"collection":[{"href":"https:\/\/roveyayinevi.com.tr\/index.php\/wp-json\/wp\/v2\/product"}],"about":[{"href":"https:\/\/roveyayinevi.com.tr\/index.php\/wp-json\/wp\/v2\/types\/product"}],"wp:attachment":[{"href":"https:\/\/roveyayinevi.com.tr\/index.php\/wp-json\/wp\/v2\/media?parent=752430"}],"wp:term":[{"taxonomy":"product_brand","embeddable":true,"href":"https:\/\/roveyayinevi.com.tr\/index.php\/wp-json\/wp\/v2\/product_brand?post=752430"},{"taxonomy":"product_cat","embeddable":true,"href":"https:\/\/roveyayinevi.com.tr\/index.php\/wp-json\/wp\/v2\/product_cat?post=752430"},{"taxonomy":"product_tag","embeddable":true,"href":"https:\/\/roveyayinevi.com.tr\/index.php\/wp-json\/wp\/v2\/product_tag?post=752430"}],"curies":[{"name":"wp","href":"https:\/\/api.w.org\/{rel}","templated":true}]}}

Atatürk&#8217;ün Hatıra Defterleri

<p>“Hiçbir şey tesadüf değildir!”, hele ki “kaderin adamı” olmak, asla! İngiliz politikacı Churchill, Çanakkale Savaşları’ndaki öngörüleri ve başarılı hamleleri nedeniyle Atatürk’ü &#8220;kaderin adamı&#8221; olarak nitelendirmiştir.  Çanakkale Savaşları’ndan yalnızca 8 yıl gibi kısa bir süre sonra, adeta bir mucize olarak tarihte yerini alan Türkiye Cumhuriyeti, Atatürk’ün, daha 1916’lı, 1918’li yıllarda, belki fikir bazında daha da önce, zihninde beliren planların bir sonucudur, demek, yanlış olmaz. Elinizdeki bu kitap, bu fikrin en temel desteklerini, hem de yazılı belgeleriyle, bizzat Atatürk’ün kaleminden ortaya koyuyor. Bu kitapla, aynı zamanda yeni bir serinin yayınına başlıyoruz; “Matruşka Kitaplar:Bir Kitap,İki Eser” Evet, bu yeni serimizle, bir kitapta iki esere yer vermek suretiyle okuyucunun eserlere erişimini kolaylaştırmayı amaçlıyoruz. Editörlüğünü, Kültür Bakanlığı Halk Şairi ve yayınevimiz yazarı Hakan Karcı’nın yaptığı bu serinin ilk kitabı olarak da, Cumhuriyetimizin kurucusu Büyük Önder Atatürk’ün güncelerini yayınlamayı tercih ettik: Atatürk’ün Hatıra Defterleri. Kitabımızın Birinci Kısım’ı, Atatürk’ün, Doğu Cephesi’nde görev yaparken, 1916 Yılı Kasım ve Aralık aylarında tuttuğu güncesi olan, “Birinci Dünya Savaşı’ndaki Hatıra Defteri”nden oluşuyor. Kitabın İkinci Kısım’ı ise, Atatürk’ün tedavi için gittiği Karlsbad’da, 30 Haziran-28 Temmuz 1918 tarihleri arasında tuttuğu günceleri olan, “Karlsbad Hatıraları”nı içeriyor.  Atatürk’ün bizzat kendi kaleminden dökülen bu eserler, ilk defa bu kitapta, yayınevimizce bir araya getirilerek okuyucunun istifadesine sunuluyor. Zira 1916 ve 1918 yıllarında Atatürk’ün kaleme aldığı bu defterleri bir arada okuyup, üzerinde düşünmek, okuyucu için de ayrı bir fayda ve kolaylık sağlayacak, kanımızca. Atatürk’ün kurduğu ve gençlere emanet ettiği Türkiye Cumhuriyeti’nin, Cumhuriyetimiz’in, 100. Yılı’nı kutladığımız bu günlerde, görüş ve düşüncelerini, hedeflerini, nasıl bir ülke düşlediğini, kendisine ideal olarak neleri benimsediğini, bu ideallere ulaşabilmek amacıyla nasıl bir haletiruhiye ile çalıştığını anlamak için bu kitabın iyi bir başlangıç olacağını düşünüyoruz. </p>

<p>“Hiçbir şey tesadüf değildir!”, hele ki “kaderin adamı” olmak, asla! İngiliz politikacı Churchill, Çanakkale Savaşları’ndaki öngörüleri ve başarılı hamleleri nedeniyle Atatürk’ü &#8220;kaderin adamı&#8221; olarak nitelendirmiştir. Çanakkale<span class="excerpt-hellip"> […]</span></p>
