{"id":752409,"date":"2025-08-28T05:15:25","date_gmt":"2025-08-28T02:15:25","guid":{"rendered":"https:\/\/roveyayinevi.com.tr\/index.php\/urun\/irina\/"},"modified":"2026-04-16T03:05:54","modified_gmt":"2026-04-16T00:05:54","slug":"irina","status":"publish","type":"product","link":"https:\/\/roveyayinevi.com.tr\/index.php\/urun\/irina\/","title":{"rendered":"\u0130rina"},"content":{"rendered":"<p>HAYAT DA ONU \u00c7EKIP ALIYORDU O\u011eLUNDAN, KOCASINDAN.  KORKULARINI, ENDI\u015eELERINI GE\u00c7MI\u015eTE BIRAKIP YOLUNA DEVAM ETMELIYDI.   Karadeniz k\u0131y\u0131s\u0131nda k\u00fc\u00e7\u00fck bir \u00fclke olan Abhazya, G\u00fcrcistan\u2019\u0131n sald\u0131r\u0131s\u0131na u\u011fray\u0131nca, pek \u00e7ok savunmas\u0131z aile; evini, yurdunu terk etmek zorunda kald\u0131. Bir sabah g\u00f6kten bombalar ya\u011farken ya\u015fanan karga\u015fa sonras\u0131nda \u0130rina, kendisini Rusya s\u0131n\u0131r\u0131nda bir s\u0131\u011f\u0131nma kamp\u0131nda buldu. Kocas\u0131 ve o\u011flu ise G\u00fcrcistan\u2019a gitmi\u015fti. Uzun ve zorluklarla ge\u00e7en d\u00f6rt ay\u0131n ard\u0131ndan aile birle\u015firken \u0130rina\u2019n\u0131n \u00e7ilesi daha yeni ba\u015fl\u0131yordu. \u0130\u015fsizlik ve i\u00e7 sava\u015f\u0131n pen\u00e7esindeki \u00e7aresiz kad\u0131nlar, \u00e7al\u0131\u015fmak i\u00e7in solu\u011fu T\u00fcrkiye\u2019de al\u0131yordu. \u0130rina da bu kervana kat\u0131ld\u0131.    T\u00fcrkiye\u2019de, kimi zaman mutsuz kimi zaman keyifli ge\u00e7en hasta bak\u0131c\u0131l\u0131k hayat\u0131 Mavi K\u00f6\u015fk\u2019te apayr\u0131 bir boyuta ula\u015ft\u0131. Gen\u00e7 kad\u0131n, orada ge\u00e7irdi\u011fi s\u00fcrede ya\u011fmurdan ka\u00e7arken doluya tutulmu\u015f gibi oldu. K\u00f6\u015fk sakinlerinin \u00e7alkant\u0131l\u0131 hayat\u0131ndan kendini korumaya \u00e7al\u0131\u015f\u0131rken bela hi\u00e7 beklemedi\u011fi yerden gelecekti.   Ger\u00e7ek bir ya\u015fam \u00f6yk\u00fcs\u00fcnden esinlenilerek yaz\u0131lan \u0130rina, bir kom\u015fu \u00fclkedeki sava\u015f\u0131n yol a\u00e7t\u0131\u011f\u0131 dram\u0131n yan\u0131 s\u0131ra,  y\u0131llar boyunca evinden, ailesinden uzak bir hayat s\u00fcren \u201cyabanc\u0131 hizmetli\u201d kad\u0131nlar\u0131n ya\u015famlar\u0131n\u0131 da g\u00f6zler \u00f6n\u00fcne seriyor.  <\/p>\n","protected":false},"excerpt":{"rendered":"<p>HAYAT DA ONU \u00c7EKIP ALIYORDU O\u011eLUNDAN, KOCASINDAN. KORKULARINI, ENDI\u015eELERINI GE\u00c7MI\u015eTE BIRAKIP YOLUNA DEVAM ETMELIYDI. Karadeniz k\u0131y\u0131s\u0131nda k\u00fc\u00e7\u00fck bir \u00fclke olan Abhazya, G\u00fcrcistan\u2019\u0131n sald\u0131r\u0131s\u0131na u\u011fray\u0131nca, pek \u00e7ok<span class=\"excerpt-hellip\"> [\u2026]<\/span><\/p>\n","protected":false},"featured_media":0,"template":"","meta":{"_monsterinsights_skip_tracking":false,"_monsterinsights_sitenote_active":false,"_monsterinsights_sitenote_note":"","_monsterinsights_sitenote_category":0},"product_brand":[],"product_cat":[12291,12711],"product_tag":[],"class_list":{"0":"post-752409","1":"product","2":"type-product","3":"status-publish","5":"product_cat-edebiyat","6":"product_cat-roman-oyku","7":"pa_cilt-ciltsiz","8":"pa_tur-kitap","9":"pa_yayinevi-mona-kitap","10":"pa_yazar-esin-sayar","12":"first","13":"instock","14":"sale","15":"shipping-taxable","16":"purchasable","17":"product-type-simple"},"_links":{"self":[{"href":"https:\/\/roveyayinevi.com.tr\/index.php\/wp-json\/wp\/v2\/product\/752409","targetHints":{"allow":["GET"]}}],"collection":[{"href":"https:\/\/roveyayinevi.com.tr\/index.php\/wp-json\/wp\/v2\/product"}],"about":[{"href":"https:\/\/roveyayinevi.com.tr\/index.php\/wp-json\/wp\/v2\/types\/product"}],"wp:attachment":[{"href":"https:\/\/roveyayinevi.com.tr\/index.php\/wp-json\/wp\/v2\/media?parent=752409"}],"wp:term":[{"taxonomy":"product_brand","embeddable":true,"href":"https:\/\/roveyayinevi.com.tr\/index.php\/wp-json\/wp\/v2\/product_brand?post=752409"},{"taxonomy":"product_cat","embeddable":true,"href":"https:\/\/roveyayinevi.com.tr\/index.php\/wp-json\/wp\/v2\/product_cat?post=752409"},{"taxonomy":"product_tag","embeddable":true,"href":"https:\/\/roveyayinevi.com.tr\/index.php\/wp-json\/wp\/v2\/product_tag?post=752409"}],"curies":[{"name":"wp","href":"https:\/\/api.w.org\/{rel}","templated":true}]}}