{"id":752406,"date":"2025-08-28T05:15:21","date_gmt":"2025-08-28T02:15:21","guid":{"rendered":"https:\/\/roveyayinevi.com.tr\/index.php\/urun\/dini-siyasi-ve-felsefi-fikir-akimlari\/"},"modified":"2026-04-16T03:05:54","modified_gmt":"2026-04-16T00:05:54","slug":"dini-siyasi-ve-felsefi-fikir-akimlari","status":"publish","type":"product","link":"https:\/\/roveyayinevi.com.tr\/index.php\/urun\/dini-siyasi-ve-felsefi-fikir-akimlari\/","title":{"rendered":"Dini, Siyasi ve Felsefi Fikir Ak\u0131mlar\u0131"},"content":{"rendered":"<p>\u0130nsanlara alt\u0131n tepside sunulan zehir ile, gen\u00e7li\u011fe sunulan \u201cizmler\u2026\u201d aras\u0131nda, zehirleme noktas\u0131nda hi\u00e7bir fark yoktur. Vurup-k\u0131ran,vah\u015f\u00eece cin\u00e2yetler i\u015fleyen,sadist\u00e7e eylemlere imza atan gen\u00e7lerin,\u201cizmler\u201d taraf\u0131ndan zehirlendi\u011fine rahatl\u0131kla h\u00fckmedebilirsiniz. \u00c7\u00fcnk\u00fc, izmler, zehirledi\u011fi insan\u0131 makinala\u015ft\u0131r\u0131r. O insandan; \u015fefkat, merh\u00e2met, sevgi gibi g\u00fczel duygular\u0131 al\u0131r g\u00f6t\u00fcr\u00fcr. \u0130zmler, insan akl\u0131na giydirilen deli g\u00f6mlekleridir. \u00c7\u00fcnk\u00fc, izmler, insan\u0131n ruh d\u00fcnyas\u0131nda \u015feyt\u00e2n\u00ee duygular\u0131n ye\u015fermesine,beslenip b\u00fcy\u00fcmesine zemin haz\u0131rlar. \u015eeyt\u00e2n\u00ee duygular\u0131n kontrol\u00fcnde \u00e7al\u0131\u015fan bir ak\u0131l da, hep yak\u0131c\u0131, y\u0131k\u0131c\u0131 ve delice fikirler \u00fcretmeye ba\u015flar. \u0130\u015fte, bu ak\u0131l, sa\u011fl\u0131kl\u0131 \u00e7al\u0131\u015fan bir ak\u0131l de\u011fildir. Dolay\u0131s\u0131yla da, kendisine deli g\u00f6mle\u011fi giydirilen bir ak\u0131ld\u0131r. Biz, bu kitapta, gen\u00e7lerimizi tehdit eden izmlerden ondokuz tanesini ele al\u0131p  inceledik. Daha do\u011frusu tan\u0131tmaya \u00e7al\u0131\u015ft\u0131k. Kitapta arzedilen bilgilerin d\u00f6rt aya\u011f\u0131 vard\u0131r. Bunlar: Felsefe, Dinler T\u00e2rihi, Siy\u00e2set ve \u0130sl\u00e2m\u2019d\u0131r. Bu d\u00f6rt ayaktan Felsefe a\u011f\u0131rl\u0131ktad\u0131r. Kitapta \u201cizmler\u201d hakk\u0131nda bilgiler arzedip, i\u015fi orada b\u0131rakmad\u0131k. B\u00e2z\u0131 \u00fcnitelerde, bu \u201cizmler\u201din alternatifini de arzettik. Bu ondokuz fikir ak\u0131m\u0131n\u0131, teferruata ka\u00e7madan, anahatlar\u0131yla a\u00e7\u0131klamaya \u00eetin\u00e2 g\u00f6sterdim. Siz okuyucalar\u0131n bilgi da\u011farc\u0131\u011f\u0131na,bu kitapla bir katk\u0131da bulunur isek, kendimizi bahtiyar sayar\u0131z. \u015eimdi sizleri kitapla ba\u015f ba\u015fa b\u0131rak\u0131yorum. KALIN SA\u011eLICAKLA\u2026<\/p>\n","protected":false},"excerpt":{"rendered":"<p>\u0130nsanlara alt\u0131n tepside sunulan zehir ile, gen\u00e7li\u011fe sunulan \u201cizmler\u2026\u201d aras\u0131nda, zehirleme noktas\u0131nda hi\u00e7bir fark yoktur. Vurup-k\u0131ran,vah\u015f\u00eece cin\u00e2yetler i\u015fleyen,sadist\u00e7e eylemlere imza atan gen\u00e7lerin,\u201cizmler\u201d taraf\u0131ndan zehirlendi\u011fine rahatl\u0131kla h\u00fckmedebilirsiniz.<span class=\"excerpt-hellip\"> [\u2026]<\/span><\/p>\n","protected":false},"featured_media":0,"template":"","meta":{"_monsterinsights_skip_tracking":false,"_monsterinsights_sitenote_active":false,"_monsterinsights_sitenote_note":"","_monsterinsights_sitenote_category":0},"product_brand":[],"product_cat":[12718],"product_tag":[],"class_list":{"0":"post-752406","1":"product","2":"type-product","3":"status-publish","5":"product_cat-din","6":"pa_cilt-ciltsiz","7":"pa_tur-kitap","8":"pa_yayinevi-platanus-publishing","9":"pa_yazar-ahmet-kuruoglu","11":"first","12":"instock","13":"sale","14":"shipping-taxable","15":"purchasable","16":"product-type-simple"},"_links":{"self":[{"href":"https:\/\/roveyayinevi.com.tr\/index.php\/wp-json\/wp\/v2\/product\/752406","targetHints":{"allow":["GET"]}}],"collection":[{"href":"https:\/\/roveyayinevi.com.tr\/index.php\/wp-json\/wp\/v2\/product"}],"about":[{"href":"https:\/\/roveyayinevi.com.tr\/index.php\/wp-json\/wp\/v2\/types\/product"}],"wp:attachment":[{"href":"https:\/\/roveyayinevi.com.tr\/index.php\/wp-json\/wp\/v2\/media?parent=752406"}],"wp:term":[{"taxonomy":"product_brand","embeddable":true,"href":"https:\/\/roveyayinevi.com.tr\/index.php\/wp-json\/wp\/v2\/product_brand?post=752406"},{"taxonomy":"product_cat","embeddable":true,"href":"https:\/\/roveyayinevi.com.tr\/index.php\/wp-json\/wp\/v2\/product_cat?post=752406"},{"taxonomy":"product_tag","embeddable":true,"href":"https:\/\/roveyayinevi.com.tr\/index.php\/wp-json\/wp\/v2\/product_tag?post=752406"}],"curies":[{"name":"wp","href":"https:\/\/api.w.org\/{rel}","templated":true}]}}