{"id":752390,"date":"2025-08-28T05:15:01","date_gmt":"2025-08-28T02:15:01","guid":{"rendered":"https:\/\/roveyayinevi.com.tr\/index.php\/urun\/bilge-kardesler-ticarete-atiliyor\/"},"modified":"2026-04-16T03:05:54","modified_gmt":"2026-04-16T00:05:54","slug":"bilge-kardesler-ticarete-atiliyor","status":"publish","type":"product","link":"https:\/\/roveyayinevi.com.tr\/index.php\/urun\/bilge-kardesler-ticarete-atiliyor\/","title":{"rendered":"Bilge Karde\u015fler Ticarete At\u0131l\u0131yor"},"content":{"rendered":"<p>G\u00fcl\u00fcmseyen Ekonomi Hik\u00e2yeleri\u2019nin amac\u0131, mutlu ve refah dolu bir hayat\u0131n temelini atarlarken \u00e7ocuklar\u0131n do\u011fru ekonomik de\u011fer ve al\u0131\u015fkanl\u0131klar\u0131 edinmelerine yard\u0131mc\u0131 olmakt\u0131r.   Bu Kitapta \u0130\u015flenen Temalar   1. \u015eehrimizin B\u00fcy\u00fckl\u00fc\u011f\u00fc 2. Konumu ve \u00d6zellikleri 3. \u00dcr\u00fcnlerin \u00dcretilmesi   Piyasadaki \u00fcr\u00fcnlerin fiyat\u0131 nas\u0131l belirlenir? Markette her \u015feyin fiyat\u0131 \u00fcst\u00fcnde yazar. Bisk\u00fcvi 10 TL, makarna 20 TL, oyuncak bebek 50 TL. \u0130nsanlar bu fiyatlar\u0131 \u00f6deyerek \u00fcr\u00fcn al\u0131p satarlar. Pazar nas\u0131l bir yerdir ve fiyatlar nas\u0131l belirlenir? ***   \u00c7ift\u00e7i karde\u015fler bir d\u00fckk\u00e2n a\u00e7maya karar verdiler. Abi yelpaze, karde\u015f \u015femsiye yapt\u0131. Sonra bunlar\u0131 satt\u0131lar. Fiyatlar bir artt\u0131 bir azald\u0131, i\u015fler iyiye ve k\u00f6t\u00fcye gitti. Karde\u015flerin d\u00fckk\u00e2n\u0131na acaba ne oldu?   Tema: Kendimizi d\u00fczenleme bi\u00e7imimiz Kavramlar ve Anahtar S\u00f6zc\u00fckler: Ticaret, ekonomi, \u00fcretim, fiyat, B\u0130L\u0130M, TEKNOLOJ\u0130 VE TOPLUM, sat\u0131\u015f, istek-ihtiya\u00e7, rekabet, kalite, farkl\u0131la\u015fma, pazar, marka, al\u0131c\u0131, sat\u0131c\u0131, al\u0131\u015fveri\u015f merkezi, sorun \u00e7\u00f6zme, finansal okuryazarl\u0131k, \u00dcRET\u0130M, DA\u011eITIM VE T\u00dcKET\u0130M, yenilik\u00e7ilik, giri\u015fimcilik, ara\u015ft\u0131rma Tutum ve De\u011ferler: Yarat\u0131c\u0131l\u0131k, i\u015fbirli\u011fi, g\u00fcven, d\u00fcr\u00fcstl\u00fck, sorumluluk Profil \u00d6\u011feleri: Sorgulayan, ilkeli, duyarl\u0131     G\u00dcL\u00dcMSEYEN EKONOM\u0130 H\u0130K\u00c2YELER\u0130 Para Nedir? Zenginler Nas\u0131l Zengin Oldu? Para Nas\u0131l Harcan\u0131r? Banka ve Birikim Bilge Karde\u015fler Ticarete At\u0131l\u0131yor     K\u0130TAPTAN   Bilge karde\u015fler malzemelerini alm\u0131\u015f, \u00fcr\u00fcnlerini \u00fcretmeye ba\u015flam\u0131\u015flar. Malzemeler i\u00e7in para, \u00fcr\u00fcn\u00fc \u00fcretmek i\u00e7in efor ve zaman harcam\u0131\u015flar. B\u00fct\u00fcn bunlar\u0131 hesaba kat\u0131p \u00fcst\u00fcne de ufak bir k\u00e2r pay\u0131 koymu\u015flar. B\u00f6ylece \u00fcr\u00fcnlerinin fiyat\u0131n\u0131 belirlemi\u015fler. Karde\u015fler bir \u015fey fark etmi\u015f. E\u011fer bir \u00fcr\u00fcn\u00fc almak isteyen ki\u015fi say\u0131s\u0131, \u00fcr\u00fcn say\u0131s\u0131ndan fazlaysa \u00fcr\u00fcn\u00fcn fiyat\u0131 art\u0131yormu\u015f. \u00dcr\u00fcn say\u0131s\u0131, \u00fcr\u00fcn\u00fc almak isteyenlerden fazla oldu\u011fundaysa fiyatlar d\u00fc\u015f\u00fcyormu\u015f. *** D\u00fckk\u00e2n say\u0131s\u0131 art\u0131nca fiyatlar daha rekabet\u00e7i olmu\u015f. Baz\u0131 d\u00fckk\u00e2nlar yelpazeleri 7 sikkeye, 3 sikkeye, \u015femsiyeleri de 5 sikkeye sat\u0131yormu\u015f. \u0130nsanlar daha ucuz d\u00fckk\u00e2nlar\u0131 aramaya ba\u015flam\u0131\u015f. Karde\u015fler fiyatlar\u0131n\u0131 d\u00fc\u015f\u00fcrmektense daha kaliteli \u00fcr\u00fcnler \u00fcretmeye ba\u015flam\u0131\u015flar. Daha s\u00fcsl\u00fc, daha \u00e7e\u015fitli yelpazeler, daha dayan\u0131kl\u0131 \u015femsiyeler yapm\u0131\u015flar. Yelpazelere \u015firin s\u00fcsler eklemi\u015fler. \u015eemsiyeleri de farkl\u0131 boylardaki insanlar i\u00e7in farkl\u0131 b\u00fcy\u00fckl\u00fcklerde \u00fcretmi\u015fler. Hem yelpazelere hem \u015femsiyelere s\u00fcsl\u00fc desenler kondurmu\u015f, sonra da hediye paketlerine koymu\u015flar.   Farkl\u0131la\u015fma stratejisi kullanmak laz\u0131m Farkl\u0131la\u015fma stratejisi, \u00fcr\u00fcn\u00fcn\u00fcz\u00fcn ba\u015fka \u00fcr\u00fcnlerden ay\u0131rt edilmesini sa\u011flar. \u015eeklini de\u011fi\u015ftirebilir, daha iyi paketleyebilir ya da yan\u0131nda ba\u015fka bir \u00fcr\u00fcn verebilirsiniz. Bunlar\u0131n hepsi farkl\u0131la\u015fma stratejisi olabilir. *** Ekonomi Kavram\u0131n\u0131 \u00d6\u011frenin   Pazar nedir? Pazar, bir\u00e7ok \u00fcr\u00fcn\u00fcn al\u0131n\u0131p sat\u0131ld\u0131\u011f\u0131 bir yerdir. \u00dcr\u00fcn al\u0131p satmak isteyenler burada bir araya gelirler ve pazarlarda \u00e7e\u015fitli d\u00fckk\u00e2nlar\/tezg\u00e2hlar vard\u0131r. Pazarlar, geleneksel pazarlar, al\u0131\u015fveri\u015f merkezleri ve \u00e7evrimi\u00e7i d\u00fckk\u00e2nlar gibi farkl\u0131 \u015fekillerde g\u00f6r\u00fclebilirler. Pazar, insanlar\u0131n \u00fcr\u00fcn al\u0131p satmaya geldi\u011fi bir yerdir. \u00dcr\u00fcn\u00fcn fiyat\u0131na karar verme s\u00fcreci sat\u0131c\u0131 ve al\u0131c\u0131ya ba\u011fl\u0131d\u0131r. Herkes ne al\u0131p sataca\u011f\u0131na \u00f6zg\u00fcrce karar verir.   Pazar\u0131n Anlam\u0131 Pazar yaln\u0131zca \u00fcr\u00fcn al\u0131p satt\u0131\u011f\u0131m\u0131z bir yer de\u011fildir. Ayn\u0131 zamanda e\u011fitim, hizmet, hisse ve gayrimenkul gibi \u00fcr\u00fcnlerin al\u0131n\u0131p sat\u0131ld\u0131\u011f\u0131 \u00e7e\u015fitli yerleri de kapsar. \u0130nternet ortam\u0131nda \u00fcr\u00fcn al\u0131p satmak da bir pazar t\u00fcr\u00fcd\u00fcr.   *** Ticaret Oyunu Bu etkinlikle fiyatlar\u0131n nas\u0131l belirlendi\u011fini ve \u00fcr\u00fcnlerin hareketini \u00f6\u011frenin. Ayn\u0131 zamanda bir b\u00fct\u00e7e d\u00e2hilinde para harcamaya al\u0131\u015f\u0131n.   1. Rol\u00fcn\u00fcz\u00fc belirleyin D\u00fckk\u00e2n sahibi, m\u00fc\u015fteri vb. bir rol belirleyin.   2. \u00dcr\u00fcn haz\u0131rlay\u0131n Rol\u00fcn\u00fcz\u00fc belirleyin. Masa ya da benzeri bir \u015feyi s\u00fcsleyin. Oyuncak, kitap, meyve vb. \u00fcr\u00fcnler dizin.   3. Oyuncak para haz\u0131rlay\u0131n K\u00e2\u011f\u0131tlar\u0131 kesin ve k\u00e2\u011f\u0131t para yap\u0131n. 10 TL, 50 TL, 5 T L gibi \u00e7e\u015fitli paralar haz\u0131rlay\u0131n, e\u015fit \u015fekilde payla\u015ft\u0131r\u0131n.   4. A\u015fa\u011f\u0131daki gibi oyun oynay\u0131n D\u00fckk\u00e2n sahibi istedi\u011fi gibi fiyat belirlesin. M\u00fc\u015fteriler fiyatlar\u0131 k\u0131yaslay\u0131p \u00fcr\u00fcn als\u0131n. M\u00fc\u015fteriler ve d\u00fckk\u00e2n sahipleri pazarl\u0131k yap\u0131p \u00fcr\u00fcn\u00fcn fiyat\u0131n\u0131 art\u0131rabilir ya da d\u00fc\u015f\u00fcrebilir. <\/p>\n","protected":false},"excerpt":{"rendered":"<p>G\u00fcl\u00fcmseyen Ekonomi Hik\u00e2yeleri\u2019nin amac\u0131, mutlu ve refah dolu bir hayat\u0131n temelini atarlarken \u00e7ocuklar\u0131n do\u011fru ekonomik de\u011fer ve al\u0131\u015fkanl\u0131klar\u0131 edinmelerine yard\u0131mc\u0131 olmakt\u0131r. Bu Kitapta \u0130\u015flenen Temalar 1.<span class=\"excerpt-hellip\"> [\u2026]<\/span><\/p>\n","protected":false},"featured_media":0,"template":"","meta":{"_monsterinsights_skip_tracking":false,"_monsterinsights_sitenote_active":false,"_monsterinsights_sitenote_note":"","_monsterinsights_sitenote_category":0},"product_brand":[],"product_cat":[12274,12284],"product_tag":[],"class_list":{"0":"post-752390","1":"product","2":"type-product","3":"status-publish","5":"product_cat-cocuk-ve-genclik-kitaplari","6":"product_cat-hikayeler","7":"pa_cilt-ciltsiz","8":"pa_tur-kitap","9":"pa_yayinevi-elma-cocuk","10":"pa_yazar-soyoung-park","12":"first","13":"instock","14":"sale","15":"shipping-taxable","16":"purchasable","17":"product-type-simple"},"_links":{"self":[{"href":"https:\/\/roveyayinevi.com.tr\/index.php\/wp-json\/wp\/v2\/product\/752390","targetHints":{"allow":["GET"]}}],"collection":[{"href":"https:\/\/roveyayinevi.com.tr\/index.php\/wp-json\/wp\/v2\/product"}],"about":[{"href":"https:\/\/roveyayinevi.com.tr\/index.php\/wp-json\/wp\/v2\/types\/product"}],"wp:attachment":[{"href":"https:\/\/roveyayinevi.com.tr\/index.php\/wp-json\/wp\/v2\/media?parent=752390"}],"wp:term":[{"taxonomy":"product_brand","embeddable":true,"href":"https:\/\/roveyayinevi.com.tr\/index.php\/wp-json\/wp\/v2\/product_brand?post=752390"},{"taxonomy":"product_cat","embeddable":true,"href":"https:\/\/roveyayinevi.com.tr\/index.php\/wp-json\/wp\/v2\/product_cat?post=752390"},{"taxonomy":"product_tag","embeddable":true,"href":"https:\/\/roveyayinevi.com.tr\/index.php\/wp-json\/wp\/v2\/product_tag?post=752390"}],"curies":[{"name":"wp","href":"https:\/\/api.w.org\/{rel}","templated":true}]}}