{"id":752384,"date":"2025-08-28T05:14:50","date_gmt":"2025-08-28T02:14:50","guid":{"rendered":"https:\/\/roveyayinevi.com.tr\/index.php\/urun\/kanatsiz-melek-2-ikinci-sanslar\/"},"modified":"2026-04-16T03:05:54","modified_gmt":"2026-04-16T00:05:54","slug":"kanatsiz-melek-2-ikinci-sanslar","status":"publish","type":"product","link":"https:\/\/roveyayinevi.com.tr\/index.php\/urun\/kanatsiz-melek-2-ikinci-sanslar\/","title":{"rendered":"Kanats\u0131z Melek 2: \u0130kinci \u015eanslar"},"content":{"rendered":"<p>Aria ilk bak\u0131\u015fta on iki ya\u015f\u0131nda s\u0131radan bir k\u0131z gibi g\u00f6r\u00fcnebilirdi. Ama o bir koruyucu melekti ve d\u00fcnyaya kanatlar\u0131n\u0131 kazanmaya g\u00f6nderilmi\u015fti. Bunun i\u00e7in de \u00fc\u00e7 farkl\u0131 k\u0131za yard\u0131m etmesi gerekiyordu.   Aria bu sefer Caroline Mason\u2019\u0131n yard\u0131m\u0131na ko\u015facakt\u0131. Caroline, \u00e7ok kat\u0131 kurallar\u0131 olan bir okulda okuyor ve zorbal\u0131\u011fa maruz kal\u0131yordu. \u00d6\u011fle yemeklerini yaln\u0131z yiyor ve her g\u00fcn s\u0131n\u0131f arkada\u015flar\u0131n\u0131n sata\u015fmalar\u0131na hedef oluyordu. Zorbalar\u0131n lideriyse eskiden Caroline\u2019\u0131n en iyi arkada\u015f\u0131 olan Lily Pierce\u2019tan ba\u015fkas\u0131 de\u011fildi. Onun neden bir anda b\u00f6yle de\u011fi\u015fti\u011fiyse herkes i\u00e7in bir s\u0131rd\u0131.   Aria, Caroline\u2019la Lily\u2019nin ko\u015fulsuz sevgiyi anlamalar\u0131na yard\u0131mc\u0131 olabilecek miydi? <\/p>\n","protected":false},"excerpt":{"rendered":"<p>Aria ilk bak\u0131\u015fta on iki ya\u015f\u0131nda s\u0131radan bir k\u0131z gibi g\u00f6r\u00fcnebilirdi. Ama o bir koruyucu melekti ve d\u00fcnyaya kanatlar\u0131n\u0131 kazanmaya g\u00f6nderilmi\u015fti. Bunun i\u00e7in de \u00fc\u00e7 farkl\u0131<span class=\"excerpt-hellip\"> [\u2026]<\/span><\/p>\n","protected":false},"featured_media":0,"template":"","meta":{"_monsterinsights_skip_tracking":false,"_monsterinsights_sitenote_active":false,"_monsterinsights_sitenote_note":"","_monsterinsights_sitenote_category":0},"product_brand":[],"product_cat":[12291,12711],"product_tag":[],"class_list":{"0":"post-752384","1":"product","2":"type-product","3":"status-publish","5":"product_cat-edebiyat","6":"product_cat-roman-oyku","7":"pa_cilt-ciltsiz","8":"pa_tur-kitap","9":"pa_yayinevi-yabanci-yayinevi","10":"pa_yazar-victoria-schwab","12":"first","13":"instock","14":"sale","15":"shipping-taxable","16":"purchasable","17":"product-type-simple"},"_links":{"self":[{"href":"https:\/\/roveyayinevi.com.tr\/index.php\/wp-json\/wp\/v2\/product\/752384","targetHints":{"allow":["GET"]}}],"collection":[{"href":"https:\/\/roveyayinevi.com.tr\/index.php\/wp-json\/wp\/v2\/product"}],"about":[{"href":"https:\/\/roveyayinevi.com.tr\/index.php\/wp-json\/wp\/v2\/types\/product"}],"wp:attachment":[{"href":"https:\/\/roveyayinevi.com.tr\/index.php\/wp-json\/wp\/v2\/media?parent=752384"}],"wp:term":[{"taxonomy":"product_brand","embeddable":true,"href":"https:\/\/roveyayinevi.com.tr\/index.php\/wp-json\/wp\/v2\/product_brand?post=752384"},{"taxonomy":"product_cat","embeddable":true,"href":"https:\/\/roveyayinevi.com.tr\/index.php\/wp-json\/wp\/v2\/product_cat?post=752384"},{"taxonomy":"product_tag","embeddable":true,"href":"https:\/\/roveyayinevi.com.tr\/index.php\/wp-json\/wp\/v2\/product_tag?post=752384"}],"curies":[{"name":"wp","href":"https:\/\/api.w.org\/{rel}","templated":true}]}}