{"id":752378,"date":"2025-08-28T05:14:39","date_gmt":"2025-08-28T02:14:39","guid":{"rendered":"https:\/\/roveyayinevi.com.tr\/index.php\/urun\/sopalar-ve-kemikler-ters-cocuklar-2-kitap\/"},"modified":"2026-04-16T03:05:53","modified_gmt":"2026-04-16T00:05:53","slug":"sopalar-ve-kemikler-ters-cocuklar-2-kitap","status":"publish","type":"product","link":"https:\/\/roveyayinevi.com.tr\/index.php\/urun\/sopalar-ve-kemikler-ters-cocuklar-2-kitap\/","title":{"rendered":"Sopalar ve Kemikler \/ Ters \u00c7ocuklar 2. Kitap"},"content":{"rendered":"<p>Seanan McGuire\u2019\u0131n Ters \u00c7ocuklar serisinin ikinci kitab\u0131 Sopalar ve Kemikler okurlar\u0131 Jack ve Jill\u2019in vampirler, kurtadamlar ve deli biliminsanlar\u0131yla dolu d\u00fcnyas\u0131 Bozk\u0131rlara g\u00f6t\u00fcr\u00fcyor.   Jacqueline annesinin ideal k\u0131z\u0131yd\u0131; kibard\u0131, sessizdi ve her zaman bir prenses gibi giyinirdi. Jillian babas\u0131n\u0131n ideal k\u0131z\u0131yd\u0131; macerac\u0131, heyecan arayan ve biraz da o\u011flan \u00e7ocu\u011fu gibi.   Jacqueline ve Jillian yeti\u015fkinlere g\u00fcvenilmeyece\u011fini \u00f6\u011frendiklerinde be\u015f ya\u015f\u0131ndayd\u0131lar. B\u00fcy\u00fckannelerinin sand\u0131\u011f\u0131n\u0131n i\u00e7inde beliren merdivenden indiklerinde ise on iki. \u0130ndikleri merdiven onlar\u0131 Bo\u011fulmu\u015f Tanr\u0131\u2019n\u0131n, \u015fatoda ya\u015fayan ve halk\u0131n delice korktu\u011fu Efendi\u2019nin ve \u00f6l\u00fcleri dirilten bir biliminsan\u0131n\u0131n d\u00fcnyas\u0131na g\u00f6t\u00fcrd\u00fc\u011f\u00fcnde yollar\u0131 ayr\u0131lacakt\u0131. Hem kendilerinin hem de Bozk\u0131rlardaki bir\u00e7ok insan\u0131n kaderi ise Jack ve Jill\u2019in yapaca\u011f\u0131 se\u00e7imlere ba\u011fl\u0131 olacakt\u0131.   Sopalar ve Kemikler, t\u0131pk\u0131 Her Kalp Bir E\u015fik gibi, ba\u015fka d\u00fcnyalar\u0131n b\u00fcy\u00fcl\u00fc \u0131\u015f\u0131\u011f\u0131n\u0131 yans\u0131t\u0131yor.   \u201cSpek\u00fclatif kurgu okurlar\u0131n\u0131n arad\u0131\u011f\u0131 her \u015fey burada: fantastik d\u00fcnyalar, zengin karakterler ve duygu dolu bir hik\u00e2ye.\u201d \u2013Library Journal   \u201cBu peri masal\u0131, insan\u0131n hayat\u0131n\u0131 sonsuza dek de\u011fi\u015ftirebilecek se\u00e7imler, kaybedilen masumiyet ve sevmek ile sevilmenin ne demek oldu\u011fu hakk\u0131nda.\u201d \u2013Publishers Weekly   \u201cBir sonraki sayfaya ge\u00e7mek i\u00e7in yerinizde duramayaca\u011f\u0131n\u0131z karanl\u0131k bir peri masal\u0131.\u201d \u2013Locus <\/p>\n","protected":false},"excerpt":{"rendered":"<p>Seanan McGuire\u2019\u0131n Ters \u00c7ocuklar serisinin ikinci kitab\u0131 Sopalar ve Kemikler okurlar\u0131 Jack ve Jill\u2019in vampirler, kurtadamlar ve deli biliminsanlar\u0131yla dolu d\u00fcnyas\u0131 Bozk\u0131rlara g\u00f6t\u00fcr\u00fcyor. Jacqueline annesinin ideal<span class=\"excerpt-hellip\"> [\u2026]<\/span><\/p>\n","protected":false},"featured_media":0,"template":"","meta":{"_monsterinsights_skip_tracking":false,"_monsterinsights_sitenote_active":false,"_monsterinsights_sitenote_note":"","_monsterinsights_sitenote_category":0},"product_brand":[],"product_cat":[12291,14777],"product_tag":[],"class_list":{"0":"post-752378","1":"product","2":"type-product","3":"status-publish","5":"product_cat-edebiyat","6":"product_cat-fantastik","7":"pa_cilt-ciltsiz","8":"pa_tur-kitap","9":"pa_yayinevi-ithaki-yayinlari","10":"pa_yazar-seanan-mcguire","12":"first","13":"instock","14":"sale","15":"shipping-taxable","16":"purchasable","17":"product-type-simple"},"_links":{"self":[{"href":"https:\/\/roveyayinevi.com.tr\/index.php\/wp-json\/wp\/v2\/product\/752378","targetHints":{"allow":["GET"]}}],"collection":[{"href":"https:\/\/roveyayinevi.com.tr\/index.php\/wp-json\/wp\/v2\/product"}],"about":[{"href":"https:\/\/roveyayinevi.com.tr\/index.php\/wp-json\/wp\/v2\/types\/product"}],"wp:attachment":[{"href":"https:\/\/roveyayinevi.com.tr\/index.php\/wp-json\/wp\/v2\/media?parent=752378"}],"wp:term":[{"taxonomy":"product_brand","embeddable":true,"href":"https:\/\/roveyayinevi.com.tr\/index.php\/wp-json\/wp\/v2\/product_brand?post=752378"},{"taxonomy":"product_cat","embeddable":true,"href":"https:\/\/roveyayinevi.com.tr\/index.php\/wp-json\/wp\/v2\/product_cat?post=752378"},{"taxonomy":"product_tag","embeddable":true,"href":"https:\/\/roveyayinevi.com.tr\/index.php\/wp-json\/wp\/v2\/product_tag?post=752378"}],"curies":[{"name":"wp","href":"https:\/\/api.w.org\/{rel}","templated":true}]}}