{"id":752377,"date":"2025-08-28T05:14:37","date_gmt":"2025-08-28T02:14:37","guid":{"rendered":"https:\/\/roveyayinevi.com.tr\/index.php\/urun\/her-kalp-bir-esik-ters-cocuklar-1-kitap\/"},"modified":"2026-04-16T03:05:53","modified_gmt":"2026-04-16T00:05:53","slug":"her-kalp-bir-esik-ters-cocuklar-1-kitap","status":"publish","type":"product","link":"https:\/\/roveyayinevi.com.tr\/index.php\/urun\/her-kalp-bir-esik-ters-cocuklar-1-kitap\/","title":{"rendered":"Her Kalp Bir E\u015fik \/ Ters \u00c7ocuklar 1. Kitap"},"content":{"rendered":"<p>Seanan McGuire\u2019\u0131n Ters \u00c7ocuklar serisinin Hugo, Nebula ve Locus En \u0130yi Novella \u00f6d\u00fcllerine lay\u0131k g\u00f6r\u00fclen ilk kitab\u0131 Her Kalp Bir E\u015fik okuru birbirinden tuhaf d\u00fcnyalara davet ediyor.   \u00c7ocuklar uygun ko\u015fullar alt\u0131nda her zaman ortadan kaybolmu\u015flard\u0131r; bir yata\u011f\u0131n alt\u0131ndaki ya da bir gard\u0131robun arkas\u0131ndaki g\u00f6lgelerin i\u00e7inden kayarak, tav\u015fan deliklerinden a\u015fa\u011f\u0131 yuvarlanarak ve eski kuyulara girerek ba\u015fka d\u00fcnyalarda ortaya \u00e7\u0131karlar.   Eleanor West, bir kap\u0131 bulup ba\u015fka d\u00fcnyalara giden ve kendi d\u00fcnyalar\u0131na d\u00f6nd\u00fckten sonra topluma uyum sa\u011flayamayan \u00e7ocuklar i\u00e7in bir okul kurmu\u015ftu. \u00c7ocuklar burada gittikleri d\u00fcnyalara g\u00f6re s\u0131n\u0131fland\u0131r\u0131l\u0131yor, e\u011fitimler al\u0131yor, sosyalle\u015fiyor ve onlar\u0131 ba\u015fka d\u00fcnyaya g\u00f6t\u00fcren kap\u0131lar\u0131n\u0131n tekrar a\u00e7\u0131lmas\u0131n\u0131 bekliyorlard\u0131. Nancy de \u00d6l\u00fcler Diyar\u0131ndan d\u00f6nm\u00fc\u015ft\u00fc ve bildi\u011fi d\u00fcnya onun i\u00e7in anlam\u0131n\u0131 yitirmi\u015fti. Ailesi ise \u00e7areyi Eleanor West\u2019in Ters \u00c7ocuklar Evi\u2019nde bulmu\u015ftu. Nancy okula geldikten k\u0131sa s\u00fcre sonra \u00f6\u011frenciler teker teker \u00f6lmeye ba\u015flay\u0131nca t\u00fcm g\u00f6zler Nancy\u2019nin \u00fczerine \u00e7evrilecekti. Nancy ve garip arkada\u015f grubunun tek \u00e7aresiyse katili bulmakt\u0131.   Her Kalp Bir E\u015fik, adresini kaybetti\u011fimiz evlerin yolunu tarif eden, b\u00fcy\u00fcleyici bir hik\u00e2ye.   \u201c\u015eahane bir \u00f6yk\u00fc. Bazen fena, bazen \u00f6fkeli ve her daim heyecan verici.\u201d \u2013Cory Doctorow    \u201cLewis Carroll ve C. S. Lewis\u2019in klasikleriyle ayn\u0131 rafta yer almay\u0131 hak eden de\u011ferli bir kitap.\u201d \u2013NPR   \u201cOkudu\u011fum en benzersiz hik\u00e2yelerden biri.\u201d \u2013V. E. Schwab <\/p>\n","protected":false},"excerpt":{"rendered":"<p>Seanan McGuire\u2019\u0131n Ters \u00c7ocuklar serisinin Hugo, Nebula ve Locus En \u0130yi Novella \u00f6d\u00fcllerine lay\u0131k g\u00f6r\u00fclen ilk kitab\u0131 Her Kalp Bir E\u015fik okuru birbirinden tuhaf d\u00fcnyalara davet<span class=\"excerpt-hellip\"> [\u2026]<\/span><\/p>\n","protected":false},"featured_media":0,"template":"","meta":{"_monsterinsights_skip_tracking":false,"_monsterinsights_sitenote_active":false,"_monsterinsights_sitenote_note":"","_monsterinsights_sitenote_category":0},"product_brand":[],"product_cat":[12291,14777],"product_tag":[],"class_list":{"0":"post-752377","1":"product","2":"type-product","3":"status-publish","5":"product_cat-edebiyat","6":"product_cat-fantastik","7":"pa_cilt-ciltsiz","8":"pa_tur-kitap","9":"pa_yayinevi-ithaki-yayinlari","10":"pa_yazar-seanan-mcguire","12":"first","13":"instock","14":"sale","15":"shipping-taxable","16":"purchasable","17":"product-type-simple"},"_links":{"self":[{"href":"https:\/\/roveyayinevi.com.tr\/index.php\/wp-json\/wp\/v2\/product\/752377","targetHints":{"allow":["GET"]}}],"collection":[{"href":"https:\/\/roveyayinevi.com.tr\/index.php\/wp-json\/wp\/v2\/product"}],"about":[{"href":"https:\/\/roveyayinevi.com.tr\/index.php\/wp-json\/wp\/v2\/types\/product"}],"wp:attachment":[{"href":"https:\/\/roveyayinevi.com.tr\/index.php\/wp-json\/wp\/v2\/media?parent=752377"}],"wp:term":[{"taxonomy":"product_brand","embeddable":true,"href":"https:\/\/roveyayinevi.com.tr\/index.php\/wp-json\/wp\/v2\/product_brand?post=752377"},{"taxonomy":"product_cat","embeddable":true,"href":"https:\/\/roveyayinevi.com.tr\/index.php\/wp-json\/wp\/v2\/product_cat?post=752377"},{"taxonomy":"product_tag","embeddable":true,"href":"https:\/\/roveyayinevi.com.tr\/index.php\/wp-json\/wp\/v2\/product_tag?post=752377"}],"curies":[{"name":"wp","href":"https:\/\/api.w.org\/{rel}","templated":true}]}}