{"id":752372,"date":"2025-08-28T05:14:30","date_gmt":"2025-08-28T02:14:30","guid":{"rendered":"https:\/\/roveyayinevi.com.tr\/index.php\/urun\/besmele-tefsiri\/"},"modified":"2026-04-16T03:05:53","modified_gmt":"2026-04-16T00:05:53","slug":"besmele-tefsiri","status":"publish","type":"product","link":"https:\/\/roveyayinevi.com.tr\/index.php\/urun\/besmele-tefsiri\/","title":{"rendered":"Besmele Tefsiri"},"content":{"rendered":"<p>All\u00e2hu Te\u2018\u00e2l\u00e2 Mira\u00e7 Gecesi Muhammed Mustaf\u00e2\u2019ya \u201cE\u011fer her i\u015fte yard\u0131m\u0131m\u0131n seninle olmas\u0131n\u0131 istiyorsan keremimi, l\u00fctfumu ve ism-i az\u00e2m\u0131m\u0131 bildiren ad\u0131m her an dilinde olsun,\u201d diye hitap etti. Resul, \u201c\u0130l\u00e2hi ism-i az\u00e2m\u0131n hangisidir? L\u00fctfunu bildiren ad\u0131n hangisidir? Hi\u00e7bir zaman onlardan ayr\u0131lmamam i\u00e7in onlar\u0131 bana bildir,\u201d dedi. Tanr\u0131 Te\u2018\u00e2l\u00e2 \u201cEy Muhammed, ism-i azam\u0131m All\u00e2h\u2019t\u0131r. Keremimi bildiren ad\u0131m Rahm\u00e2n\u2019d\u0131r. L\u00fctfumu bildiren ad\u0131m Rah\u00eem\u2019dir. E\u011fer her durumda \u201cBismi\u2019ll\u00e2hi\u2019r-rahm\u00e2ni\u2019r-rah\u00eem\u201d dersen ben keremim ve l\u00fctfum ile senin bek\u00e7in olay\u0131m,\u201d dedi. H\u00e2c\u0131 Bekta\u015f Vel\u00ee, on \u00fc\u00e7\u00fcnc\u00fc y\u00fczy\u0131ldan bug\u00fcne T\u00fcrk milletinin g\u00f6nl\u00fcnde taht kurmu\u015f, y\u00fczy\u0131llarca azalmayan bir muhabbetle, kendisine ba\u011fl\u0131lar yoluyla fikirleri geni\u015f bir co\u011frafyada taraftar bulmu\u015f, me\u015fhur T\u00fcrk mutasavv\u0131flar\u0131ndan biridir. H\u00e2c\u0131 Bekta\u015f Vel\u00ee\u2019nin en k\u0131ymetli eserlerinden biri Besmele Tefsiri\u2019dir. Bu eser; T\u00fcrklerin yo\u011fun olarak ya\u015fad\u0131\u011f\u0131 Anadolu\u2019da besmeleyi konu edinmi\u015f, T\u00fcrk\u00e7e olarak yaz\u0131lm\u0131\u015f ilk m\u00fcstakil tefsirdir. H\u00e2c\u0131 Bekta\u015f Vel\u00ee\u2019nin ya\u015fad\u0131\u011f\u0131 d\u00f6nem ve co\u011frafya g\u00f6z \u00f6n\u00fcnde al\u0131nd\u0131\u011f\u0131nda bu eserin telif sebebinin gayr-i m\u00fcslimlere \u0130sl\u00e2m\u2019\u0131 tan\u0131tmak ve g\u00f6\u00e7g\u00fcnc\u00fc (g\u00f6\u00e7er evli) T\u00fcrklerdeki iman\u0131 g\u00fc\u00e7lendirmek oldu\u011fu s\u00f6ylenebilir. \u015eirk ko\u015fmamak \u015fart\u0131yla inananlar\u0131n b\u00fct\u00fcn g\u00fcnahlar\u0131n\u0131n All\u00e2h\u2019\u0131n Rahm\u00e2n ve Rah\u00eem s\u0131fatlar\u0131 gere\u011fince affedilece\u011finin i\u015flendi\u011fi Besmele Tefsiri, ba\u015ftan sona iman konusunun manifestosu gibidir. <\/p>\n","protected":false},"excerpt":{"rendered":"<p>All\u00e2hu Te\u2018\u00e2l\u00e2 Mira\u00e7 Gecesi Muhammed Mustaf\u00e2\u2019ya \u201cE\u011fer her i\u015fte yard\u0131m\u0131m\u0131n seninle olmas\u0131n\u0131 istiyorsan keremimi, l\u00fctfumu ve ism-i az\u00e2m\u0131m\u0131 bildiren ad\u0131m her an dilinde olsun,\u201d diye hitap<span class=\"excerpt-hellip\"> [\u2026]<\/span><\/p>\n","protected":false},"featured_media":0,"template":"","meta":{"_monsterinsights_skip_tracking":false,"_monsterinsights_sitenote_active":false,"_monsterinsights_sitenote_note":"","_monsterinsights_sitenote_category":0},"product_brand":[],"product_cat":[12718,12719],"product_tag":[],"class_list":{"0":"post-752372","1":"product","2":"type-product","3":"status-publish","5":"product_cat-din","6":"product_cat-islam","7":"pa_cilt-ciltsiz","8":"pa_tur-kitap","9":"pa_yayinevi-vakifbank-kultur-yayinlari","10":"pa_yazar-haci-bektas-i-veli","12":"first","13":"instock","14":"sale","15":"shipping-taxable","16":"purchasable","17":"product-type-simple"},"_links":{"self":[{"href":"https:\/\/roveyayinevi.com.tr\/index.php\/wp-json\/wp\/v2\/product\/752372","targetHints":{"allow":["GET"]}}],"collection":[{"href":"https:\/\/roveyayinevi.com.tr\/index.php\/wp-json\/wp\/v2\/product"}],"about":[{"href":"https:\/\/roveyayinevi.com.tr\/index.php\/wp-json\/wp\/v2\/types\/product"}],"wp:attachment":[{"href":"https:\/\/roveyayinevi.com.tr\/index.php\/wp-json\/wp\/v2\/media?parent=752372"}],"wp:term":[{"taxonomy":"product_brand","embeddable":true,"href":"https:\/\/roveyayinevi.com.tr\/index.php\/wp-json\/wp\/v2\/product_brand?post=752372"},{"taxonomy":"product_cat","embeddable":true,"href":"https:\/\/roveyayinevi.com.tr\/index.php\/wp-json\/wp\/v2\/product_cat?post=752372"},{"taxonomy":"product_tag","embeddable":true,"href":"https:\/\/roveyayinevi.com.tr\/index.php\/wp-json\/wp\/v2\/product_tag?post=752372"}],"curies":[{"name":"wp","href":"https:\/\/api.w.org\/{rel}","templated":true}]}}