{"id":752362,"date":"2025-08-28T05:14:15","date_gmt":"2025-08-28T02:14:15","guid":{"rendered":"https:\/\/roveyayinevi.com.tr\/index.php\/urun\/kahkahanin-kultur-tarihi\/"},"modified":"2026-04-16T03:05:53","modified_gmt":"2026-04-16T00:05:53","slug":"kahkahanin-kultur-tarihi","status":"publish","type":"product","link":"https:\/\/roveyayinevi.com.tr\/index.php\/urun\/kahkahanin-kultur-tarihi\/","title":{"rendered":"Kahkahan\u0131n K\u00fclt\u00fcr Tarihi"},"content":{"rendered":"<p>Kahkaha gizli gizli \u015faka maskesiyle kurbanlar\u0131n insanlar oldu\u011fu korkun\u00e7 oyunlar tasarlar, pusu kurar. Onun oyun bozucu yasalar\u0131 mekanikle\u015fen, ray\u0131ndan \u00e7\u0131kan eylemleri, duru\u015flar\u0131 ve d\u00fczeni temelinden sarsar. Kimi zaman anlam\u0131 b\u00fcsb\u00fct\u00fcn anlams\u0131zl\u0131\u011f\u0131nda, durumlar\u0131 ters y\u00fcz etmesinde gizlidir. D\u00fcnyay\u0131 tahamm\u00fcl edilebilir k\u0131lan, e\u011flenceli, ciddi ve korkun\u00e7 bu paradoksal eylem kimi zaman kar\u015f\u0131 tarafa di\u015f g\u00f6steren a\u011f\u0131r hakaret, sald\u0131r\u0131 ve d\u00fc\u015fmanl\u0131k bi\u00e7imidir. Kahkaha \u00e7\u00fcr\u00fcklerin kokusunu al\u0131r, k\u0131yafetlerin yamal\u0131 k\u0131s\u0131mlar\u0131n\u0131 bilir, uyan\u0131klar\u0131n zay\u0131fl\u0131klar\u0131n\u0131 ve t\u00fcm kurnazl\u0131klar\u0131n korkusunu hisseder; sonra insanc\u0131l bu yeti bir vir\u00fcs gibi \u015fekilden \u015fekile girer, sald\u0131r\u0131s\u0131n\u0131 farkl\u0131 bi\u00e7imlerde tasarlar.Kahkahan\u0131n K\u00fclt\u00fcr Tarihi&#8217;nde Azem Sevindik \u015fu sorular\u0131n ve baz\u0131 di\u011fer dikkat \u00e7ekici meselelerin pe\u015fine d\u00fc\u015f\u00fcyor:G\u00fclmek insani midir? Neden, ne zaman, hangi durumlara, kime\/neye g\u00fcleriz? Arenalarda seyirciler \u00f6l\u00fcm\u00fcne m\u00fccadele eden gladyat\u00f6rleri izlemekten neden keyif al\u0131rlar? Ba\u015fkalar\u0131n\u0131n talihsizlikleri niye di\u011ferlerini keyiflendirir? Bask\u0131 alt\u0131nda ve hata an\u0131nda g\u00fcl\u00fcnmesinin sebebi nedir? Ni\u00e7in en ciddi hitaplarda dahi sunum aras\u0131na birka\u00e7 espri s\u0131k\u0131\u015ft\u0131r\u0131lma ihtiyac\u0131 hissedilir? \u00c7ok g\u00fczel bir haber al\u0131nca sevin\u00e7ten a\u011flayan insano\u011flu neden hi\u00e7 beklemedi\u011fi k\u00f6t\u00fc bir durum kar\u015f\u0131s\u0131nda \u2018\u015fok&#8217; bir g\u00fcl\u00fcmseyi\u015fle tepki verir? Ortak \u015feylere g\u00fcl(ebil)me becerisi gruplar\u0131n imaj\u0131 a\u00e7\u0131s\u0131ndan bir uyum, g\u00fcven, ba\u011fl\u0131l\u0131k ve s\u00fcreklilik g\u00f6stergesi midir? Kendi kendine g\u00fclenler ni\u00e7in deli yaftas\u0131 yemekten kurtulamazlar? \u00c7iftler neden \u015fakalarla birbirlerini s\u00fcrekli \u201cyapay veya do\u011fal\u201d olarak g\u00fcld\u00fcrmeye \u00e7al\u0131\u015f\u0131rlar? G\u00fclme negatif bir eylem midir? G\u00fclme bula\u015f\u0131c\u0131 m\u0131d\u0131r? G\u00fclmenin bir ekolojisi var m\u0131d\u0131r?<\/p>\n","protected":false},"excerpt":{"rendered":"<p>Kahkaha gizli gizli \u015faka maskesiyle kurbanlar\u0131n insanlar oldu\u011fu korkun\u00e7 oyunlar tasarlar, pusu kurar. Onun oyun bozucu yasalar\u0131 mekanikle\u015fen, ray\u0131ndan \u00e7\u0131kan eylemleri, duru\u015flar\u0131 ve d\u00fczeni temelinden sarsar.<span class=\"excerpt-hellip\"> [\u2026]<\/span><\/p>\n","protected":false},"featured_media":0,"template":"","meta":{"_monsterinsights_skip_tracking":false,"_monsterinsights_sitenote_active":false,"_monsterinsights_sitenote_note":"","_monsterinsights_sitenote_category":0},"product_brand":[],"product_cat":[20039,13488],"product_tag":[],"class_list":{"0":"post-752362","1":"product","2":"type-product","3":"status-publish","5":"product_cat-kultur-tarihi","6":"product_cat-toplum-ve-insan","7":"pa_cilt-ciltsiz","8":"pa_tur-kitap","9":"pa_yayinevi-otuken-nesriyat","10":"pa_yazar-azem-sevindik","12":"first","13":"instock","14":"sale","15":"shipping-taxable","16":"purchasable","17":"product-type-simple"},"_links":{"self":[{"href":"https:\/\/roveyayinevi.com.tr\/index.php\/wp-json\/wp\/v2\/product\/752362","targetHints":{"allow":["GET"]}}],"collection":[{"href":"https:\/\/roveyayinevi.com.tr\/index.php\/wp-json\/wp\/v2\/product"}],"about":[{"href":"https:\/\/roveyayinevi.com.tr\/index.php\/wp-json\/wp\/v2\/types\/product"}],"wp:attachment":[{"href":"https:\/\/roveyayinevi.com.tr\/index.php\/wp-json\/wp\/v2\/media?parent=752362"}],"wp:term":[{"taxonomy":"product_brand","embeddable":true,"href":"https:\/\/roveyayinevi.com.tr\/index.php\/wp-json\/wp\/v2\/product_brand?post=752362"},{"taxonomy":"product_cat","embeddable":true,"href":"https:\/\/roveyayinevi.com.tr\/index.php\/wp-json\/wp\/v2\/product_cat?post=752362"},{"taxonomy":"product_tag","embeddable":true,"href":"https:\/\/roveyayinevi.com.tr\/index.php\/wp-json\/wp\/v2\/product_tag?post=752362"}],"curies":[{"name":"wp","href":"https:\/\/api.w.org\/{rel}","templated":true}]}}