{"id":752356,"date":"2025-08-28T05:14:06","date_gmt":"2025-08-28T02:14:06","guid":{"rendered":"https:\/\/roveyayinevi.com.tr\/index.php\/urun\/midilli-operasyonu\/"},"modified":"2025-11-21T09:24:00","modified_gmt":"2025-11-21T06:24:00","slug":"midilli-operasyonu","status":"publish","type":"product","link":"https:\/\/roveyayinevi.com.tr\/index.php\/urun\/midilli-operasyonu\/","title":{"rendered":"Midilli Operasyonu"},"content":{"rendered":"<p>On ya\u015f\u0131ndaki Deniz\u2019in babas\u0131n\u0131n yas\u0131, annesinin depresyonu ve H\u00e2le Teyzesinin gizli kapakl\u0131 i\u015fleriyle dolu Vosvos\u2019a son dakikada polaroid foto\u011fraf makinesini de s\u0131k\u0131\u015ft\u0131rmay\u0131 ba\u015fararak \u00e7\u0131kt\u0131\u011f\u0131 yaz tatili, kendi hayal gu\u0308cu\u0308nu\u0308 bile a\u015fan bir seru\u0308vene d\u00f6nu\u0308\u015fecektir. \u0130thakal\u0131 bir adam\u0131n Truva i\u015fgalinden d\u00f6nu\u0308\u015fu\u0308nu\u0308n u\u0308zerinden as\u0131rlar, zengin bir \u0130ngilizin seksen gu\u0308nde du\u0308nya turunu tamamlamas\u0131n\u0131n u\u0308zerinden \u00e7ok uzun zaman ge\u00e7tikten sonra, Dallas\u2019taki Ceyar\u2019\u0131n yaralanmas\u0131n\u0131n, Deniz\u2019in dans \u2018kariyerinin\u2019 bitmesinin, anneannesinin Selanik\u2019ten g\u00f6\u00e7 ederken getirdi\u011fi yadig\u00e2r yemek tak\u0131m\u0131n\u0131n k\u0131r\u0131ld\u0131\u011f\u0131 Porselen Vakas\u0131n\u0131n ve 12 Eylu\u0308l Darbesinin ise hemen ard\u0131ndan gelen o yazda, Ayval\u0131k-Midilli hatt\u0131, s\u0131rad\u0131\u015f\u0131 olaylar\u0131n merkezi olur. \u00c7evresinde olup bitenlere duydu\u011fu i\u015ftahl\u0131 merak\u0131yla, amat\u00f6r bir hafiye misali aile s\u0131rlar\u0131n\u0131n pe\u015fine du\u0308\u015fen Deniz, \u2018s\u0131n\u0131rlar\u0131\u2019 a\u015farak yeti\u015fkinlerin du\u0308nyas\u0131n\u0131 alabora eden g\u00f6\u00e7u\u0308n, mu\u0308badelenin, toplumsal d\u00f6nu\u0308\u015fu\u0308mu\u0308n, darbenin, devrimcili\u011fin, okulda \u00f6\u011fretilmeyen tarihin dalgal\u0131 sular\u0131na a\u00e7\u0131l\u0131r. Bir Renault 12\u2019nin tehditk\u00e2r takibinin g\u00f6lgesinde, Aleko, \u015e\u00f6hret Neco, Sanat Gu\u0308ne\u015fimiz Pa\u015fa ve ARGUS-2 gibi kahramanlar\u0131m\u0131z bu bu\u0308yu\u0308me yolculu\u011funda du\u0308mendeki Deniz\u2019e e\u015flik edecektir.   Elif Gu\u0308lez ilk roman\u0131nda hem ki\u015fisel hem de toplumsal haf\u0131zan\u0131n i\u00e7 i\u00e7e ge\u00e7en olaylar\u0131n\u0131, karakterlerini ve nesnelerini incelikle maceras\u0131n\u0131n sat\u0131rlar\u0131na i\u015fliyor. Midilli Operasyonu okuru, 80\u2019lerde bu\u0308yu\u0308yen bir \u00e7ocu\u011fun \u00f6zgu\u0308n hayal du\u0308nyas\u0131n\u0131n ak\u0131nt\u0131s\u0131na kap\u0131lm\u0131\u015f halde, mu\u0308\u015fterek belle\u011fin, ku\u0308ltu\u0308ru\u0308n, tarihin ve hakikatin denizlerine ta\u015f\u0131yor. <\/p>\n","protected":false},"excerpt":{"rendered":"<p>On ya\u015f\u0131ndaki Deniz\u2019in babas\u0131n\u0131n yas\u0131, annesinin depresyonu ve H\u00e2le Teyzesinin gizli kapakl\u0131 i\u015fleriyle dolu Vosvos\u2019a son dakikada polaroid foto\u011fraf makinesini de s\u0131k\u0131\u015ft\u0131rmay\u0131 ba\u015fararak \u00e7\u0131kt\u0131\u011f\u0131 yaz tatili,<span class=\"excerpt-hellip\"> [\u2026]<\/span><\/p>\n","protected":false},"featured_media":0,"template":"","meta":{"_monsterinsights_skip_tracking":false,"_monsterinsights_sitenote_active":false,"_monsterinsights_sitenote_note":"","_monsterinsights_sitenote_category":0},"product_brand":[],"product_cat":[12291,12711],"product_tag":[],"class_list":{"0":"post-752356","1":"product","2":"type-product","3":"status-publish","5":"product_cat-edebiyat","6":"product_cat-roman-oyku","7":"pa_cilt-ciltsiz","8":"pa_tur-kitap","9":"pa_yayinevi-istos-yayincilik","10":"pa_yazar-elif-gulez","12":"first","13":"instock","14":"sale","15":"shipping-taxable","16":"purchasable","17":"product-type-simple"},"_links":{"self":[{"href":"https:\/\/roveyayinevi.com.tr\/index.php\/wp-json\/wp\/v2\/product\/752356","targetHints":{"allow":["GET"]}}],"collection":[{"href":"https:\/\/roveyayinevi.com.tr\/index.php\/wp-json\/wp\/v2\/product"}],"about":[{"href":"https:\/\/roveyayinevi.com.tr\/index.php\/wp-json\/wp\/v2\/types\/product"}],"wp:attachment":[{"href":"https:\/\/roveyayinevi.com.tr\/index.php\/wp-json\/wp\/v2\/media?parent=752356"}],"wp:term":[{"taxonomy":"product_brand","embeddable":true,"href":"https:\/\/roveyayinevi.com.tr\/index.php\/wp-json\/wp\/v2\/product_brand?post=752356"},{"taxonomy":"product_cat","embeddable":true,"href":"https:\/\/roveyayinevi.com.tr\/index.php\/wp-json\/wp\/v2\/product_cat?post=752356"},{"taxonomy":"product_tag","embeddable":true,"href":"https:\/\/roveyayinevi.com.tr\/index.php\/wp-json\/wp\/v2\/product_tag?post=752356"}],"curies":[{"name":"wp","href":"https:\/\/api.w.org\/{rel}","templated":true}]}}