{"id":752336,"date":"2025-08-28T05:13:37","date_gmt":"2025-08-28T02:13:37","guid":{"rendered":"https:\/\/roveyayinevi.com.tr\/index.php\/urun\/kedimin-adi-odin-1\/"},"modified":"2025-11-11T09:16:14","modified_gmt":"2025-11-11T06:16:14","slug":"kedimin-adi-odin-1","status":"publish","type":"product","link":"https:\/\/roveyayinevi.com.tr\/index.php\/urun\/kedimin-adi-odin-1\/","title":{"rendered":"Kedimin Ad\u0131 Odin -1"},"content":{"rendered":"<p>Kedimin ad\u0131 Odin ve t\u0131pk\u0131 \u0130skandinav \u015fiir ve sava\u015f tanr\u0131s\u0131 gibi tek g\u00f6zl\u00fc. Ben Aldo. Petra ad\u0131nda ba\u015f belas\u0131 bir k\u0131z karde\u015fim var. Son zamanlarda evimizin etraf\u0131nda baz\u0131 garip olaylar oluyor. B\u00fcy\u00fck siyah kargalar, kurt g\u00f6lgeleri, ormanda beliren kocaman bir a\u011fa\u00e7&#8230; Peki ya size, kedimin ger\u00e7ekten de Odin oldu\u011funu ve karanl\u0131k g\u00fc\u00e7lere kar\u015f\u0131 bir sava\u015f ba\u015flatmak \u00fczere oldu\u011funu s\u00f6ylesem? Ama korkmay\u0131n. Arkada\u015flar\u0131m Giulio ve Sandro ile d\u00fcnyay\u0131 kurtarmaya haz\u0131r\u0131z! <\/p>\n","protected":false},"excerpt":{"rendered":"<p>Kedimin ad\u0131 Odin ve t\u0131pk\u0131 \u0130skandinav \u015fiir ve sava\u015f tanr\u0131s\u0131 gibi tek g\u00f6zl\u00fc. Ben Aldo. Petra ad\u0131nda ba\u015f belas\u0131 bir k\u0131z karde\u015fim var. Son zamanlarda evimizin<span class=\"excerpt-hellip\"> [\u2026]<\/span><\/p>\n","protected":false},"featured_media":0,"template":"","meta":{"_monsterinsights_skip_tracking":false,"_monsterinsights_sitenote_active":false,"_monsterinsights_sitenote_note":"","_monsterinsights_sitenote_category":0},"product_brand":[],"product_cat":[12275,12274],"product_tag":[],"class_list":{"0":"post-752336","1":"product","2":"type-product","3":"status-publish","5":"product_cat-6-12-yas-kitaplari","6":"product_cat-cocuk-ve-genclik-kitaplari","7":"pa_cilt-ciltsiz","8":"pa_tur-kitap","9":"pa_yayinevi-dogan-cocuk","10":"pa_yazar-francesco-bedini","12":"first","13":"instock","14":"sale","15":"shipping-taxable","16":"purchasable","17":"product-type-simple"},"_links":{"self":[{"href":"https:\/\/roveyayinevi.com.tr\/index.php\/wp-json\/wp\/v2\/product\/752336","targetHints":{"allow":["GET"]}}],"collection":[{"href":"https:\/\/roveyayinevi.com.tr\/index.php\/wp-json\/wp\/v2\/product"}],"about":[{"href":"https:\/\/roveyayinevi.com.tr\/index.php\/wp-json\/wp\/v2\/types\/product"}],"wp:attachment":[{"href":"https:\/\/roveyayinevi.com.tr\/index.php\/wp-json\/wp\/v2\/media?parent=752336"}],"wp:term":[{"taxonomy":"product_brand","embeddable":true,"href":"https:\/\/roveyayinevi.com.tr\/index.php\/wp-json\/wp\/v2\/product_brand?post=752336"},{"taxonomy":"product_cat","embeddable":true,"href":"https:\/\/roveyayinevi.com.tr\/index.php\/wp-json\/wp\/v2\/product_cat?post=752336"},{"taxonomy":"product_tag","embeddable":true,"href":"https:\/\/roveyayinevi.com.tr\/index.php\/wp-json\/wp\/v2\/product_tag?post=752336"}],"curies":[{"name":"wp","href":"https:\/\/api.w.org\/{rel}","templated":true}]}}