{"id":752331,"date":"2025-08-28T05:13:29","date_gmt":"2025-08-28T02:13:29","guid":{"rendered":"https:\/\/roveyayinevi.com.tr\/index.php\/urun\/umit-kuyuk-ile-iliski-yonetimi\/"},"modified":"2026-04-16T03:05:38","modified_gmt":"2026-04-16T00:05:38","slug":"umit-kuyuk-ile-iliski-yonetimi","status":"publish","type":"product","link":"https:\/\/roveyayinevi.com.tr\/index.php\/urun\/umit-kuyuk-ile-iliski-yonetimi\/","title":{"rendered":"\u00dcmit K\u00fcy\u00fck \u0130le \u0130li\u015fki Y\u00f6netimi"},"content":{"rendered":"<p>Bu kitap hem kar\u015f\u0131 cinsin biyolojik, psikolojik, hormonal ve i\u00e7g\u00fcd\u00fcsel yap\u0131s\u0131 hakk\u0131nda size yol g\u00f6sterecek hem de bir nebze kendinizi analiz edip yapt\u0131\u011f\u0131n\u0131z hatalar\u0131 fark etmenizi sa\u011flayacak.   Bu kitab\u0131n \u00e7\u0131k\u0131\u015f amac\u0131 da bu noktada ili\u015fkilerdeki problemlerin as\u0131l kayna\u011f\u0131n\u0131n ne oldu\u011funu fark edip bunlar\u0131 kolayl\u0131kla \u00e7\u00f6zebilmektir.   Ya da kitab\u0131 okuyan ki\u015finin ileriki ili\u015fkilerinde do\u011fru ve sa\u011flam sa\u011flam ad\u0131mlarla birlikteli\u011fini s\u00fcrd\u00fcrmesine hizmet edecektir.<\/p>\n","protected":false},"excerpt":{"rendered":"<p>Bu kitap hem kar\u015f\u0131 cinsin biyolojik, psikolojik, hormonal ve i\u00e7g\u00fcd\u00fcsel yap\u0131s\u0131 hakk\u0131nda size yol g\u00f6sterecek hem de bir nebze kendinizi analiz edip yapt\u0131\u011f\u0131n\u0131z hatalar\u0131 fark etmenizi<span class=\"excerpt-hellip\"> [\u2026]<\/span><\/p>\n","protected":false},"featured_media":0,"template":"","meta":{"_monsterinsights_skip_tracking":false,"_monsterinsights_sitenote_active":false,"_monsterinsights_sitenote_note":"","_monsterinsights_sitenote_category":0},"product_brand":[],"product_cat":[12364,12376],"product_tag":[],"class_list":{"0":"post-752331","1":"product","2":"type-product","3":"status-publish","5":"product_cat-genel-konular","6":"product_cat-kisisel-gelisim","7":"pa_cilt-ciltsiz","8":"pa_tur-kitap","9":"pa_yayinevi-otis-yayinlari","10":"pa_yazar-umit-kuyuk","12":"first","13":"instock","14":"sale","15":"shipping-taxable","16":"purchasable","17":"product-type-simple"},"_links":{"self":[{"href":"https:\/\/roveyayinevi.com.tr\/index.php\/wp-json\/wp\/v2\/product\/752331","targetHints":{"allow":["GET"]}}],"collection":[{"href":"https:\/\/roveyayinevi.com.tr\/index.php\/wp-json\/wp\/v2\/product"}],"about":[{"href":"https:\/\/roveyayinevi.com.tr\/index.php\/wp-json\/wp\/v2\/types\/product"}],"wp:attachment":[{"href":"https:\/\/roveyayinevi.com.tr\/index.php\/wp-json\/wp\/v2\/media?parent=752331"}],"wp:term":[{"taxonomy":"product_brand","embeddable":true,"href":"https:\/\/roveyayinevi.com.tr\/index.php\/wp-json\/wp\/v2\/product_brand?post=752331"},{"taxonomy":"product_cat","embeddable":true,"href":"https:\/\/roveyayinevi.com.tr\/index.php\/wp-json\/wp\/v2\/product_cat?post=752331"},{"taxonomy":"product_tag","embeddable":true,"href":"https:\/\/roveyayinevi.com.tr\/index.php\/wp-json\/wp\/v2\/product_tag?post=752331"}],"curies":[{"name":"wp","href":"https:\/\/api.w.org\/{rel}","templated":true}]}}