{"id":752330,"date":"2025-08-28T05:13:29","date_gmt":"2025-08-28T02:13:29","guid":{"rendered":"https:\/\/roveyayinevi.com.tr\/index.php\/urun\/milli-mecmua-sayi-32-mayis-haziran-2023\/"},"modified":"2026-04-16T03:05:38","modified_gmt":"2026-04-16T00:05:38","slug":"milli-mecmua-sayi-32-mayis-haziran-2023","status":"publish","type":"product","link":"https:\/\/roveyayinevi.com.tr\/index.php\/urun\/milli-mecmua-sayi-32-mayis-haziran-2023\/","title":{"rendered":"Milli Mecmua Say\u0131 32 \/ May\u0131s &#8211; Haziran 2023"},"content":{"rendered":"<p>FAT\u0130H&#8217;\u0130N SEFERLER\u0130: GAYE, HEDEFLER VE STRATEJ\u0130 \/ MEHMET \u00d6ZMPARATORLUK \u0130MGES\u0130 VE T\u00dcRKLER\u0130N K\u00d6KEN\u0130: II. MEHMET D\u00d6NEM\u0130 \/ G\u0130ZEM MAGEM\u0130ZO\u011eLUFAT\u0130H SULTAN MEHMET D\u00d6NEM\u0130NDEK\u0130 EDEB\u00ce \u00c7EVRELER \/ \u0130BRAH\u0130M AKYOLB\u0130R C\u0130HAN \u0130MPARATORUNUN \u0130MPARATORLUK \u0130DEOLOJ\u0130S\u0130 \/ KEMAL RAMAZAN HAYKIRANF\u00c2T\u0130H SULTAN MEHMED&#8217;\u0130N H\u0130KMETE \u201cSI\u011eINMASI\u201d \u00dcZER\u0130NE \/ EM\u0130NE SONNUR \u00d6ZCAN\u00c7A\u011eDA\u015e KAYNAKLARIN I\u015eI\u011eINDA FAT\u0130H&#8217;\u0130N DAH\u0130 K\u0130\u015e\u0130L\u0130\u011e\u0130 \/ DO\u011eUKAN BOZKURTFAT\u0130H SULTAN MEHMED, VEZ\u0130RLER\u0130 VE D\u00d6NEM\u0130 \/ KASIM BOLATB\u0130R \u0130MPARATORLUK YARATMAK \/ M. OLGAY S\u00d6YLERTURSUN BEY&#8217;\u0130N HAYATI \/ TU\u011eRULHAN KARADUMANFAT\u0130H SULTAN MEHMET D\u00d6NEM\u0130 T\u00dcRK EDEB\u0130YATI \/ HALUK AYDIN<\/p>\n","protected":false},"excerpt":{"rendered":"<p>FAT\u0130H&#8217;\u0130N SEFERLER\u0130: GAYE, HEDEFLER VE STRATEJ\u0130 \/ MEHMET \u00d6ZMPARATORLUK \u0130MGES\u0130 VE T\u00dcRKLER\u0130N K\u00d6KEN\u0130: II. MEHMET D\u00d6NEM\u0130 \/ G\u0130ZEM MAGEM\u0130ZO\u011eLUFAT\u0130H SULTAN MEHMET D\u00d6NEM\u0130NDEK\u0130 EDEB\u00ce \u00c7EVRELER \/ \u0130BRAH\u0130M<span class=\"excerpt-hellip\"> [\u2026]<\/span><\/p>\n","protected":false},"featured_media":0,"template":"","meta":{"_monsterinsights_skip_tracking":false,"_monsterinsights_sitenote_active":false,"_monsterinsights_sitenote_note":"","_monsterinsights_sitenote_category":0},"product_brand":[],"product_cat":[13527],"product_tag":[],"class_list":{"0":"post-752330","1":"product","2":"type-product","3":"status-publish","5":"product_cat-sureli-yayinlar","6":"pa_cilt-ciltsiz","7":"pa_tur-dergi","8":"pa_yayinevi-otuken-nesriyat","9":"pa_yazar-kolektif","11":"first","12":"instock","13":"sale","14":"shipping-taxable","15":"purchasable","16":"product-type-simple"},"_links":{"self":[{"href":"https:\/\/roveyayinevi.com.tr\/index.php\/wp-json\/wp\/v2\/product\/752330","targetHints":{"allow":["GET"]}}],"collection":[{"href":"https:\/\/roveyayinevi.com.tr\/index.php\/wp-json\/wp\/v2\/product"}],"about":[{"href":"https:\/\/roveyayinevi.com.tr\/index.php\/wp-json\/wp\/v2\/types\/product"}],"wp:attachment":[{"href":"https:\/\/roveyayinevi.com.tr\/index.php\/wp-json\/wp\/v2\/media?parent=752330"}],"wp:term":[{"taxonomy":"product_brand","embeddable":true,"href":"https:\/\/roveyayinevi.com.tr\/index.php\/wp-json\/wp\/v2\/product_brand?post=752330"},{"taxonomy":"product_cat","embeddable":true,"href":"https:\/\/roveyayinevi.com.tr\/index.php\/wp-json\/wp\/v2\/product_cat?post=752330"},{"taxonomy":"product_tag","embeddable":true,"href":"https:\/\/roveyayinevi.com.tr\/index.php\/wp-json\/wp\/v2\/product_tag?post=752330"}],"curies":[{"name":"wp","href":"https:\/\/api.w.org\/{rel}","templated":true}]}}