{"id":752326,"date":"2025-08-28T05:13:23","date_gmt":"2025-08-28T02:13:23","guid":{"rendered":"https:\/\/roveyayinevi.com.tr\/index.php\/urun\/tanrilar-bulustu\/"},"modified":"2026-04-16T03:05:37","modified_gmt":"2026-04-16T00:05:37","slug":"tanrilar-bulustu","status":"publish","type":"product","link":"https:\/\/roveyayinevi.com.tr\/index.php\/urun\/tanrilar-bulustu\/","title":{"rendered":"Tanr\u0131lar Bulu\u015ftu"},"content":{"rendered":"<p>Tanr\u0131lar bulu\u015ftu Olimpos\u2019ta Son birliktelikleri olacakt\u0131 Ve Bilinen son onlar i\u00e7in yakla\u015f\u0131yordu Evet hepsi bekliyordu sonunu Bitmi\u015fti art\u0131k onlar i\u00e7in tanr\u0131c\u0131l\u0131k oyunu. <\/p>\n","protected":false},"excerpt":{"rendered":"<p>Tanr\u0131lar bulu\u015ftu Olimpos\u2019ta Son birliktelikleri olacakt\u0131 Ve Bilinen son onlar i\u00e7in yakla\u015f\u0131yordu Evet hepsi bekliyordu sonunu Bitmi\u015fti art\u0131k onlar i\u00e7in tanr\u0131c\u0131l\u0131k oyunu.<\/p>\n","protected":false},"featured_media":0,"template":"","meta":{"_monsterinsights_skip_tracking":false,"_monsterinsights_sitenote_active":false,"_monsterinsights_sitenote_note":"","_monsterinsights_sitenote_category":0},"product_brand":[],"product_cat":[12718,12858],"product_tag":[],"class_list":{"0":"post-752326","1":"product","2":"type-product","3":"status-publish","5":"product_cat-din","6":"product_cat-mitolojiler","7":"pa_cilt-ciltsiz","8":"pa_tur-kitap","9":"pa_yayinevi-luna-yayinlari","10":"pa_yazar-yasar-yesilyurt","12":"first","13":"instock","14":"sale","15":"shipping-taxable","16":"purchasable","17":"product-type-simple"},"_links":{"self":[{"href":"https:\/\/roveyayinevi.com.tr\/index.php\/wp-json\/wp\/v2\/product\/752326","targetHints":{"allow":["GET"]}}],"collection":[{"href":"https:\/\/roveyayinevi.com.tr\/index.php\/wp-json\/wp\/v2\/product"}],"about":[{"href":"https:\/\/roveyayinevi.com.tr\/index.php\/wp-json\/wp\/v2\/types\/product"}],"wp:attachment":[{"href":"https:\/\/roveyayinevi.com.tr\/index.php\/wp-json\/wp\/v2\/media?parent=752326"}],"wp:term":[{"taxonomy":"product_brand","embeddable":true,"href":"https:\/\/roveyayinevi.com.tr\/index.php\/wp-json\/wp\/v2\/product_brand?post=752326"},{"taxonomy":"product_cat","embeddable":true,"href":"https:\/\/roveyayinevi.com.tr\/index.php\/wp-json\/wp\/v2\/product_cat?post=752326"},{"taxonomy":"product_tag","embeddable":true,"href":"https:\/\/roveyayinevi.com.tr\/index.php\/wp-json\/wp\/v2\/product_tag?post=752326"}],"curies":[{"name":"wp","href":"https:\/\/api.w.org\/{rel}","templated":true}]}}