{"id":752324,"date":"2025-08-28T05:13:20","date_gmt":"2025-08-28T02:13:20","guid":{"rendered":"https:\/\/roveyayinevi.com.tr\/index.php\/urun\/benim-adim-umut-bir-otizm-kitabi\/"},"modified":"2026-04-16T03:05:37","modified_gmt":"2026-04-16T00:05:37","slug":"benim-adim-umut-bir-otizm-kitabi","status":"publish","type":"product","link":"https:\/\/roveyayinevi.com.tr\/index.php\/urun\/benim-adim-umut-bir-otizm-kitabi\/","title":{"rendered":"Benim Ad\u0131m Umut Bir Otizm Kitab\u0131"},"content":{"rendered":"<p>Bebekken b\u00fct\u00fcn bebekler gibi \u00e7ok tatl\u0131yd\u0131. Kilosu, yemesi gayet yerindeydi. \u0130lk bebe\u011fim oldu\u011fu i\u00e7in \u00e7ok anlamam\u0131\u015ft\u0131m ama asl\u0131nda \u015fimdi d\u00fc\u015f\u00fcnd\u00fc\u011f\u00fcmde di\u011fer bebeklerden farkl\u0131yd\u0131. S\u0131rt\u00fcst\u00fc ya da y\u00fcz\u00fcst\u00fc yatt\u0131\u011f\u0131 zaman d\u00f6nemiyordu, \u00e7ok hareketli de\u011fildi. Di\u011fer arkada\u015flar\u0131n bebekleri \u00e7o\u011fu \u015feye tepki veriyordu. Umut, gidenin arkas\u0131ndan a\u011flam\u0131yordu, duygular\u0131 tam da net de\u011fildi. Hatta arkada\u015flar\u0131m \u201cNe kadar sakin, uysal,\u201d diyorlard\u0131. Yazd\u0131\u011f\u0131m \u015feyler sadece ya\u015fanm\u0131\u015fl\u0131klar\u2026 Bilimsel hi\u00e7bir dayanak yok. Bebe\u011fim de b\u00f6yle yap\u0131yor diye endi\u015feye kap\u0131lmay\u0131n. Di\u011fer y\u00f6nleri normal bebekler gibiydi, mesela biraz ge\u00e7 de olsa 13 ayl\u0131kken y\u00fcr\u00fcd\u00fc. Bu t\u00fcr bir sorun ya\u015fay\u0131nca insan ister istemez \u00e7ocu\u011fum hep b\u00f6yle miydi, ne zaman bu hareketlere ba\u015flad\u0131 diye d\u00fc\u015f\u00fcnmeye; eski hareketleri ile yeni hareketlerini kar\u015f\u0131la\u015ft\u0131rmaya, k\u00fc\u00e7\u00fckl\u00fck videolar\u0131na bakmaya ba\u015fl\u0131yor. \u00c7ocu\u011fu ne zaman kaybetmeye ba\u015flad\u0131\u011f\u0131m\u0131z\u0131 anlamaya \u00e7al\u0131\u015ft\u0131k. Ya\u015f\u0131tlar\u0131na g\u00f6re biraz gerideymi\u015f. Mesela daha az kelime s\u00f6yl\u00fcyormu\u015f. 1-2 ya\u015f civar\u0131yla te\u015fhisin konuldu\u011fu zaman aras\u0131nda da\u011flar kadar fark varm\u0131\u015f, maalesef anlamam\u0131\u015f\u0131z.   Umut, otizmli olmas\u0131na ra\u011fmen, hayat\u0131n zorluklar\u0131na kar\u015f\u0131 sava\u015fan ve her zaman g\u00fc\u00e7l\u00fc kalan bir kahraman. Onun; g\u00fc\u00e7l\u00fc iradesi, ailesinin deste\u011fi ve sevgisi sayesinde hayat\u0131n getirdi\u011fi zorluklarla ba\u015fa \u00e7\u0131kabilen bir \u00e7ocuk oldu\u011funu g\u00f6receksiniz. Hik\u00e2yesi, hayat\u0131n getirdi\u011fi zorluklarla m\u00fccadele etmek isteyen herkese ilham kayna\u011f\u0131 olacak.<\/p>\n","protected":false},"excerpt":{"rendered":"<p>Bebekken b\u00fct\u00fcn bebekler gibi \u00e7ok tatl\u0131yd\u0131. Kilosu, yemesi gayet yerindeydi. \u0130lk bebe\u011fim oldu\u011fu i\u00e7in \u00e7ok anlamam\u0131\u015ft\u0131m ama asl\u0131nda \u015fimdi d\u00fc\u015f\u00fcnd\u00fc\u011f\u00fcmde di\u011fer bebeklerden farkl\u0131yd\u0131. S\u0131rt\u00fcst\u00fc ya da<span class=\"excerpt-hellip\"> [\u2026]<\/span><\/p>\n","protected":false},"featured_media":0,"template":"","meta":{"_monsterinsights_skip_tracking":false,"_monsterinsights_sitenote_active":false,"_monsterinsights_sitenote_note":"","_monsterinsights_sitenote_category":0},"product_brand":[],"product_cat":[18545,12291],"product_tag":[],"class_list":{"0":"post-752324","1":"product","2":"type-product","3":"status-publish","5":"product_cat-anlati","6":"product_cat-edebiyat","7":"pa_cilt-ciltsiz","8":"pa_tur-kitap","9":"pa_yayinevi-luna-yayinlari","10":"pa_yazar-sevgi-temir","12":"first","13":"instock","14":"sale","15":"shipping-taxable","16":"purchasable","17":"product-type-simple"},"_links":{"self":[{"href":"https:\/\/roveyayinevi.com.tr\/index.php\/wp-json\/wp\/v2\/product\/752324","targetHints":{"allow":["GET"]}}],"collection":[{"href":"https:\/\/roveyayinevi.com.tr\/index.php\/wp-json\/wp\/v2\/product"}],"about":[{"href":"https:\/\/roveyayinevi.com.tr\/index.php\/wp-json\/wp\/v2\/types\/product"}],"wp:attachment":[{"href":"https:\/\/roveyayinevi.com.tr\/index.php\/wp-json\/wp\/v2\/media?parent=752324"}],"wp:term":[{"taxonomy":"product_brand","embeddable":true,"href":"https:\/\/roveyayinevi.com.tr\/index.php\/wp-json\/wp\/v2\/product_brand?post=752324"},{"taxonomy":"product_cat","embeddable":true,"href":"https:\/\/roveyayinevi.com.tr\/index.php\/wp-json\/wp\/v2\/product_cat?post=752324"},{"taxonomy":"product_tag","embeddable":true,"href":"https:\/\/roveyayinevi.com.tr\/index.php\/wp-json\/wp\/v2\/product_tag?post=752324"}],"curies":[{"name":"wp","href":"https:\/\/api.w.org\/{rel}","templated":true}]}}