{"id":752314,"date":"2025-08-28T05:13:04","date_gmt":"2025-08-28T02:13:04","guid":{"rendered":"https:\/\/roveyayinevi.com.tr\/index.php\/urun\/sosyalist-gercekcilik-ve-sanat-cephesi-hareketi\/"},"modified":"2026-04-16T03:05:37","modified_gmt":"2026-04-16T00:05:37","slug":"sosyalist-gercekcilik-ve-sanat-cephesi-hareketi","status":"publish","type":"product","link":"https:\/\/roveyayinevi.com.tr\/index.php\/urun\/sosyalist-gercekcilik-ve-sanat-cephesi-hareketi\/","title":{"rendered":"Sosyalist Ger\u00e7ek\u00e7ilik ve Sanat Cephesi Hareketi"},"content":{"rendered":"<p>\u00dczerinde ya\u015fad\u0131\u011f\u0131m\u0131z co\u011frafyada Sosyalist Ger\u00e7ek\u00e7ili\u011fi, \u201cbilim- politika-sanat-estetik-etik\u201d b\u00fct\u00fcnselli\u011fi i\u00e7inde ilk kez savunan Sosyalist Ger\u00e7ek\u00e7i Sanat Cephesi Hareketi olmu\u015ftur. Sosyalist Ger\u00e7ek\u00e7i sanat\u0131n i\u015f\u00e7i s\u0131n\u0131f\u0131 hareketi ve geni\u015f emek\u00e7i kitlelerle bulu\u015fturulup b\u00fct\u00fcnle\u015ftirilmesiyle i\u015flevsel olabilece\u011fini belirlemi\u015f, bunun yolunun da g\u00fc\u00e7l\u00fc, donan\u0131mla kurumsalla\u015fmas\u0131yla m\u00fcmk\u00fcn olabilece\u011fini vurgulam\u0131\u015ft\u0131r.   Elimizdeki kitap \u00e7al\u0131\u015fmas\u0131 Sosyalist Ger\u00e7ek\u00e7i Sanat Cephesi\u2019nin olu\u015fumunu, geli\u015fimini, etkinliklerini, ya\u015fad\u0131\u011f\u0131 sorunlar\u0131, b\u00fct\u00fcn y\u00f6nleriyle ele almaktad\u0131r. A\u011f\u0131rl\u0131kl\u0131 olarak dergilerde yer alan yaz\u0131lan, konu\u015fmalar, etkinlikler belirli bir sistemati\u011fe uygun olarak ayr\u0131 b\u00f6l\u00fcmler haline getirilerek kitapla\u015ft\u0131r\u0131lm\u0131\u015ft\u0131r. <\/p>\n","protected":false},"excerpt":{"rendered":"<p>\u00dczerinde ya\u015fad\u0131\u011f\u0131m\u0131z co\u011frafyada Sosyalist Ger\u00e7ek\u00e7ili\u011fi, \u201cbilim- politika-sanat-estetik-etik\u201d b\u00fct\u00fcnselli\u011fi i\u00e7inde ilk kez savunan Sosyalist Ger\u00e7ek\u00e7i Sanat Cephesi Hareketi olmu\u015ftur. Sosyalist Ger\u00e7ek\u00e7i sanat\u0131n i\u015f\u00e7i s\u0131n\u0131f\u0131 hareketi ve geni\u015f<span class=\"excerpt-hellip\"> [\u2026]<\/span><\/p>\n","protected":false},"featured_media":0,"template":"","meta":{"_monsterinsights_skip_tracking":false,"_monsterinsights_sitenote_active":false,"_monsterinsights_sitenote_note":"","_monsterinsights_sitenote_category":0},"product_brand":[],"product_cat":[13548,12408],"product_tag":[],"class_list":{"0":"post-752314","1":"product","2":"type-product","3":"status-publish","5":"product_cat-kuram","6":"product_cat-sanat","7":"pa_cilt-ciltsiz","8":"pa_tur-kitap","9":"pa_yayinevi-nitelik-kitap","10":"pa_yazar-ismail-hardal","12":"first","13":"instock","14":"sale","15":"shipping-taxable","16":"purchasable","17":"product-type-simple"},"_links":{"self":[{"href":"https:\/\/roveyayinevi.com.tr\/index.php\/wp-json\/wp\/v2\/product\/752314","targetHints":{"allow":["GET"]}}],"collection":[{"href":"https:\/\/roveyayinevi.com.tr\/index.php\/wp-json\/wp\/v2\/product"}],"about":[{"href":"https:\/\/roveyayinevi.com.tr\/index.php\/wp-json\/wp\/v2\/types\/product"}],"wp:attachment":[{"href":"https:\/\/roveyayinevi.com.tr\/index.php\/wp-json\/wp\/v2\/media?parent=752314"}],"wp:term":[{"taxonomy":"product_brand","embeddable":true,"href":"https:\/\/roveyayinevi.com.tr\/index.php\/wp-json\/wp\/v2\/product_brand?post=752314"},{"taxonomy":"product_cat","embeddable":true,"href":"https:\/\/roveyayinevi.com.tr\/index.php\/wp-json\/wp\/v2\/product_cat?post=752314"},{"taxonomy":"product_tag","embeddable":true,"href":"https:\/\/roveyayinevi.com.tr\/index.php\/wp-json\/wp\/v2\/product_tag?post=752314"}],"curies":[{"name":"wp","href":"https:\/\/api.w.org\/{rel}","templated":true}]}}