{"id":752285,"date":"2025-08-28T05:12:20","date_gmt":"2025-08-28T02:12:20","guid":{"rendered":"https:\/\/roveyayinevi.com.tr\/index.php\/urun\/adin-ask\/"},"modified":"2026-04-16T03:05:37","modified_gmt":"2026-04-16T00:05:37","slug":"adin-ask","status":"publish","type":"product","link":"https:\/\/roveyayinevi.com.tr\/index.php\/urun\/adin-ask\/","title":{"rendered":"Ad\u0131n A\u015fk"},"content":{"rendered":"<p>\u015eiir Kitab\u0131,  T\u00fcrk\u00e7e, \u015eairin ilk kitab\u0131,   Ceylan bak\u0131\u015f\u0131nda g\u00f6rd\u00fcm g\u00f6z\u00fcn\u00fc Cihana de\u011fi\u015fmem bir tek s\u00f6z\u00fcn\u00fc Suna boylum ben \u00e7ekerim naz\u0131n\u0131 Bilin\u00e7le s\u00f6ylerim a\u015fkt\u0131r ad\u0131n a\u015fk   Hikmet\u2019in mest olur mis kokun ile S\u00f6ylemem ad\u0131n\u0131 d\u00fc\u015fersin dile Yaylada \u00e7\u0131nara bah\u00e7ede g\u00fcle Ad\u0131n\u0131 s\u00f6ylerim a\u015fkt\u0131r ad\u0131n a\u015fk <\/p>\n","protected":false},"excerpt":{"rendered":"<p>\u015eiir Kitab\u0131, T\u00fcrk\u00e7e, \u015eairin ilk kitab\u0131, Ceylan bak\u0131\u015f\u0131nda g\u00f6rd\u00fcm g\u00f6z\u00fcn\u00fc Cihana de\u011fi\u015fmem bir tek s\u00f6z\u00fcn\u00fc Suna boylum ben \u00e7ekerim naz\u0131n\u0131 Bilin\u00e7le s\u00f6ylerim a\u015fkt\u0131r ad\u0131n a\u015fk Hikmet\u2019in<span class=\"excerpt-hellip\"> [\u2026]<\/span><\/p>\n","protected":false},"featured_media":0,"template":"","meta":{"_monsterinsights_skip_tracking":false,"_monsterinsights_sitenote_active":false,"_monsterinsights_sitenote_note":"","_monsterinsights_sitenote_category":0},"product_brand":[],"product_cat":[12291,12509],"product_tag":[],"class_list":{"0":"post-752285","1":"product","2":"type-product","3":"status-publish","5":"product_cat-edebiyat","6":"product_cat-siir","7":"pa_cilt-ciltsiz","8":"pa_tur-kitap","9":"pa_yayinevi-nitelik-kitap","10":"pa_yazar-hikmet-donmez","12":"first","13":"instock","14":"sale","15":"shipping-taxable","16":"purchasable","17":"product-type-simple"},"_links":{"self":[{"href":"https:\/\/roveyayinevi.com.tr\/index.php\/wp-json\/wp\/v2\/product\/752285","targetHints":{"allow":["GET"]}}],"collection":[{"href":"https:\/\/roveyayinevi.com.tr\/index.php\/wp-json\/wp\/v2\/product"}],"about":[{"href":"https:\/\/roveyayinevi.com.tr\/index.php\/wp-json\/wp\/v2\/types\/product"}],"wp:attachment":[{"href":"https:\/\/roveyayinevi.com.tr\/index.php\/wp-json\/wp\/v2\/media?parent=752285"}],"wp:term":[{"taxonomy":"product_brand","embeddable":true,"href":"https:\/\/roveyayinevi.com.tr\/index.php\/wp-json\/wp\/v2\/product_brand?post=752285"},{"taxonomy":"product_cat","embeddable":true,"href":"https:\/\/roveyayinevi.com.tr\/index.php\/wp-json\/wp\/v2\/product_cat?post=752285"},{"taxonomy":"product_tag","embeddable":true,"href":"https:\/\/roveyayinevi.com.tr\/index.php\/wp-json\/wp\/v2\/product_tag?post=752285"}],"curies":[{"name":"wp","href":"https:\/\/api.w.org\/{rel}","templated":true}]}}