{"id":752275,"date":"2025-08-28T05:12:04","date_gmt":"2025-08-28T02:12:04","guid":{"rendered":"https:\/\/roveyayinevi.com.tr\/index.php\/urun\/ogreten-satis-hikayeleri\/"},"modified":"2026-04-16T03:05:36","modified_gmt":"2026-04-16T00:05:36","slug":"ogreten-satis-hikayeleri","status":"publish","type":"product","link":"https:\/\/roveyayinevi.com.tr\/index.php\/urun\/ogreten-satis-hikayeleri\/","title":{"rendered":"\u00d6\u011freten Sat\u0131\u015f Hikayeleri"},"content":{"rendered":"<p>Satmak, ikna etmek, etkili bi\u00e7imde sunmak; \u00f6zetle nas\u0131l ifade edersek edelim sat\u0131\u015f, herkesin ortak mesle\u011fidir. Psikoloji, sosyoloji, matematik gibi bilimlerden beklenen teknikleri bilerek ve bunlar\u0131 duygularla yo\u011furarak \u201cdaha iyi\u201d olunabilecek bir i\u015f, sorumluluk ve meslektir sat\u0131\u015f. Bilgiden gelen \u00f6zg\u00fcven ile kalpte ye\u015fertilebilen duygular\u0131n kusursuz birle\u015fimi, \u201c\u015fahane bir etik sat\u0131c\u0131\u201dy\u0131 yarat\u0131r.   Sat\u0131\u015f \u00fczerine ya\u015fanm\u0131\u015f hik\u00e2yeleri uzun y\u0131llar bu konun e\u011fitimini vermi\u015f usta e\u011fitimcilerin kaleminden okuyoruz. Yazarlar Fulya Ertekin Alkan ve Erdin\u00e7 Kural, \u00d6\u011freten Sat\u0131\u015f Hik\u00e2yeleri adl\u0131 kitaplar\u0131nda iyi bir sat\u0131\u015f\u0131n ve iyi bir sat\u0131\u015f uzman\u0131n\u0131n nas\u0131l olmas\u0131 gerekti\u011fini ya\u015fanm\u0131\u015f \u00f6yk\u00fclerle aktar\u0131yor okura.   Keyifli okumalar\u2026<\/p>\n","protected":false},"excerpt":{"rendered":"<p>Satmak, ikna etmek, etkili bi\u00e7imde sunmak; \u00f6zetle nas\u0131l ifade edersek edelim sat\u0131\u015f, herkesin ortak mesle\u011fidir. Psikoloji, sosyoloji, matematik gibi bilimlerden beklenen teknikleri bilerek ve bunlar\u0131 duygularla<span class=\"excerpt-hellip\"> [\u2026]<\/span><\/p>\n","protected":false},"featured_media":0,"template":"","meta":{"_monsterinsights_skip_tracking":false,"_monsterinsights_sitenote_active":false,"_monsterinsights_sitenote_note":"","_monsterinsights_sitenote_category":0},"product_brand":[],"product_cat":[13043,19008],"product_tag":[],"class_list":{"0":"post-752275","1":"product","2":"type-product","3":"status-publish","5":"product_cat-ekonomi","6":"product_cat-yonetim","7":"pa_cilt-ciltsiz","8":"pa_tur-kitap","9":"pa_yayinevi-elma-yayinevi","10":"pa_yazar-fulya-ertekin-alkan-erdinc-kutal","12":"first","13":"instock","14":"sale","15":"shipping-taxable","16":"purchasable","17":"product-type-simple"},"_links":{"self":[{"href":"https:\/\/roveyayinevi.com.tr\/index.php\/wp-json\/wp\/v2\/product\/752275","targetHints":{"allow":["GET"]}}],"collection":[{"href":"https:\/\/roveyayinevi.com.tr\/index.php\/wp-json\/wp\/v2\/product"}],"about":[{"href":"https:\/\/roveyayinevi.com.tr\/index.php\/wp-json\/wp\/v2\/types\/product"}],"wp:attachment":[{"href":"https:\/\/roveyayinevi.com.tr\/index.php\/wp-json\/wp\/v2\/media?parent=752275"}],"wp:term":[{"taxonomy":"product_brand","embeddable":true,"href":"https:\/\/roveyayinevi.com.tr\/index.php\/wp-json\/wp\/v2\/product_brand?post=752275"},{"taxonomy":"product_cat","embeddable":true,"href":"https:\/\/roveyayinevi.com.tr\/index.php\/wp-json\/wp\/v2\/product_cat?post=752275"},{"taxonomy":"product_tag","embeddable":true,"href":"https:\/\/roveyayinevi.com.tr\/index.php\/wp-json\/wp\/v2\/product_tag?post=752275"}],"curies":[{"name":"wp","href":"https:\/\/api.w.org\/{rel}","templated":true}]}}