{"id":752272,"date":"2025-08-28T05:11:59","date_gmt":"2025-08-28T02:11:59","guid":{"rendered":"https:\/\/roveyayinevi.com.tr\/index.php\/urun\/iyi-komsular\/"},"modified":"2026-04-16T03:05:36","modified_gmt":"2026-04-16T00:05:36","slug":"iyi-komsular","status":"publish","type":"product","link":"https:\/\/roveyayinevi.com.tr\/index.php\/urun\/iyi-komsular\/","title":{"rendered":"\u0130yi Kom\u015fular"},"content":{"rendered":"<p>Yalanlar ve s\u0131rlar artmaya ba\u015flay\u0131nca, bir tanesine daha yer a\u00e7mak zor olmuyordu.   Daha sessiz bir ya\u015fam aray\u0131\u015f\u0131nda olan Mike ve Bianca, iki \u00e7ocu\u011fuyla birlikte Stockholm\u2019den k\u00fc\u00e7\u00fck, pastoral bir kasaba olan K\u00f6pinge\u2019ye ta\u015f\u0131n\u0131r. Mike yerel bir okulda \u00f6\u011fretmen olarak \u00e7al\u0131\u015f\u0131rken, Bianca\u2019n\u0131n evde \u00e7ocuklar\u0131yla ilgilendi\u011fi dingin bir ya\u015fama ge\u00e7i\u015f yaparlar. Bir s\u00fcre sonra kom\u015fular\u0131yla tan\u0131\u015f\u0131p, bir araya geldiklerinde kimsenin g\u00f6r\u00fcnd\u00fc\u011f\u00fc gibi olmad\u0131\u011f\u0131n\u0131 fark ederler. Bu huzursuzluk duygusu mutlu aile tablosunda derin \u00e7atlaklar yaratan kar\u015f\u0131la\u015fmalara yol a\u00e7t\u0131\u011f\u0131 gibi,  ya\u015fanan bir kaza ya\u015famlar\u0131n\u0131 alt \u00fcst eder.    \u0130yi Kom\u015fular, do\u011fru ile yanl\u0131\u015f aras\u0131ndaki ince \u00e7izgiyi, ki\u015finin kendisiyle ve kom\u015fular\u0131yla olan s\u0131n\u0131rlar\u0131n\u0131 dikkat \u00e7ekici bir bi\u00e7imde ele al\u0131rken, kom\u015fular\u0131m\u0131za ne kadar g\u00fcvenmeliyiz sorusu s\u0131kl\u0131kla okurlar\u0131na soruyor.   &#8220;M.T. Edvardsson, \u0130sve\u00e7 su\u00e7 kurgusunda kendine \u00f6zel bir yer edinme yolunda ilerliyor.  O kadar iyi ki t\u00fcylerinizi diken diken ediyor!\u201d \u2013 Sk\u00e5nska Dagbladet<\/p>\n","protected":false},"excerpt":{"rendered":"<p>Yalanlar ve s\u0131rlar artmaya ba\u015flay\u0131nca, bir tanesine daha yer a\u00e7mak zor olmuyordu. Daha sessiz bir ya\u015fam aray\u0131\u015f\u0131nda olan Mike ve Bianca, iki \u00e7ocu\u011fuyla birlikte Stockholm\u2019den k\u00fc\u00e7\u00fck,<span class=\"excerpt-hellip\"> [\u2026]<\/span><\/p>\n","protected":false},"featured_media":0,"template":"","meta":{"_monsterinsights_skip_tracking":false,"_monsterinsights_sitenote_active":false,"_monsterinsights_sitenote_note":"","_monsterinsights_sitenote_category":0},"product_brand":[],"product_cat":[12291,17033],"product_tag":[],"class_list":{"0":"post-752272","1":"product","2":"type-product","3":"status-publish","5":"product_cat-edebiyat","6":"product_cat-korku-gerilim","7":"pa_cilt-ciltsiz","8":"pa_tur-kitap","9":"pa_yayinevi-marti-yayinlari","10":"pa_yazar-m-t-edvardsson","12":"first","13":"instock","14":"sale","15":"shipping-taxable","16":"purchasable","17":"product-type-simple"},"_links":{"self":[{"href":"https:\/\/roveyayinevi.com.tr\/index.php\/wp-json\/wp\/v2\/product\/752272","targetHints":{"allow":["GET"]}}],"collection":[{"href":"https:\/\/roveyayinevi.com.tr\/index.php\/wp-json\/wp\/v2\/product"}],"about":[{"href":"https:\/\/roveyayinevi.com.tr\/index.php\/wp-json\/wp\/v2\/types\/product"}],"wp:attachment":[{"href":"https:\/\/roveyayinevi.com.tr\/index.php\/wp-json\/wp\/v2\/media?parent=752272"}],"wp:term":[{"taxonomy":"product_brand","embeddable":true,"href":"https:\/\/roveyayinevi.com.tr\/index.php\/wp-json\/wp\/v2\/product_brand?post=752272"},{"taxonomy":"product_cat","embeddable":true,"href":"https:\/\/roveyayinevi.com.tr\/index.php\/wp-json\/wp\/v2\/product_cat?post=752272"},{"taxonomy":"product_tag","embeddable":true,"href":"https:\/\/roveyayinevi.com.tr\/index.php\/wp-json\/wp\/v2\/product_tag?post=752272"}],"curies":[{"name":"wp","href":"https:\/\/api.w.org\/{rel}","templated":true}]}}