{"id":752263,"date":"2025-08-28T05:11:45","date_gmt":"2025-08-28T02:11:45","guid":{"rendered":"https:\/\/roveyayinevi.com.tr\/index.php\/urun\/beatrycein-sirri\/"},"modified":"2026-04-16T03:05:36","modified_gmt":"2026-04-16T00:05:36","slug":"beatrycein-sirri","status":"publish","type":"product","link":"https:\/\/roveyayinevi.com.tr\/index.php\/urun\/beatrycein-sirri\/","title":{"rendered":"Beatryce\u2019in S\u0131rr\u0131"},"content":{"rendered":"<p>\u0130nan\u00e7, sevgi ve kelimelerin sihirli g\u00fcc\u00fc \u00fczerine derin d\u00fc\u015f\u00fcncelere dalaca\u011f\u0131n\u0131z fantastik bir \u00f6yk\u00fc.   Eninde sonunda hepimiz, ait oldu\u011fumuz yere s\u00fcr\u00fcl\u00fcr\u00fcz. Eninde sonunda hepimiz, evimizin yolunu buluruz. Sava\u015f\u0131n h\u00fck\u00fcm s\u00fcrd\u00fc\u011f\u00fc g\u00fcnlerin birinde, Keder G\u00fcnl\u00fckleri manast\u0131r\u0131nda, Beatryce isimli gizemli bir k\u0131z \u00e7ocu\u011fu bulunur. Merhametli Birader Edik, kan ve kir i\u00e7indeki k\u00fc\u00e7\u00fck k\u0131z\u0131 bir ke\u00e7inin kuca\u011f\u0131na s\u0131\u011f\u0131nm\u0131\u015f, ate\u015fler i\u00e7inde bayg\u0131n halde yatarken bulur. Adam, k\u00fc\u00e7\u00fck k\u0131z\u0131 sa\u011fl\u0131\u011f\u0131na kavu\u015fturmak isterken herkesi tehlikeye s\u00fcr\u00fckleyecek olan s\u0131rr\u0131 da ortaya \u00e7\u0131karm\u0131\u015f olur\u2026 Hayal d\u00fcnyas\u0131 kral ve krali\u00e7elerin \u00f6yk\u00fcleriyle, denizk\u0131z\u0131 ve kurt masallar\u0131yla dolu olan bu k\u00fc\u00e7\u00fck k\u0131z, onu \u00f6ld\u00fcrmek isteyen kral\u0131n kalesini bulmak i\u00e7in karanl\u0131k orman\u0131n derinliklerine dalar. Ancak Beatryce yolunu kaybetse bile f\u0131ld\u0131r f\u0131ld\u0131r g\u00f6zleriyle ke\u015fi\u015fin, bir zamanlar kral olan ya\u015fl\u0131 dostunun, korkun\u00e7 k\u0131l\u0131c\u0131n\u0131 yan\u0131ndan ay\u0131rmayan macerac\u0131 arkada\u015f\u0131n\u0131n ve kaya gibi sert boynuzlu ke\u00e7isinin onu aramaktan vazge\u00e7meyece\u011fini \u00e7ok iyi biliyor. Zaten bunu bilmek her \u015feyi bilmek de\u011fil mi?   Zamans\u0131z konusu, etkileyici karakterleri ve b\u00fcy\u00fcl\u00fc atmosferiyle Kate DiCamillo\u2019nun lirik \u00f6yk\u00fcs\u00fc Beatryce\u2019in S\u0131rr\u0131, \u00f6d\u00fcll\u00fc \u00e7izer Sophie Blackall\u2019\u0131n resimleriyle ustalar\u0131n unutulmaz i\u015fbirli\u011fine d\u00f6n\u00fc\u015f\u00fcyor\u2026 <\/p>\n","protected":false},"excerpt":{"rendered":"<p>\u0130nan\u00e7, sevgi ve kelimelerin sihirli g\u00fcc\u00fc \u00fczerine derin d\u00fc\u015f\u00fcncelere dalaca\u011f\u0131n\u0131z fantastik bir \u00f6yk\u00fc. Eninde sonunda hepimiz, ait oldu\u011fumuz yere s\u00fcr\u00fcl\u00fcr\u00fcz. Eninde sonunda hepimiz, evimizin yolunu buluruz.<span class=\"excerpt-hellip\"> [\u2026]<\/span><\/p>\n","protected":false},"featured_media":0,"template":"","meta":{"_monsterinsights_skip_tracking":false,"_monsterinsights_sitenote_active":false,"_monsterinsights_sitenote_note":"","_monsterinsights_sitenote_category":0},"product_brand":[],"product_cat":[12274,12284],"product_tag":[],"class_list":{"0":"post-752263","1":"product","2":"type-product","3":"status-publish","5":"product_cat-cocuk-ve-genclik-kitaplari","6":"product_cat-hikayeler","7":"pa_cilt-ciltsiz","8":"pa_tur-kitap","9":"pa_yayinevi-arkadas-yayinlari","10":"pa_yazar-kate-dicamillio","12":"first","13":"instock","14":"sale","15":"shipping-taxable","16":"purchasable","17":"product-type-simple"},"_links":{"self":[{"href":"https:\/\/roveyayinevi.com.tr\/index.php\/wp-json\/wp\/v2\/product\/752263","targetHints":{"allow":["GET"]}}],"collection":[{"href":"https:\/\/roveyayinevi.com.tr\/index.php\/wp-json\/wp\/v2\/product"}],"about":[{"href":"https:\/\/roveyayinevi.com.tr\/index.php\/wp-json\/wp\/v2\/types\/product"}],"wp:attachment":[{"href":"https:\/\/roveyayinevi.com.tr\/index.php\/wp-json\/wp\/v2\/media?parent=752263"}],"wp:term":[{"taxonomy":"product_brand","embeddable":true,"href":"https:\/\/roveyayinevi.com.tr\/index.php\/wp-json\/wp\/v2\/product_brand?post=752263"},{"taxonomy":"product_cat","embeddable":true,"href":"https:\/\/roveyayinevi.com.tr\/index.php\/wp-json\/wp\/v2\/product_cat?post=752263"},{"taxonomy":"product_tag","embeddable":true,"href":"https:\/\/roveyayinevi.com.tr\/index.php\/wp-json\/wp\/v2\/product_tag?post=752263"}],"curies":[{"name":"wp","href":"https:\/\/api.w.org\/{rel}","templated":true}]}}