{"id":752247,"date":"2025-08-28T05:11:22","date_gmt":"2025-08-28T02:11:22","guid":{"rendered":"https:\/\/roveyayinevi.com.tr\/index.php\/urun\/bir-kelebek-hayali-siirler\/"},"modified":"2026-04-16T03:05:36","modified_gmt":"2026-04-16T00:05:36","slug":"bir-kelebek-hayali-siirler","status":"publish","type":"product","link":"https:\/\/roveyayinevi.com.tr\/index.php\/urun\/bir-kelebek-hayali-siirler\/","title":{"rendered":"Bir Kelebek Hayali \u015eiirler"},"content":{"rendered":"<p>Ben, Yine beklemi\u015ftim bir iklimin son deminde T\u0131pk\u0131 bug\u00fcn oldu\u011fu gibi umutla. Y\u00fcre\u011fimde, bir s\u00fcr\u00fc kelebek kanatlar\u0131yla, Dans eden reng\u00e2renk u\u00e7urtmalar\u0131n, Ard\u0131na tak\u0131lan, bir \u00e7ocu\u011fun hayalleri gibi.   Ben, Yine beklemi\u015ftim, bir iklimin son deminde T\u0131pk\u0131, bug\u00fcn oldu\u011fu bibi umutla. Bu\u011fulu \u00fcrkek g\u00f6zlerle yine dalm\u0131\u015ft\u0131m, Ellerimi a\u00e7\u0131p, \u015femsiyesiz, ya\u011fmurlar\u0131 Toplam\u0131\u015ft\u0131m y\u00fcre\u011fime gelirsin diye.   Ben, Yine beklemi\u015ftim, bir iklimin son deminde Yine bir ay d\u00fc\u015fm\u00fc\u015ft\u00fc geceme, Yakamoz olmu\u015ftu sevda y\u00fckl\u00fc hayallerim, Ben seni beklemi\u015ftim yine g\u00f6zlerim ufukta. <\/p>\n","protected":false},"excerpt":{"rendered":"<p>Ben, Yine beklemi\u015ftim bir iklimin son deminde T\u0131pk\u0131 bug\u00fcn oldu\u011fu gibi umutla. Y\u00fcre\u011fimde, bir s\u00fcr\u00fc kelebek kanatlar\u0131yla, Dans eden reng\u00e2renk u\u00e7urtmalar\u0131n, Ard\u0131na tak\u0131lan, bir \u00e7ocu\u011fun hayalleri<span class=\"excerpt-hellip\"> [\u2026]<\/span><\/p>\n","protected":false},"featured_media":0,"template":"","meta":{"_monsterinsights_skip_tracking":false,"_monsterinsights_sitenote_active":false,"_monsterinsights_sitenote_note":"","_monsterinsights_sitenote_category":0},"product_brand":[],"product_cat":[12291,12509],"product_tag":[],"class_list":{"0":"post-752247","1":"product","2":"type-product","3":"status-publish","5":"product_cat-edebiyat","6":"product_cat-siir","7":"pa_cilt-ciltsiz","8":"pa_tur-kitap","9":"pa_yayinevi-gulnar-yayinlari","10":"pa_yazar-nurgul-akturk","12":"first","13":"instock","14":"sale","15":"shipping-taxable","16":"purchasable","17":"product-type-simple"},"_links":{"self":[{"href":"https:\/\/roveyayinevi.com.tr\/index.php\/wp-json\/wp\/v2\/product\/752247","targetHints":{"allow":["GET"]}}],"collection":[{"href":"https:\/\/roveyayinevi.com.tr\/index.php\/wp-json\/wp\/v2\/product"}],"about":[{"href":"https:\/\/roveyayinevi.com.tr\/index.php\/wp-json\/wp\/v2\/types\/product"}],"wp:attachment":[{"href":"https:\/\/roveyayinevi.com.tr\/index.php\/wp-json\/wp\/v2\/media?parent=752247"}],"wp:term":[{"taxonomy":"product_brand","embeddable":true,"href":"https:\/\/roveyayinevi.com.tr\/index.php\/wp-json\/wp\/v2\/product_brand?post=752247"},{"taxonomy":"product_cat","embeddable":true,"href":"https:\/\/roveyayinevi.com.tr\/index.php\/wp-json\/wp\/v2\/product_cat?post=752247"},{"taxonomy":"product_tag","embeddable":true,"href":"https:\/\/roveyayinevi.com.tr\/index.php\/wp-json\/wp\/v2\/product_tag?post=752247"}],"curies":[{"name":"wp","href":"https:\/\/api.w.org\/{rel}","templated":true}]}}