{"id":752226,"date":"2025-08-28T05:09:53","date_gmt":"2025-08-28T02:09:53","guid":{"rendered":"https:\/\/roveyayinevi.com.tr\/index.php\/urun\/od-ve-yel\/"},"modified":"2026-04-16T03:05:35","modified_gmt":"2026-04-16T00:05:35","slug":"od-ve-yel","status":"publish","type":"product","link":"https:\/\/roveyayinevi.com.tr\/index.php\/urun\/od-ve-yel\/","title":{"rendered":"Od ve Yel"},"content":{"rendered":"<p>K\u00fc\u00e7\u00fck ya\u015fta \u00d6mer Hayyam\u2019\u0131 okuyarak \u015fiire hayran olan Ege Kor, o g\u00fcnden bug\u00fcne durup dinlenmeden \u015fiir okuyup ruhunu dinlendirmi\u015f ve ayn\u0131 zamanda hayat\u0131nda da b\u00fcy\u00fck ba\u015far\u0131lara imza atm\u0131\u015ft\u0131r. \u00dcniversite s\u0131nav\u0131nda dereceye girip, Bilkent \u00dcniversitesini de dereceyle bitirmi\u015ftir. \u015eiirlerinde genelde hicve yer veren E. Kor, sevgi, ayr\u0131l\u0131k, do\u011fa gibi temalara da de\u011finmi\u015ftir. \u201cOd ve Yel\u201d \u015fairin ikinci \u015fiir kitab\u0131d\u0131r.      <\/p>\n","protected":false},"excerpt":{"rendered":"<p>K\u00fc\u00e7\u00fck ya\u015fta \u00d6mer Hayyam\u2019\u0131 okuyarak \u015fiire hayran olan Ege Kor, o g\u00fcnden bug\u00fcne durup dinlenmeden \u015fiir okuyup ruhunu dinlendirmi\u015f ve ayn\u0131 zamanda hayat\u0131nda da b\u00fcy\u00fck ba\u015far\u0131lara<span class=\"excerpt-hellip\"> [\u2026]<\/span><\/p>\n","protected":false},"featured_media":0,"template":"","meta":{"_monsterinsights_skip_tracking":false,"_monsterinsights_sitenote_active":false,"_monsterinsights_sitenote_note":"","_monsterinsights_sitenote_category":0},"product_brand":[],"product_cat":[12291,12509],"product_tag":[],"class_list":{"0":"post-752226","1":"product","2":"type-product","3":"status-publish","5":"product_cat-edebiyat","6":"product_cat-siir","7":"pa_cilt-ciltsiz","8":"pa_tur-kitap","9":"pa_yayinevi-myrina-yayinlari","10":"pa_yazar-ege-kor","12":"first","13":"instock","14":"sale","15":"shipping-taxable","16":"purchasable","17":"product-type-simple"},"_links":{"self":[{"href":"https:\/\/roveyayinevi.com.tr\/index.php\/wp-json\/wp\/v2\/product\/752226","targetHints":{"allow":["GET"]}}],"collection":[{"href":"https:\/\/roveyayinevi.com.tr\/index.php\/wp-json\/wp\/v2\/product"}],"about":[{"href":"https:\/\/roveyayinevi.com.tr\/index.php\/wp-json\/wp\/v2\/types\/product"}],"wp:attachment":[{"href":"https:\/\/roveyayinevi.com.tr\/index.php\/wp-json\/wp\/v2\/media?parent=752226"}],"wp:term":[{"taxonomy":"product_brand","embeddable":true,"href":"https:\/\/roveyayinevi.com.tr\/index.php\/wp-json\/wp\/v2\/product_brand?post=752226"},{"taxonomy":"product_cat","embeddable":true,"href":"https:\/\/roveyayinevi.com.tr\/index.php\/wp-json\/wp\/v2\/product_cat?post=752226"},{"taxonomy":"product_tag","embeddable":true,"href":"https:\/\/roveyayinevi.com.tr\/index.php\/wp-json\/wp\/v2\/product_tag?post=752226"}],"curies":[{"name":"wp","href":"https:\/\/api.w.org\/{rel}","templated":true}]}}