{"id":752214,"date":"2025-08-28T05:09:34","date_gmt":"2025-08-28T02:09:34","guid":{"rendered":"https:\/\/roveyayinevi.com.tr\/index.php\/urun\/hilal-2-kitap-okuldaki-zebani\/"},"modified":"2026-04-16T03:05:35","modified_gmt":"2026-04-16T00:05:35","slug":"hilal-2-kitap-okuldaki-zebani","status":"publish","type":"product","link":"https:\/\/roveyayinevi.com.tr\/index.php\/urun\/hilal-2-kitap-okuldaki-zebani\/","title":{"rendered":"Hilal 2. Kitap \/ Okuldaki Zebani"},"content":{"rendered":"<p>\u201cVe Tanr\u0131 Hilal\u2019i yaratt\u0131&#8230;\u201d   Serinin ikinci kitab\u0131 olan Okuldaki Zebani, ba\u015fkahraman\u0131m\u0131z i\u00e7in yeni bir ba\u015flang\u0131\u00e7 asl\u0131nda. Ama ne olursa olsun, Hilal\u2019in hayat\u0131nda de\u011fi\u015fmeyen \u015feyler de var. M\u00fclayim babas\u0131n\u0131n dizginleyemedi\u011fi despot annesi h\u00e2l\u00e2 Hilal\u2019in en belal\u0131 gardiyan\u0131. Hapishaneden bozma lisesi art\u0131k eskisinden daha karanl\u0131k ve \u00fcrk\u00fct\u00fcc\u00fc. \u00dcst\u00fcne \u00fcstl\u00fck, her k\u00f6\u015fede ba\u015f\u0131na yeni yeni belalar a\u00e7an psikopatlar\u0131n say\u0131s\u0131 da gittik\u00e7e art\u0131yor. Bunlara bir de Hilal\u2019e k\u00f6rk\u00fct\u00fck \u00e2\u015f\u0131k \u015eeytan\u2019\u0131 da eklerseniz i\u015fler iyice sarpa sar\u0131yor. Siz yine de O\u2019nu hafife almay\u0131n. Ne de olsa Hilal, \u015eeytan\u2019\u0131n bile dize getiremedi\u011fi cehennem ka\u00e7k\u0131n\u0131 bir zebani!   Usta \u00e7izer Kenan Yarar\u2019\u0131n k\u00fcltle\u015fmi\u015f \u00e7izgi roman serisi Hilal\u2019in bu yenilenmi\u015f ikinci cildinde L-Manyak ve Lombak dergilerine \u00e7izdi\u011fi maceralar bir araya geliyor. Her bir sayfas\u0131n\u0131n \u00e7izer taraf\u0131ndan ilmek ilmek tekrar elden ge\u00e7irildi\u011fi bu yeni edisyona yeni renklendirmeler ile d\u00fczenlemeler ve Hilal\u2019e ait s\u0131rlar bar\u0131nd\u0131ran bir de \u00f6ns\u00f6z e\u015flik ediyor. <\/p>\n","protected":false},"excerpt":{"rendered":"<p>\u201cVe Tanr\u0131 Hilal\u2019i yaratt\u0131&#8230;\u201d Serinin ikinci kitab\u0131 olan Okuldaki Zebani, ba\u015fkahraman\u0131m\u0131z i\u00e7in yeni bir ba\u015flang\u0131\u00e7 asl\u0131nda. Ama ne olursa olsun, Hilal\u2019in hayat\u0131nda de\u011fi\u015fmeyen \u015feyler de var.<span class=\"excerpt-hellip\"> [\u2026]<\/span><\/p>\n","protected":false},"featured_media":0,"template":"","meta":{"_monsterinsights_skip_tracking":false,"_monsterinsights_sitenote_active":false,"_monsterinsights_sitenote_note":"","_monsterinsights_sitenote_category":0},"product_brand":[],"product_cat":[12416,12291],"product_tag":[],"class_list":{"0":"post-752214","1":"product","2":"type-product","3":"status-publish","5":"product_cat-cizgi-roman","6":"product_cat-edebiyat","7":"pa_cilt-ciltsiz","8":"pa_tur-kitap","9":"pa_yayinevi-ithaki-yayinlari","10":"pa_yazar-kenan-yarar","12":"first","13":"instock","14":"sale","15":"shipping-taxable","16":"purchasable","17":"product-type-simple"},"_links":{"self":[{"href":"https:\/\/roveyayinevi.com.tr\/index.php\/wp-json\/wp\/v2\/product\/752214","targetHints":{"allow":["GET"]}}],"collection":[{"href":"https:\/\/roveyayinevi.com.tr\/index.php\/wp-json\/wp\/v2\/product"}],"about":[{"href":"https:\/\/roveyayinevi.com.tr\/index.php\/wp-json\/wp\/v2\/types\/product"}],"wp:attachment":[{"href":"https:\/\/roveyayinevi.com.tr\/index.php\/wp-json\/wp\/v2\/media?parent=752214"}],"wp:term":[{"taxonomy":"product_brand","embeddable":true,"href":"https:\/\/roveyayinevi.com.tr\/index.php\/wp-json\/wp\/v2\/product_brand?post=752214"},{"taxonomy":"product_cat","embeddable":true,"href":"https:\/\/roveyayinevi.com.tr\/index.php\/wp-json\/wp\/v2\/product_cat?post=752214"},{"taxonomy":"product_tag","embeddable":true,"href":"https:\/\/roveyayinevi.com.tr\/index.php\/wp-json\/wp\/v2\/product_tag?post=752214"}],"curies":[{"name":"wp","href":"https:\/\/api.w.org\/{rel}","templated":true}]}}