{"id":752195,"date":"2025-08-28T05:09:03","date_gmt":"2025-08-28T02:09:03","guid":{"rendered":"https:\/\/roveyayinevi.com.tr\/index.php\/urun\/sanat-dunyamiz-195-temmuz-agustos-2023\/"},"modified":"2026-04-16T03:05:35","modified_gmt":"2026-04-16T00:05:35","slug":"sanat-dunyamiz-195-temmuz-agustos-2023","status":"publish","type":"product","link":"https:\/\/roveyayinevi.com.tr\/index.php\/urun\/sanat-dunyamiz-195-temmuz-agustos-2023\/","title":{"rendered":"Sanat D\u00fcnyam\u0131z 195 \/ Temmuz \u2013 A\u011fustos 2023"},"content":{"rendered":"<p>\u201cSanat D\u00fcnyam\u0131z\u201d dergisi Temmuz A\u011fustos say\u0131s\u0131 yay\u0131mland\u0131. Derginin iki y\u0131lda bir de\u011fi\u015fen yay\u0131n dan\u0131\u015fmanlar\u0131 bu say\u0131dan itibaren sanat\u00e7\u0131 Sena Ba\u015f\u00f6z, yazar, edit\u00f6r \u0130lker Hepkaner, sanat tarih\u00e7isi ve yazar Ay\u015fe Erek, k\u00fcrat\u00f6r Nursa\u00e7 Sargon ve akademisyen Beg\u00fcm \u00d6zden F\u0131rat\u2019tan olu\u015fuyor.  Derginin kapak konusu olan \u201c\u0130nisiyatif Almak\u201d ba\u015fl\u0131kl\u0131 dosya, sanat d\u00fcnyas\u0131nda \u00e7ok tart\u0131\u015f\u0131lan bu kavram\u0131 \u00f6zenle ele alan yaz\u0131lardan olu\u015fuyor. Sanat ve mimari inisiyatifleri, feminist \u00f6znelli\u011fin inisiyatifle ili\u015fkisi, pop\u00fcler k\u00fclt\u00fcrde kavram\u0131n yeri, ekoloji ve inisiyatif gibi \u00e7ok say\u0131da konuya de\u011finiliyor. Dergide bu kapsamda Saliha Yavuz, \u00d6nc\u00fcl K\u0131rlang\u0131\u00e7, Ya\u011fmur Y\u0131ld\u0131r\u0131m, Mine Y\u0131ld\u0131r\u0131m, Deniz K\u0131rkal\u0131, Seda Ni\u011fbolu ve Sezen \u00dcnl\u00fc\u00f6nen\u2019in dosya i\u00e7in haz\u0131rlad\u0131\u011f\u0131 yaz\u0131lar\u0131 yer al\u0131yor. Bel\u00e7ikal\u0131 filozof Isabelle Stengers\u2019in \u201cPratiklerin Ekolojisine Giri\u015f Notlar\u0131\u201d yaz\u0131s\u0131 dosyaya ekoloji ve bilim felsefesi \u00fczerinden bir yakla\u015f\u0131m getiriyor. Medyan\u0131n d\u00f6rt ba\u011f\u0131ms\u0131z alan\u0131ndan isimler Ku\u0308ltigin Ka\u011fan Akbulut, Suna Kafadar, Esra Ece Kuleci, Hazal Sipahi medya ve inisiyatif \u00fczerine bir s\u00f6yle\u015fiyle dosyada yer al\u0131yor.   Bu say\u0131 S\u00fcreyyya Evren Anlam \u00c7er\u00e7evesi adl\u0131 yeni bir k\u00f6\u015feye ba\u015fl\u0131yor. Rana Kelleci, Nuri Kuzucan\u2019\u0131n Arter\u2019de devam eden \u201cPasaj\u201d sergisi \u00fczerine bir mek\u00e2n-yaz\u0131 denemesi sunuyor. Melike Bay\u0131k\u2019\u0131n Ate\u015f Alpar\u2019\u0131n sergisi \u201cTa\u015f Kabuk Sessiz\u201d \u00fczerine, Ezgi Yak\u0131n\u2019\u0131n ise Sevgi Aka\u2019n\u0131n \u201cUykudan S\u0131zmak\u201d sergisine dair yaz\u0131lar\u0131 da dergide. Derginin bu say\u0131s\u0131ndan itibaren ayr\u0131ca sanat\u00e7\u0131lar\u0131n g\u00f6rsel d\u00fcnyalar\u0131n\u0131 olu\u015fturan foto\u011fraflara, eserlere veya \u00e7izimlerine yer verilecek G\u00f6rsel Notlar adl\u0131 bir k\u00f6\u015fe ba\u015fl\u0131yor. G\u00f6rsel Notlar\u2019\u0131n ilk konu\u011fu sanat\u00e7\u0131 Nalan Y\u0131rtma\u00e7.   Her say\u0131da bir sanat\u00e7\u0131n\u0131n okuduklar\u0131na, izlediklerine yer veren Ajanda b\u00f6l\u00fcm\u00fc ise bu say\u0131 sanat\u00e7\u0131 Meri\u00e7 Alg\u00fcn\u2019e emanet. <\/p>\n","protected":false},"excerpt":{"rendered":"<p>\u201cSanat D\u00fcnyam\u0131z\u201d dergisi Temmuz A\u011fustos say\u0131s\u0131 yay\u0131mland\u0131. Derginin iki y\u0131lda bir de\u011fi\u015fen yay\u0131n dan\u0131\u015fmanlar\u0131 bu say\u0131dan itibaren sanat\u00e7\u0131 Sena Ba\u015f\u00f6z, yazar, edit\u00f6r \u0130lker Hepkaner, sanat tarih\u00e7isi<span class=\"excerpt-hellip\"> [\u2026]<\/span><\/p>\n","protected":false},"featured_media":0,"template":"","meta":{"_monsterinsights_skip_tracking":false,"_monsterinsights_sitenote_active":false,"_monsterinsights_sitenote_note":"","_monsterinsights_sitenote_category":0},"product_brand":[],"product_cat":[13527],"product_tag":[],"class_list":{"0":"post-752195","1":"product","2":"type-product","3":"status-publish","5":"product_cat-sureli-yayinlar","6":"pa_cilt-ciltsiz","7":"pa_tur-dergi","8":"pa_yayinevi-yapi-kredi-yayinlari-dergi","9":"pa_yazar-kolektif","11":"first","12":"instock","13":"sale","14":"shipping-taxable","15":"purchasable","16":"product-type-simple"},"_links":{"self":[{"href":"https:\/\/roveyayinevi.com.tr\/index.php\/wp-json\/wp\/v2\/product\/752195","targetHints":{"allow":["GET"]}}],"collection":[{"href":"https:\/\/roveyayinevi.com.tr\/index.php\/wp-json\/wp\/v2\/product"}],"about":[{"href":"https:\/\/roveyayinevi.com.tr\/index.php\/wp-json\/wp\/v2\/types\/product"}],"wp:attachment":[{"href":"https:\/\/roveyayinevi.com.tr\/index.php\/wp-json\/wp\/v2\/media?parent=752195"}],"wp:term":[{"taxonomy":"product_brand","embeddable":true,"href":"https:\/\/roveyayinevi.com.tr\/index.php\/wp-json\/wp\/v2\/product_brand?post=752195"},{"taxonomy":"product_cat","embeddable":true,"href":"https:\/\/roveyayinevi.com.tr\/index.php\/wp-json\/wp\/v2\/product_cat?post=752195"},{"taxonomy":"product_tag","embeddable":true,"href":"https:\/\/roveyayinevi.com.tr\/index.php\/wp-json\/wp\/v2\/product_tag?post=752195"}],"curies":[{"name":"wp","href":"https:\/\/api.w.org\/{rel}","templated":true}]}}

Sanat Dünyamız 195 / Temmuz – Ağustos 2023

<p>“Sanat Dünyamız” dergisi Temmuz Ağustos sayısı yayımlandı. Derginin iki yılda bir değişen yayın danışmanları bu sayıdan itibaren sanatçı Sena Başöz, yazar, editör İlker Hepkaner, sanat tarihçisi ve yazar Ayşe Erek, küratör Nursaç Sargon ve akademisyen Begüm Özden Fırat’tan oluşuyor.  Derginin kapak konusu olan “İnisiyatif Almak” başlıklı dosya, sanat dünyasında çok tartışılan bu kavramı özenle ele alan yazılardan oluşuyor. Sanat ve mimari inisiyatifleri, feminist öznelliğin inisiyatifle ilişkisi, popüler kültürde kavramın yeri, ekoloji ve inisiyatif gibi çok sayıda konuya değiniliyor. Dergide bu kapsamda Saliha Yavuz, Öncül Kırlangıç, Yağmur Yıldırım, Mine Yıldırım, Deniz Kırkalı, Seda Niğbolu ve Sezen Ünlüönen’in dosya için hazırladığı yazıları yer alıyor. Belçikalı filozof Isabelle Stengers’in “Pratiklerin Ekolojisine Giriş Notları” yazısı dosyaya ekoloji ve bilim felsefesi üzerinden bir yaklaşım getiriyor. Medyanın dört bağımsız alanından isimler Kültigin Kağan Akbulut, Suna Kafadar, Esra Ece Kuleci, Hazal Sipahi medya ve inisiyatif üzerine bir söyleşiyle dosyada yer alıyor.   Bu sayı Süreyyya Evren Anlam Çerçevesi adlı yeni bir köşeye başlıyor. Rana Kelleci, Nuri Kuzucan’ın Arter’de devam eden “Pasaj” sergisi üzerine bir mekân-yazı denemesi sunuyor. Melike Bayık’ın Ateş Alpar’ın sergisi “Taş Kabuk Sessiz” üzerine, Ezgi Yakın’ın ise Sevgi Aka’nın “Uykudan Sızmak” sergisine dair yazıları da dergide. Derginin bu sayısından itibaren ayrıca sanatçıların görsel dünyalarını oluşturan fotoğraflara, eserlere veya çizimlerine yer verilecek Görsel Notlar adlı bir köşe başlıyor. Görsel Notlar’ın ilk konuğu sanatçı Nalan Yırtmaç.   Her sayıda bir sanatçının okuduklarına, izlediklerine yer veren Ajanda bölümü ise bu sayı sanatçı Meriç Algün’e emanet. </p>

<p>“Sanat Dünyamız” dergisi Temmuz Ağustos sayısı yayımlandı. Derginin iki yılda bir değişen yayın danışmanları bu sayıdan itibaren sanatçı Sena Başöz, yazar, editör İlker Hepkaner, sanat tarihçisi<span class="excerpt-hellip"> […]</span></p>
