{"id":752177,"date":"2025-08-28T05:08:30","date_gmt":"2025-08-28T02:08:30","guid":{"rendered":"https:\/\/roveyayinevi.com.tr\/index.php\/urun\/dahi-messi-ciltli\/"},"modified":"2026-04-16T03:05:34","modified_gmt":"2026-04-16T00:05:34","slug":"dahi-messi-ciltli","status":"publish","type":"product","link":"https:\/\/roveyayinevi.com.tr\/index.php\/urun\/dahi-messi-ciltli\/","title":{"rendered":"Dahi Messi (Ciltli)"},"content":{"rendered":"<p>POSTER, ST\u0130CKER VE FUTBOLCU KARTLARI HED\u0130YEL\u0130 Arjantin\u2019de 8 ya\u015f\u0131mda ba\u015flad\u0131\u011f\u0131m futbol kariyerime d\u00fcnyaca \u00fcnl\u00fc y\u0131ld\u0131z bir futbolcu olarak devam ediyorum. Bu s\u00fcre\u00e7te k\u00fc\u00e7\u00fck d\u00e2hi unvan\u0131n\u0131 almam hi\u00e7 de kolay olmad\u0131. Sonu\u00e7ta bu kadar k\u00fc\u00e7\u00fck bir adam sahada ne kadar devle\u015febilir? Daima neyi istedi\u011fimi ve istemedi\u011fimi iyi biliyorum. Ba\u015farmak istedim ve ne gerekiyorsa yapt\u0131m. En iyisi oldu\u011fumda dahi rahatlamad\u0131m. Zafere doymad\u0131m. \u201cZaten en iyisi benim\u201d demedim. Daha iyisi olmaya \u00e7abalad\u0131m. Her an daha iyisi olmaya devam ediyorum. Sen de ba\u015faracaks\u0131n. \u0130nan, \u00e7al\u0131\u015f ve vazge\u00e7me\u2026 Lionel Messi<\/p>\n","protected":false},"excerpt":{"rendered":"<p>POSTER, ST\u0130CKER VE FUTBOLCU KARTLARI HED\u0130YEL\u0130 Arjantin\u2019de 8 ya\u015f\u0131mda ba\u015flad\u0131\u011f\u0131m futbol kariyerime d\u00fcnyaca \u00fcnl\u00fc y\u0131ld\u0131z bir futbolcu olarak devam ediyorum. Bu s\u00fcre\u00e7te k\u00fc\u00e7\u00fck d\u00e2hi unvan\u0131n\u0131 almam<span class=\"excerpt-hellip\"> [\u2026]<\/span><\/p>\n","protected":false},"featured_media":0,"template":"","meta":{"_monsterinsights_skip_tracking":false,"_monsterinsights_sitenote_active":false,"_monsterinsights_sitenote_note":"","_monsterinsights_sitenote_category":0},"product_brand":[],"product_cat":[12274,12284],"product_tag":[],"class_list":{"0":"post-752177","1":"product","2":"type-product","3":"status-publish","5":"product_cat-cocuk-ve-genclik-kitaplari","6":"product_cat-hikayeler","7":"pa_cilt-ciltli","8":"pa_tur-kitap","9":"pa_yayinevi-dokuz-yayinlari","10":"pa_yazar-diego-roberto","12":"first","13":"instock","14":"sale","15":"shipping-taxable","16":"purchasable","17":"product-type-simple"},"_links":{"self":[{"href":"https:\/\/roveyayinevi.com.tr\/index.php\/wp-json\/wp\/v2\/product\/752177","targetHints":{"allow":["GET"]}}],"collection":[{"href":"https:\/\/roveyayinevi.com.tr\/index.php\/wp-json\/wp\/v2\/product"}],"about":[{"href":"https:\/\/roveyayinevi.com.tr\/index.php\/wp-json\/wp\/v2\/types\/product"}],"wp:attachment":[{"href":"https:\/\/roveyayinevi.com.tr\/index.php\/wp-json\/wp\/v2\/media?parent=752177"}],"wp:term":[{"taxonomy":"product_brand","embeddable":true,"href":"https:\/\/roveyayinevi.com.tr\/index.php\/wp-json\/wp\/v2\/product_brand?post=752177"},{"taxonomy":"product_cat","embeddable":true,"href":"https:\/\/roveyayinevi.com.tr\/index.php\/wp-json\/wp\/v2\/product_cat?post=752177"},{"taxonomy":"product_tag","embeddable":true,"href":"https:\/\/roveyayinevi.com.tr\/index.php\/wp-json\/wp\/v2\/product_tag?post=752177"}],"curies":[{"name":"wp","href":"https:\/\/api.w.org\/{rel}","templated":true}]}}