{"id":752175,"date":"2025-08-28T05:08:27","date_gmt":"2025-08-28T02:08:27","guid":{"rendered":"https:\/\/roveyayinevi.com.tr\/index.php\/urun\/mucize-mustafa-kemal-ataturk\/"},"modified":"2026-04-16T03:05:34","modified_gmt":"2026-04-16T00:05:34","slug":"mucize-mustafa-kemal-ataturk","status":"publish","type":"product","link":"https:\/\/roveyayinevi.com.tr\/index.php\/urun\/mucize-mustafa-kemal-ataturk\/","title":{"rendered":"Mucize Mustafa Kemal Atat\u00fcrk"},"content":{"rendered":"<p>Kerem \u00d6zakman, Mustafa Kemal Atat\u00fcrk&#8217;\u00fcn mucizevi hayat\u0131n\u0131 anlat\u0131yor. Atat\u00fcrk&#8217;\u00fc anlamak ve anlatmak \u00fclkemizin gelece\u011fini garanti alt\u0131na alman\u0131n en \u00f6nemli ko\u015fulu. Bu bak\u0131mdan ona dair do\u011fru bilgi veren ne kadar eser ortaya \u00e7\u0131ksa azd\u0131r. \u00d6\u011frenece\u011fimiz fazladan tek kelime bile hepimize \u00e7ok \u015fey katacakt\u0131r. Okurken \u00e7o\u011funuzun belki de hi\u00e7 bilmedi\u011fi yeni \u015feyler \u00f6\u011freneceksiniz. \u015e\u00fcphesiz hayret ve co\u015fkuyla fark etti\u011fimiz gibi, siz de ayn\u0131 \u015feyi d\u00fc\u015f\u00fcneceksiniz, Ata&#8217;m\u0131z\u0131n bir ad\u0131 daha var: Mucize. <\/p>\n","protected":false},"excerpt":{"rendered":"<p>Kerem \u00d6zakman, Mustafa Kemal Atat\u00fcrk&#8217;\u00fcn mucizevi hayat\u0131n\u0131 anlat\u0131yor. Atat\u00fcrk&#8217;\u00fc anlamak ve anlatmak \u00fclkemizin gelece\u011fini garanti alt\u0131na alman\u0131n en \u00f6nemli ko\u015fulu. Bu bak\u0131mdan ona dair do\u011fru bilgi<span class=\"excerpt-hellip\"> [\u2026]<\/span><\/p>\n","protected":false},"featured_media":0,"template":"","meta":{"_monsterinsights_skip_tracking":false,"_monsterinsights_sitenote_active":false,"_monsterinsights_sitenote_note":"","_monsterinsights_sitenote_category":0},"product_brand":[],"product_cat":[13946,12304],"product_tag":[],"class_list":{"0":"post-752175","1":"product","2":"type-product","3":"status-publish","5":"product_cat-biyografi-otobiyografi","6":"product_cat-tarih","7":"pa_cilt-ciltsiz","8":"pa_tur-kitap","9":"pa_yayinevi-bilgi-yayinevi","10":"pa_yazar-kerem-ozakman","12":"first","13":"instock","14":"sale","15":"shipping-taxable","16":"purchasable","17":"product-type-simple"},"_links":{"self":[{"href":"https:\/\/roveyayinevi.com.tr\/index.php\/wp-json\/wp\/v2\/product\/752175","targetHints":{"allow":["GET"]}}],"collection":[{"href":"https:\/\/roveyayinevi.com.tr\/index.php\/wp-json\/wp\/v2\/product"}],"about":[{"href":"https:\/\/roveyayinevi.com.tr\/index.php\/wp-json\/wp\/v2\/types\/product"}],"wp:attachment":[{"href":"https:\/\/roveyayinevi.com.tr\/index.php\/wp-json\/wp\/v2\/media?parent=752175"}],"wp:term":[{"taxonomy":"product_brand","embeddable":true,"href":"https:\/\/roveyayinevi.com.tr\/index.php\/wp-json\/wp\/v2\/product_brand?post=752175"},{"taxonomy":"product_cat","embeddable":true,"href":"https:\/\/roveyayinevi.com.tr\/index.php\/wp-json\/wp\/v2\/product_cat?post=752175"},{"taxonomy":"product_tag","embeddable":true,"href":"https:\/\/roveyayinevi.com.tr\/index.php\/wp-json\/wp\/v2\/product_tag?post=752175"}],"curies":[{"name":"wp","href":"https:\/\/api.w.org\/{rel}","templated":true}]}}